{"id":488,"date":"2019-11-12T11:25:03","date_gmt":"2019-11-12T10:25:03","guid":{"rendered":"https:\/\/us.edu.pl\/wydzial\/wnst\/?page_id=488"},"modified":"2021-03-10T13:05:33","modified_gmt":"2021-03-10T12:05:33","slug":"laboratoria","status":"publish","type":"page","link":"https:\/\/us.edu.pl\/wydzial\/wnst\/badania-naukowe\/laboratoria\/","title":{"rendered":"Laboratoria"},"content":{"rendered":"<p>[vc_row][vc_column]\r\n                <div class=\"text-modules\">\r\n                    <div class=\"container\">\r\n                        <h3 class=\"page-title text__title\">Laboratoria<\/h3>\r\n                        <div class=\"text-modules__content\"><p>Wsparcie procesu kszta\u0142cenia i bada\u0144 naukowych i na Wydziale Nauk \u015acis\u0142ych i Technicznych zapewnia rozwijaj\u0105ca si\u0119 i stale unowocze\u015bniana infrastruktura badawcza. Wydzia\u0142 dysponuje nowoczesnymi laboratoriami badawczymi, w kt\u00f3rych prowadzone s\u0105 badania podstawowe, stosowane, przemys\u0142owe i prace rozwojowe w szerokim spektrum tematycznym. Specjalistyczna aparatura jest r\u00f3wnie\u017c wykorzystywana w ramach wsp\u00f3\u0142pracy naukowej i eksperckiej z instytucjami sektora nauki oraz przedstawicielami otoczenia spo\u0142eczno-gospodarczego. Katalog specjalistycznych laboratori\u00f3w wraz z szczeg\u00f3\u0142owym opisem aparatury , prowadzonych bada\u0144 i danymi kontaktowymi do opiekuna laboratorium mo\u017cna znale\u017a\u0107 na stronach <a href=\"https:\/\/us.edu.pl\/instytut\/ich\/dzialalnosc-naukowa\/aparatura\/\">Instytutu Chemii<\/a>, <a href=\"https:\/\/us.edu.pl\/instytut\/ifiz\/nauka\/laboratoria\/\">Instytutu Fizyki im. A. Che\u0142kowskiego<\/a>, <a href=\"https:\/\/us.edu.pl\/instytut\/iib\/badaniainauka\/laboratoria-naukowo-badawcze-w-instytucie-inzynierii-biomedycznej\/\">Instytutu In\u017cynierii Biomedycznej<\/a> oraz <a href=\"https:\/\/us.edu.pl\/instytut\/iim\/nauka\/laboratoria\/\">Instytutu In\u017cynierii Materia\u0142owej<\/a>.<\/p>\n<p>Dzia\u0142aj\u0105ce w ramach Instytutu In\u017cynierii Materia\u0142owej Laboratorium Mikroskopii Elektronowej, Laboratorium Dyfrakcji Rentgenowskiej oraz Laboratorium Bada\u0144 Korozyjnych wchodz\u0105 w sk\u0142ad <a href=\"https:\/\/us.edu.pl\/instytut\/iim\/laboratoria-akredytowane\/\">Akredytowanego Zespo\u0142u Laboratori\u00f3w Badawczych<\/a>.<\/p>\n<\/div>\r\n                    <\/div>\r\n                <\/div>[\/vc_column][\/vc_row]<\/p>","protected":false},"excerpt":{"rendered":"<p>[vc_row][vc_column][\/vc_column][\/vc_row] [&#8230;]<\/p>\n<p><a class=\"btn btn-secondary understrap-read-more-link\" href=\"https:\/\/us.edu.pl\/wydzial\/wnst\/badania-naukowe\/laboratoria\/\">Read More&#8230;<\/a><\/p>\n","protected":false},"author":99,"featured_media":0,"parent":664,"menu_order":0,"comment_status":"closed","ping_status":"closed","template":"","meta":{"_expiration-date-status":"saved","_expiration-date":0,"_expiration-date-type":"","_expiration-date-categories":[],"_expiration-date-options":[]},"acf":[],"_links":{"self":[{"href":"https:\/\/us.edu.pl\/wydzial\/wnst\/wp-json\/wp\/v2\/pages\/488"}],"collection":[{"href":"https:\/\/us.edu.pl\/wydzial\/wnst\/wp-json\/wp\/v2\/pages"}],"about":[{"href":"https:\/\/us.edu.pl\/wydzial\/wnst\/wp-json\/wp\/v2\/types\/page"}],"author":[{"embeddable":true,"href":"https:\/\/us.edu.pl\/wydzial\/wnst\/wp-json\/wp\/v2\/users\/99"}],"replies":[{"embeddable":true,"href":"https:\/\/us.edu.pl\/wydzial\/wnst\/wp-json\/wp\/v2\/comments?post=488"}],"version-history":[{"count":4,"href":"https:\/\/us.edu.pl\/wydzial\/wnst\/wp-json\/wp\/v2\/pages\/488\/revisions"}],"predecessor-version":[{"id":10145,"href":"https:\/\/us.edu.pl\/wydzial\/wnst\/wp-json\/wp\/v2\/pages\/488\/revisions\/10145"}],"up":[{"embeddable":true,"href":"https:\/\/us.edu.pl\/wydzial\/wnst\/wp-json\/wp\/v2\/pages\/664"}],"wp:attachment":[{"href":"https:\/\/us.edu.pl\/wydzial\/wnst\/wp-json\/wp\/v2\/media?parent=488"}],"curies":[{"name":"wp","href":"https:\/\/api.w.org\/{rel}","templated":true}]}}