{"id":644,"date":"2019-11-14T13:06:05","date_gmt":"2019-11-14T12:06:05","guid":{"rendered":"https:\/\/us.edu.pl\/wydzial\/wnst\/?page_id=644"},"modified":"2026-04-08T09:10:09","modified_gmt":"2026-04-08T07:10:09","slug":"opiekunowie-lat","status":"publish","type":"page","link":"https:\/\/us.edu.pl\/wydzial\/wnst\/studia\/opiekunowie-lat\/","title":{"rendered":"opiekunowie lat"},"content":{"rendered":"<p>[vc_row][vc_column]\r\n                <div class=\"text-modules\">\r\n                    <div class=\"container\">\r\n                        \r\n                        <div class=\"text-modules__content\"><\/p>\n<h3 style=\"text-align: center;\"><strong><span style=\"color: #002e5a;\">Informacja o opiekunach lat w roku akademickim 2025\/2026<\/span><\/strong><\/h3>\n<p>\n<\/div>\r\n                    <\/div>\r\n                <\/div>[\/vc_column][\/vc_row][vc_row content_placement=&#8221;top&#8221; parallax=&#8221;content-moving&#8221; el_class=&#8221;container&#8221;][vc_column width=&#8221;2\/3&#8243;][vc_tta_tabs color=&#8221;blue&#8221; active_section=&#8221;1&#8243;][vc_tta_section title=&#8221;biofizyka&#8221; tab_id=&#8221;1601458409868-e6486421-3fad&#8221;]\r\n                <div class=\"text-modules\">\r\n                    <div class=\"container\">\r\n                        \r\n                        <div class=\"text-modules__content\"><p><strong>Studia I stopnia<\/strong><\/p>\n<ul>\n<li>I rok stacjonarne &#8211; brak naboru<\/li>\n<li>II rok stacjonarne <a href=\"https:\/\/ab.us.edu.pl\/emp?id=54043\">dr hab. Magdalena Tarnacka, prof. U\u015a<\/a><\/li>\n<li>III rok stacjonarne <a href=\"https:\/\/ab.us.edu.pl\/emp?id=55823\">dr hab. Justyna Knapik-Kowalczuk, prof. U\u015a<\/a><\/li>\n<li>IV rok stacjonarne <a href=\"https:\/\/ab.us.edu.pl\/emp?id=62503\">dr Dorota Zygad\u0142o<\/a><\/li>\n<\/ul>\n<p><strong>Studia II stopnia<\/strong><\/p>\n<ul>\n<li style=\"list-style-type: none;\">\n<ul>\n<li>I rok stacjonarne &#8211; brak naboru<\/li>\n<li>II rok stacjonarne <a href=\"https:\/\/ab.us.edu.pl\/emp?id=62503\">dr Dorota Zygad\u0142o<\/a><\/li>\n<\/ul>\n<\/li>\n<\/ul>\n<p>\n<\/div>\r\n                    <\/div>\r\n                <\/div>[\/vc_tta_section][vc_tta_section title=&#8221;chemia&#8221; tab_id=&#8221;1601457472182-45ada948-de90&#8243;]\r\n                <div class=\"text-modules\">\r\n                    <div class=\"container\">\r\n                        \r\n                        <div class=\"text-modules__content\"><p><strong>Studia I stopnia<\/strong><\/p>\n<ul>\n<li>I rok stacjonarne <a href=\"https:\/\/ab.us.edu.pl\/emp?id=47071\">dr Magdalena Kna\u015b<\/a><\/li>\n<li>II rok stacjonarne <a href=\"https:\/\/ab.us.edu.pl\/emp?id=PE165042\">dr Marcin Musielak<\/a><\/li>\n<li>III rok stacjonarne <a href=\"https:\/\/ab.us.edu.pl\/emp?id=50122\">dr Joanna Orze\u0142<\/a><\/li>\n<\/ul>\n<p><strong>Studia II stopnia<\/strong><\/p>\n<ul>\n<li style=\"list-style-type: none;\">\n<ul>\n<li>I rok stacjonarne\u00a0<a href=\"https:\/\/ab.us.edu.pl\/emp?id=57663\">dr Joanna-Palion-Gazda<\/a><\/li>\n<li>II rok stacjonarne <a href=\"https:\/\/ab.us.edu.pl\/emp?id=52703\">dr Wioleta Cie\u015blik<\/a><\/li>\n<\/ul>\n<\/li>\n<\/ul>\n<p>\n<\/div>\r\n                    <\/div>\r\n                <\/div>[\/vc_tta_section][vc_tta_section title=&#8221;data science i sztuczna inteligencja&#8221; tab_id=&#8221;1759152617807-11b70712-b68f&#8221;]\r\n                <div class=\"text-modules\">\r\n                    <div class=\"container\">\r\n                        \r\n                        <div class=\"text-modules__content\"><p><strong>Studia I stopnia<\/strong><\/p>\n<ul>\n<li>I rok stacjonarne <a href=\"https:\/\/ab.us.edu.pl\/emp?id=2752\">dr Pawe\u0142 B\u0142aszczyk<\/a><\/li>\n<\/ul>\n<p>\n<\/div>\r\n                    <\/div>\r\n                <\/div>[\/vc_tta_section][vc_tta_section title=&#8221;fizyka&#8221; tab_id=&#8221;1601458410341-1c3379e0-6700&#8243;]\r\n                <div class=\"text-modules\">\r\n                    <div class=\"container\">\r\n                        \r\n                        <div class=\"text-modules__content\"><p><strong>Studia I stopnia<\/strong><\/p>\n<ul>\n<li style=\"list-style-type: none;\">\n<ul>\n<li>I rok stacjonarne <a href=\"https:\/\/ab.us.edu.pl\/emp?id=42921\">dr Marcin Kurpas<\/a><\/li>\n<li>II rok stacjonarne <a href=\"https:\/\/ab.us.edu.pl\/emp?id=27402\">dr Magdalena Szubka<\/a><\/li>\n<li>III rok stacjonarne <a href=\"https:\/\/ab.us.edu.pl\/emp?id=38401\">dr hab. Iwona Lazar, prof. U\u015a<\/a><\/li>\n<\/ul>\n<\/li>\n<\/ul>\n<p>&nbsp;<\/p>\n<p><strong>Studia II stopnia<\/strong><\/p>\n<ul>\n<li>I rok stacjonarne <a href=\"https:\/\/ab.us.edu.pl\/emp?id=52943\">dr hab. Szymon Pu\u0142awski, prof. U\u015a<\/a><\/li>\n<li>II rok stacjonarne brak naboru<\/li>\n<\/ul>\n<p>\n<\/div>\r\n                    <\/div>\r\n                <\/div>[\/vc_tta_section][vc_tta_section title=&#8221;fizyka medyczna&#8221; tab_id=&#8221;1601458520423-b45a1666-3caf&#8221;]\r\n                <div class=\"text-modules\">\r\n                    <div class=\"container\">\r\n                        \r\n                        <div class=\"text-modules__content\"><p><strong>Studia I stopnia<\/strong><\/p>\n<ul>\n<li>I rok stacjonarne <a href=\"https:\/\/ab.us.edu.pl\/emp?id=62953\">dr in\u017c. Teresa Kasprzyk-Kucewicz<\/a><\/li>\n<li>II rok stacjonarne <a href=\"https:\/\/ab.us.edu.pl\/emp?id=62853\">dr in\u017c. Klaudia Duch<\/a><\/li>\n<li>III rok stacjonarne <a href=\"https:\/\/ab.us.edu.pl\/emp?id=60933\">dr in\u017c. Anna Szeremeta<\/a><\/li>\n<li>IV rok stacjonarne <a href=\"https:\/\/ab.us.edu.pl\/emp?id=27502\">dr Agnieszka Szurko, prof. U\u015a<\/a><\/li>\n<\/ul>\n<p><strong>Studia II stopnia<\/strong><\/p>\n<ul>\n<li>I rok stacjonarne (od sem. letniego 2025\/2026) brak naboru<\/li>\n<li>II rok stacjonarne (od sem. letniego 2024\/2025) <a href=\"https:\/\/ab.us.edu.pl\/emp?id=3082\">prof. dr hab. Armand Cholewka<\/a><\/li>\n<\/ul>\n<p>\n<\/div>\r\n                    <\/div>\r\n                <\/div>[\/vc_tta_section][vc_tta_section title=&#8221;informatyka&#8221; tab_id=&#8221;1601458576028-c0ce3729-c356&#8243;]\r\n                <div class=\"text-modules\">\r\n                    <div class=\"container\">\r\n                        \r\n                        <div class=\"text-modules__content\"><p><strong>Studia I stopnia &#8211; stacjonarne<br \/>\n<\/strong><\/p>\n<ul>\n<li style=\"list-style-type: none;\">\n<ul>\n<li>I rok <a href=\"https:\/\/ab.us.edu.pl\/emp?id=14082\">dr in\u017c. Przemys\u0142aw Kud\u0142acik<\/a>, <a href=\"https:\/\/ab.us.edu.pl\/emp?id=49502\">mgr Marcin Lewandowski<\/a><\/li>\n<li>II rok <a href=\"https:\/\/ab.us.edu.pl\/emp?id=15962\">dr Ewa Magiera<\/a>, <a href=\"https:\/\/ab.us.edu.pl\/emp?id=46971\">mgr in\u017c. Arkadiusz Nowakowski<\/a><\/li>\n<li>III rok <a href=\"https:\/\/ab.us.edu.pl\/emp?id=20452\">dr Piotr Paszek<\/a> i <a href=\"https:\/\/ab.us.edu.pl\/emp?id=60563\">dr Jaros\u0142aw Utracki<\/a><\/li>\n<li>IV rok <a href=\"https:\/\/ab.us.edu.pl\/emp?id=48372\">dr Ireneusz Go\u015bciniak<\/a> oraz <a href=\"https:\/\/ab.us.edu.pl\/emp?id=24892\">dr Rafa\u0142 Skinderowicz<\/a><\/li>\n<\/ul>\n<\/li>\n<\/ul>\n<p>&nbsp;<\/p>\n<p><strong>Studia II stopnia &#8211; stacjonarne<br \/>\n<\/strong><\/p>\n<ul>\n<li style=\"list-style-type: none;\">\n<ul>\n<li>I rok (od sem. letniego2025\/2026) <a href=\"https:\/\/ab.us.edu.pl\/emp?id=16672\">dr Barbara Marsza\u0142-Paszek<\/a><\/li>\n<li>I rok (od sem. letniego2025\/2026) computer science &#8211; brak naboru<\/li>\n<li>II rok (od sem. letniego2024\/2025) <a href=\"https:\/\/ab.us.edu.pl\/emp?id=51192\" target=\"_blank\" rel=\"noopener\">dr Tomasz Xi\u0119ski<\/a><\/li>\n<li>II rok (od sem. letniego2024\/2025) computer science <a href=\"https:\/\/ab.us.edu.pl\/emp?id=29802\" target=\"_blank\" rel=\"noopener\">dr in\u017c Tomasz Weso\u0142owski<\/a><\/li>\n<\/ul>\n<\/li>\n<\/ul>\n<p>&nbsp;<\/p>\n<p><strong>Studia I stopnia &#8211; niestacjonarne<\/strong><\/p>\n<ul>\n<li style=\"list-style-type: none;\">\n<ul>\n<li>I rok <a href=\"https:\/\/ab.us.edu.pl\/emp?id=57203\">dr Grzegorz Machnik<\/a><\/li>\n<li>II rok <a href=\"https:\/\/ab.us.edu.pl\/emp?id=60403\">dr Krzysztof Wr\u00f3bel<\/a><\/li>\n<li>III rok <a href=\"lukasz.strak@us.edu.pl\">dr \u0141ukasz Str\u0105k<\/a><\/li>\n<li>IV rok <a href=\"https:\/\/ab.us.edu.pl\/emp?id=36531\">dr Mi\u0142os\u0142aw Chodacki<\/a><\/li>\n<\/ul>\n<\/li>\n<\/ul>\n<p>&nbsp;<\/p>\n<p><strong>Studia II stopnia &#8211; niestacjonarne<br \/>\n<\/strong><\/p>\n<ul>\n<li style=\"list-style-type: none;\">\n<ul>\n<li>I rok &#8211; brak naboru<\/li>\n<li>II rok\u00a0<a href=\"https:\/\/ab.us.edu.pl\/emp?id=16672\">dr Barbara Marsza\u0142-Paszek<\/a><\/li>\n<li>I rok (od sem. letniego 2025\/2026) <a href=\"https:\/\/ab.us.edu.pl\/emp?id=16672\">dr Barbara Marsza\u0142-Paszek<\/a><\/li>\n<li>II rok (od sem. letniego 2024\/2025) <a href=\"https:\/\/ab.us.edu.pl\/emp?id=24032\" target=\"_blank\" rel=\"noopener\">mgr Arkadiusz Sacewicz<\/a><\/li>\n<\/ul>\n<\/li>\n<\/ul>\n<p>\n<\/div>\r\n                    <\/div>\r\n                <\/div>[\/vc_tta_section][vc_tta_section title=&#8221;informatyka stosowana&#8221; tab_id=&#8221;1601458409299-fe8eec47-7bb0&#8243;]\r\n                <div class=\"text-modules\">\r\n                    <div class=\"container\">\r\n                        \r\n                        <div class=\"text-modules__content\"><p><strong>Studia I stopnia<\/strong><\/p>\n<ul>\n<li style=\"list-style-type: none;\">\n<ul>\n<li>I rok stacjonarne <a href=\"https:\/\/ab.us.edu.pl\/emp?id=62413\">dr Paulina Trybek<\/a><\/li>\n<li>II rok stacjonarne <a href=\"https:\/\/ab.us.edu.pl\/emp?id=4292\">dr hab. Zbigniew Dendzik, prof. U\u015a<\/a><\/li>\n<li>III rok stacjonarne <a href=\"https:\/\/ab.us.edu.pl\/emp?id=5672\">dr Marcin Fija\u0142kowski<\/a><\/li>\n<li>IV rok stacjonarne <a href=\"https:\/\/ab.us.edu.pl\/emp?id=35971\">dr Przemys\u0142aw Raczy\u0144ski<\/a><\/li>\n<\/ul>\n<\/li>\n<\/ul>\n<p>\n<\/div>\r\n                    <\/div>\r\n                <\/div>[\/vc_tta_section][vc_tta_section title=&#8221;in\u017cynieria biomedyczna&#8221; tab_id=&#8221;1601458519465-cbc0fd13-5a7d&#8221;]\r\n                <div class=\"text-modules\">\r\n                    <div class=\"container\">\r\n                        \r\n                        <div class=\"text-modules__content\"><p><strong>Studia I stopnia<\/strong><\/p>\n<ul>\n<li style=\"list-style-type: none;\">\n<ul>\n<li>I rok stacjonarne <a href=\"https:\/\/ab.us.edu.pl\/emp?id=54503\">dr in\u017c. \u017baneta Garczyk-Munda\u0142a<\/a><\/li>\n<li>II rok stacjonarne <a href=\"https:\/\/ab.us.edu.pl\/emp?id=52282\">dr in\u017c. Szymon Sikorski<\/a><\/li>\n<li>III rok stacjonarne <a href=\"https:\/\/ab.us.edu.pl\/emp?id=52803\">dr in\u017c. Magdalena J\u0119dzierowska<\/a><\/li>\n<li>IV rok stacjonarne <a href=\"https:\/\/ab.us.edu.pl\/emp?id=44021\">dr Mariusz Marzec<\/a><\/li>\n<\/ul>\n<\/li>\n<\/ul>\n<p>&nbsp;<\/p>\n<p><strong>Studia II stopnia<\/strong><\/p>\n<ul>\n<li style=\"list-style-type: none;\">\n<ul>\n<li>I rok stacjonarne (od sem. letniego 2025\/2026) <a href=\"https:\/\/ab.us.edu.pl\/emp?id=44021\">dr Mariusz Marzec<\/a><\/li>\n<li>II rok stacjonarne (od sem. letniego 2024\/2025) <a href=\"https:\/\/ab.us.edu.pl\/emp?id=4842\" target=\"_blank\" rel=\"noopener\">dr in\u017c. Piotr Duda<\/a><\/li>\n<\/ul>\n<\/li>\n<\/ul>\n<p>\n<\/div>\r\n                    <\/div>\r\n                <\/div>[\/vc_tta_section][vc_tta_section title=&#8221;in\u017cynieria materia\u0142owa&#8221; tab_id=&#8221;1601458410821-b99a8a06-2701&#8243;]\r\n                <div class=\"text-modules\">\r\n                    <div class=\"container\">\r\n                        \r\n                        <div class=\"text-modules__content\"><p><strong>Studia I stopnia<\/strong><\/p>\n<ul>\n<li>I rok stacjonarne <a href=\"https:\/\/ab.us.edu.pl\/emp?id=20282\">dr Joanna Panek<\/a><\/li>\n<li>II rok stacjonarne <a href=\"https:\/\/ab.us.edu.pl\/emp?id=62973\">dr in\u017c. Edyta Matyja<\/a><\/li>\n<li>III rok stacjonarne <a href=\"https:\/\/ab.us.edu.pl\/emp?id=56443\">dr in\u017c. Izabela Matu\u0142a<\/a><\/li>\n<li>IV rok stacjonarne <a href=\"https:\/\/ab.us.edu.pl\/emp?id=40581\">dr Maciej Zubko, prof. U\u015a<\/a><\/li>\n<\/ul>\n<p><strong>Studia II stopnia<\/strong><\/p>\n<ul>\n<li>I rok stacjonarne (od sem. letniego 2025\/2026) brak naboru<\/li>\n<\/ul>\n<p>\n<\/div>\r\n                    <\/div>\r\n                <\/div>[\/vc_tta_section][vc_tta_section title=&#8221;kontrola jako\u015bci materia\u0142\u00f3w i wyrob\u00f3w&#8221; tab_id=&#8221;1775567461185-4508bdfd-6dd7&#8243;]\r\n                <div class=\"text-modules\">\r\n                    <div class=\"container\">\r\n                        \r\n                        <div class=\"text-modules__content\"><p><strong>Studia II stopnia<\/strong><\/p>\n<ul>\n<li style=\"list-style-type: none;\">\n<ul>\n<li>I rok stacjonarne (od sem. letniego2025\/2026) <a href=\"https:\/\/ab.us.edu.pl\/emp?id=PE252580\">dr in\u017c. Karolina Kowalczyk-Skoczylas<\/a><\/li>\n<\/ul>\n<\/li>\n<\/ul>\n<p>\n<\/div>\r\n                    <\/div>\r\n                <\/div>[\/vc_tta_section][vc_tta_section title=&#8221;matematyka&#8221; tab_id=&#8221;1601457472168-5f9a0617-2de4&#8243;]\r\n                <div class=\"text-modules\">\r\n                    <div class=\"container\">\r\n                        \r\n                        <div class=\"text-modules__content\"><p><strong>Studia I stopnia<\/strong><\/p>\n<ul>\n<li>I rok stacjonarne <a href=\"https:\/\/ab.us.edu.pl\/emp?id=23492\">dr Beata Rothkegel<\/a><\/li>\n<li>II rok stacjonarne <a href=\"https:\/\/ab.us.edu.pl\/emp?id=51512\">dr Anna Glenszczyk<\/a><\/li>\n<li>III rok stacjonarne <a href=\"https:\/\/ab.us.edu.pl\/emp?id=10552\">dr Maria Kania-B\u0142aszczyk<\/a> <a href=\"https:\/\/ab.us.edu.pl\/emp?id=54983\">dr Marta Nowakowska\u00a0<\/a><\/li>\n<\/ul>\n<p><strong>Studia II stopnia<\/strong><\/p>\n<ul>\n<li style=\"list-style-type: none;\">\n<ul>\n<li>I rok stacjonarne <a href=\"https:\/\/ab.us.edu.pl\/emp?id=54983\">dr Marta Nowakowska\u00a0<\/a><\/li>\n<li>II rok stacjonarne <a href=\"https:\/\/ab.us.edu.pl\/emp?id=2162\">dr Anna Brzeska<\/a><\/li>\n<\/ul>\n<\/li>\n<\/ul>\n<p>\n<\/div>\r\n                    <\/div>\r\n                <\/div>[\/vc_tta_section][vc_tta_section title=&#8221;mechatronika&#8221; tab_id=&#8221;1601459274770-2c324833-3120&#8243;]\r\n                <div class=\"text-modules\">\r\n                    <div class=\"container\">\r\n                        \r\n                        <div class=\"text-modules__content\"><p><strong>Studia I stopnia<\/strong><\/p>\n<ul>\n<li style=\"list-style-type: none;\">\n<ul>\n<li>I rok stacjonarne <a href=\"https:\/\/ab.us.edu.pl\/emp?id=46681\">dr Jolanta Makowska, prof. U\u015a<\/a><\/li>\n<li>II rok stacjonarne <a href=\"https:\/\/ab.us.edu.pl\/emp?id=57273\">dr in\u017c. Mateusz Nied\u017awied\u017a<\/a><\/li>\n<li>III rok stacjonarne <a href=\"https:\/\/ab.us.edu.pl\/emp?id=22752\">dr Ma\u0142gorzata P\u0142o\u0144ska<\/a><\/li>\n<li>IV rok stacjonarne <a href=\"joanna.korzekwa@us.edu.pl\">dr hab. Joanna Korzekwa, prof. U\u015a<\/a><\/li>\n<\/ul>\n<\/li>\n<\/ul>\n<p>&nbsp;<\/p>\n<p><strong>Studia II stopnia<\/strong><\/p>\n<ul>\n<li style=\"list-style-type: none;\">\n<ul>\n<li>I\u00a0rok (od sem. letniego 2025\/2026) <a href=\"joanna.korzekwa@us.edu.pl\">dr hab. Joanna Korzekwa, prof. U\u015a<\/a><\/li>\n<li>II rok (od sem. letniego 2024\/2025) <a href=\"https:\/\/ab.us.edu.pl\/emp?id=742\" target=\"_blank\" rel=\"noopener\">dr Marek Bara<\/a><\/li>\n<\/ul>\n<\/li>\n<\/ul>\n<p>\n<\/div>\r\n                    <\/div>\r\n                <\/div>[\/vc_tta_section][vc_tta_section title=&#8221;mikro i nanotechnologia&#8221; tab_id=&#8221;1601458519977-4cc8bb49-be70&#8243;]\r\n                <div class=\"text-modules\">\r\n                    <div class=\"container\">\r\n                        \r\n                        <div class=\"text-modules__content\"><p><strong>Studia II stopnia<\/strong><\/p>\n<ul>\n<li>I rok &#8211; nab\u00f3r w sem. letnim 2024\/2025 <a href=\"https:\/\/ab.us.edu.pl\/emp?id=5672\">dr Marcin Fija\u0142kowski<\/a><br \/>\nII rok &#8211; brak naboru<\/li>\n<\/ul>\n<p>\n<\/div>\r\n                    <\/div>\r\n                <\/div>[\/vc_tta_section][vc_tta_section title=&#8221;technologia chemiczna&#8221; tab_id=&#8221;1601458411451-cc0f1e3d-2eca&#8221;]\r\n                <div class=\"text-modules\">\r\n                    <div class=\"container\">\r\n                        \r\n                        <div class=\"text-modules__content\"><p><strong>Studia I stopnia<\/strong><\/p>\n<ul>\n<li>I rok stacjonarne <a href=\"https:\/\/ab.us.edu.pl\/emp?id=47071\">dr Magdalena Kna\u015b<\/a><\/li>\n<li>II rok stacjonarne <a href=\"https:\/\/ab.us.edu.pl\/emp?id=PE165042\">dr Marcin Musielak<\/a><\/li>\n<li>III rok stacjonarne <a href=\"https:\/\/ab.us.edu.pl\/emp?id=50122\">dr Joanna Orze\u0142<\/a><\/li>\n<li>IV rok stacjonarne <a href=\"https:\/\/ab.us.edu.pl\/emp?id=57663\">dr Joanna Palion-Gazda<\/a><\/li>\n<\/ul>\n<p>\n<\/div>\r\n                    <\/div>\r\n                <\/div>[\/vc_tta_section][\/vc_tta_tabs][\/vc_column][vc_column width=&#8221;1\/3&#8243;][vc_wp_text title=&#8221;Obowi\u0105zki opiekuna roku&#8221;]Na podstawie \u00a7 14 Regulaminu Studi\u00f3w w Uniwersytecie \u015al\u0105skim w Katowicach Dziekan powo\u0142uje opiekun\u00f3w roku i powierza im nast\u0119puj\u0105ce obowi\u0105zki:<\/p>\n<ul>\n<li>organizowanie i uczestnictwo w spotkaniach ze studentami,<\/li>\n<li>udzielanie pomocy i rady studentom w sprawach zwi\u0105zanych z odbywaniem studi\u00f3w,<\/li>\n<li>przeprowadzenie na pocz\u0105tku nowego roku akademickiego wyboru starosty roku,<\/li>\n<li>podzia\u0142 student\u00f3w na grupy zaj\u0119ciowe,<\/li>\n<li>utrzymywanie sta\u0142ego kontaktu ze studentami, a tak\u017ce w\u0142adzami Wydzia\u0142u, ustalenie wraz ze starost\u0105 formy informowania student\u00f3w w sytuacjach nag\u0142ych (np. stworzenie skrzynki poczty elektronicznej, do kt\u00f3rej dost\u0119p maj\u0105 wszyscy studenci),<\/li>\n<li>wyra\u017canie opinii student\u00f3w i mediacja w kwestiach spornych pomi\u0119dzy studentami a nauczycielami akademickimi,<\/li>\n<li>informowanie student\u00f3w o mo\u017cliwo\u015bciach podj\u0119cia dalszego kszta\u0142cenia, odbywania sta\u017cy, w tym w ramach programu Erasmus, dzia\u0142aniu k\u00f3\u0142 naukowych, brania aktywnego udzia\u0142u w gremiach decyzyjnych itp.,<\/li>\n<li>obecno\u015b\u0107 na spotkaniach roboczych opiekun\u00f3w student\u00f3w,<\/li>\n<li>w przypadku d\u0142u\u017cszej nieobecno\u015bci przekazanie obowi\u0105zk\u00f3w opiekuna osobie wskazanej przez w\u0142adze Wydzia\u0142u.<\/li>\n<\/ul>\n<p><a href=\"https:\/\/us.edu.pl\/wydzial\/wnst\/wp-content\/uploads\/sites\/18\/Dokumenty-zalaczniki\/Zadania-opiekuna-roku-2022.pdf\" class=\"mtli_attachment mtli_pdf\" data-mtli=\"mtli_filesize270,64kB\">Wykaz obowi\u0105zk\u00f3w opiekuna roku<\/a>[\/vc_wp_text][\/vc_column][\/vc_row]<\/p>\n<style type=\"text\/css\">a[data-mtli~=\"mtli_filesize270,64kB\"]:after {content:\" (270,64 kB)\"}<\/style>","protected":false},"excerpt":{"rendered":"<p>[vc_row][vc_column][\/vc_column][\/vc_row][vc_row content_placement=&#8221;top&#8221; parallax=&#8221;content-moving&#8221; el_class=&#8221;container&#8221;][vc_column width=&#8221;2\/3&#8243;][vc_tta_tabs color=&#8221;blue&#8221; active_section=&#8221;1&#8243;][vc_tta_section title=&#8221;biofizyka&#8221; tab_id=&#8221;1601458409868-e6486421-3fad&#8221;][\/vc_tta_section][vc_tta_section title=&#8221;chemia&#8221; tab_id=&#8221;1601457472182-45ada948-de90&#8243;][\/vc_tta_section][vc_tta_section title=&#8221;data science i sztuczna inteligencja&#8221; tab_id=&#8221;1759152617807-11b70712-b68f&#8221;][\/vc_tta_section][vc_tta_section title=&#8221;fizyka&#8221; tab_id=&#8221;1601458410341-1c3379e0-6700&#8243;][\/vc_tta_section][vc_tta_section title=&#8221;fizyka medyczna&#8221; tab_id=&#8221;1601458520423-b45a1666-3caf&#8221;][\/vc_tta_section][vc_tta_section title=&#8221;informatyka&#8221; tab_id=&#8221;1601458576028-c0ce3729-c356&#8243;][\/vc_tta_section][vc_tta_section title=&#8221;informatyka stosowana&#8221; tab_id=&#8221;1601458409299-fe8eec47-7bb0&#8243;][\/vc_tta_section][vc_tta_section title=&#8221;in\u017cynieria biomedyczna&#8221; tab_id=&#8221;1601458519465-cbc0fd13-5a7d&#8221;][\/vc_tta_section][vc_tta_section title=&#8221;in\u017cynieria materia\u0142owa&#8221; tab_id=&#8221;1601458410821-b99a8a06-2701&#8243;][\/vc_tta_section][vc_tta_section title=&#8221;kontrola jako\u015bci materia\u0142\u00f3w i wyrob\u00f3w&#8221; tab_id=&#8221;1775567461185-4508bdfd-6dd7&#8243;][\/vc_tta_section][vc_tta_section title=&#8221;matematyka&#8221; tab_id=&#8221;1601457472168-5f9a0617-2de4&#8243;][\/vc_tta_section][vc_tta_section title=&#8221;mechatronika&#8221; tab_id=&#8221;1601459274770-2c324833-3120&#8243;][\/vc_tta_section][vc_tta_section title=&#8221;mikro i nanotechnologia&#8221; tab_id=&#8221;1601458519977-4cc8bb49-be70&#8243;][\/vc_tta_section][vc_tta_section title=&#8221;technologia chemiczna&#8221; tab_id=&#8221;1601458411451-cc0f1e3d-2eca&#8221;][\/vc_tta_section][\/vc_tta_tabs][\/vc_column][vc_column width=&#8221;1\/3&#8243;][vc_wp_text title=&#8221;Obowi\u0105zki opiekuna roku&#8221;]Na podstawie [&#8230;]<\/p>\n<p><a class=\"btn btn-secondary understrap-read-more-link\" href=\"https:\/\/us.edu.pl\/wydzial\/wnst\/studia\/opiekunowie-lat\/\">Read More&#8230;<\/a><\/p>\n","protected":false},"author":99,"featured_media":0,"parent":538,"menu_order":0,"comment_status":"closed","ping_status":"closed","template":"","meta":{"_expiration-date-status":"saved","_expiration-date":0,"_expiration-date-type":"","_expiration-date-categories":[],"_expiration-date-options":[]},"acf":[],"_links":{"self":[{"href":"https:\/\/us.edu.pl\/wydzial\/wnst\/wp-json\/wp\/v2\/pages\/644"}],"collection":[{"href":"https:\/\/us.edu.pl\/wydzial\/wnst\/wp-json\/wp\/v2\/pages"}],"about":[{"href":"https:\/\/us.edu.pl\/wydzial\/wnst\/wp-json\/wp\/v2\/types\/page"}],"author":[{"embeddable":true,"href":"https:\/\/us.edu.pl\/wydzial\/wnst\/wp-json\/wp\/v2\/users\/99"}],"replies":[{"embeddable":true,"href":"https:\/\/us.edu.pl\/wydzial\/wnst\/wp-json\/wp\/v2\/comments?post=644"}],"version-history":[{"count":10,"href":"https:\/\/us.edu.pl\/wydzial\/wnst\/wp-json\/wp\/v2\/pages\/644\/revisions"}],"predecessor-version":[{"id":204961,"href":"https:\/\/us.edu.pl\/wydzial\/wnst\/wp-json\/wp\/v2\/pages\/644\/revisions\/204961"}],"up":[{"embeddable":true,"href":"https:\/\/us.edu.pl\/wydzial\/wnst\/wp-json\/wp\/v2\/pages\/538"}],"wp:attachment":[{"href":"https:\/\/us.edu.pl\/wydzial\/wnst\/wp-json\/wp\/v2\/media?parent=644"}],"curies":[{"name":"wp","href":"https:\/\/api.w.org\/{rel}","templated":true}]}}