{"id":656,"date":"2019-11-14T13:15:17","date_gmt":"2019-11-14T12:15:17","guid":{"rendered":"https:\/\/us.edu.pl\/wydzial\/wnst\/?page_id=656"},"modified":"2020-07-21T18:48:18","modified_gmt":"2020-07-21T16:48:18","slug":"doktorant","status":"publish","type":"page","link":"https:\/\/us.edu.pl\/wydzial\/wnst\/studia\/doktorant\/","title":{"rendered":"Doktorant"},"content":{"rendered":"<p><\/p>\n<p>[vc_row][vc_column]\r\n\r\n            <div class=\"blocks\" style=\"text-align: \">\r\n               <div class=\"container\">\r\n                  \r\n                  <div class=\"row m-0 blocks_3\">\r\n                  \r\n                     <a href=\"https:\/\/us.edu.pl\/szkola-doktorska\/\" class=\"thumbnail blocks__item\" style=\"background-image: url(https:\/\/us.edu.pl\/wydzial\/wnst\/wp-content\/uploads\/sites\/18\/Nieprzypisane\/strefa-doktorska-11.jpg)\">\r\n                        <span>wi\u0119cej<\/span>\r\n                        <div class=\"blocks__bottom\">\r\n                        <div class=\"blocks__title\">Szko\u0142a Doktorska w Uniwersytecie \u015al\u0105skim<\/div>\r\n                        \r\n                        <\/div>\r\n                     <\/a>\r\n                  \r\n                     <a href=\"https:\/\/us.edu.pl\/doktorant\/studia-doktoranckie-rozpoczete-przed-1-pazdziernika-2019-r\/nauki-inzynieryjno-techniczne-informatyka-techniczna-i-telekomunikacja-inzynieria-materialowa\/\" class=\"thumbnail blocks__item\" style=\"background-image: url(https:\/\/us.edu.pl\/wydzial\/wnst\/wp-content\/uploads\/sites\/18\/Nieprzypisane\/strefa-doktorska-444.jpg)\">\r\n                        <span>wi\u0119cej<\/span>\r\n                        <div class=\"blocks__bottom\">\r\n                        <div class=\"blocks__title\">Studia doktoranckie rozpocz\u0119te przed 01.10.2019 r.<\/div>\r\n                        <div class=\"blocks__subtitle\">Informatyka, In\u017cynieria materia\u0142owa<\/div>\r\n                        <\/div>\r\n                     <\/a>\r\n                  \r\n                     <a href=\"https:\/\/us.edu.pl\/doktorant\/studia-doktoranckie-rozpoczete-przed-1-pazdziernika-2019-r\/nauki-scisle-i-przyrodnicze-matematyka-nauki-fizyczne-nauki-chemiczne\/\" class=\"thumbnail blocks__item\" style=\"background-image: url(https:\/\/us.edu.pl\/wydzial\/wnst\/wp-content\/uploads\/sites\/18\/Nieprzypisane\/DSC_6328-1024x683.jpg)\">\r\n                        <span>wi\u0119cej<\/span>\r\n                        <div class=\"blocks__bottom\">\r\n                        <div class=\"blocks__title\">Studia doktoranckie rozpocz\u0119te przed 01.10.2019 r.<\/div>\r\n                        <div class=\"blocks__subtitle\">Matematyka, Fizyka, Chemia<\/div>\r\n                        <\/div>\r\n                     <\/a><\/div>     \r\n               <\/div>\r\n            <\/div>[\/vc_column][\/vc_row][vc_row][vc_column width=&#8221;1\/6&#8243;][\/vc_column][vc_column width=&#8221;2\/3&#8243;]\r\n                <div class=\"text-modules \">\r\n                    <div class=\"container\">\r\n                        <h3 class=\"section-title section-title_border-bottom\">Informacje dla doktorant\u00f3w, kt\u00f3rzy rozpocz\u0119li studia przed 01.10.2019 r.<\/h3> \r\n                        <div class=\"row m-0\">\r\n                            <div class=\"text-modules__content\">\r\n                                 \r\n                                <div class=\"mt-3\"><\/div>\r\n                            <\/div>\r\n                            \r\n                            \r\n                        <\/div>\r\n                    <\/div>\r\n                <\/div>[\/vc_column][vc_column width=&#8221;1\/6&#8243;][\/vc_column][\/vc_row][vc_row el_class=&#8221;container&#8221;][vc_column width=&#8221;1\/2&#8243;][vc_column_text]<\/p>\n<h3><strong>Kierownicy studi\u00f3w doktoranckich<\/strong><\/h3>\n<p><strong>dyscyplina: matematyka<br \/>\n<\/strong>dr hab.Marta Tyran-Kami\u0144ska, prof. U\u015a<br \/>\ne-mail: <a href=\"mailto:marta.tyran-kaminska@us.edu.pl\">marta.tyran-kaminska@us.edu.pl<\/a><\/p>\n<p><strong>dyscyplina: nauki fizyczne<\/strong><br \/>\ndr hab. in\u017c. Micha\u0142 Mierzwa, prof. U\u015a<br \/>\ne-mail: <a href=\"mailto:michal.mierzwa@us.edu.pl\">michal.mierzwa@us.edu.pl<\/a><\/p>\n<p><strong>dyscyplina: nauki chemiczne<br \/>\n<\/strong>prof. dr hab. Rafa\u0142 Sitko<br \/>\ne-mail: <a href=\"mailto:rafal.sitko@us.edu.pl\">rafal.sitko@us.edu.pl<\/a><\/p>\n<p><strong>dyscyplina: informatyka<br \/>\n<\/strong>dr hab. in\u017c. Mariusz Boryczka, prof. U\u015a<br \/>\ne-mail: <a href=\"mailto:mariusz.boryczka@us.edu.pl\">mariusz.boryczka@us.edu.pl<\/a><\/p>\n<p><strong>dyscyplina in\u017cynieria materia\u0142owa<br \/>\n<\/strong>dr hab. Marian Kupka, prof. U\u015a<br \/>\ne-mail: <a href=\"mailto:marian.kupka@us.edu.pl\">marian.kupka@us.edu.pl<\/a>[\/vc_column_text][\/vc_column][vc_column width=&#8221;1\/2&#8243;][vc_column_text]<\/p>\n<h3><strong>Sekretariat studi\u00f3w doktoranckich<br \/>\nmatematyka, fizyka, chemia<br \/>\n<\/strong><\/h3>\n<p>mgr Katarzyna Go\u0142aszewska<br \/>\ne-mail: <a href=\"mailto:katarzyna.golaszewska@us.edu.pl\">katarzyna.go\u0142aszewska@us.edu.pl<\/a>[\/vc_column_text][vc_column_text]<\/p>\n<h3><strong>Sekretariat studi\u00f3w doktoranckich<br \/>\ninformatyka, in\u017cynieria materia\u0142owa<br \/>\n<\/strong><\/h3>\n<p>mgr Marta Brysz-Michalska<br \/>\ne-mail: <a href=\"mailto:marta.michalska@us.edu.pl\"> marta.brysz-michalska@us.edu.pl<\/a>[\/vc_column_text][vc_wp_text title=&#8221;Zdalny kontakt z dziekanatem&#8221;]W czasie zawieszenia zaj\u0119\u0107 dydaktycznych sprawy dotychczas realizowane w dziekanacie b\u0119d\u0105 realizowane w trybie elektronicznym oraz za po\u015brednictwem kontaktu telefonicznego.<br \/>\n<em>Wa\u017cne: z uwagi na dokonywane przekierowania na numery kom\u00f3rkowe pracownicy nie maj\u0105 mo\u017cliwo\u015bci oddzwaniania, prosimy o cierpliwe telefonowanie.<\/em><\/p>\n<p>Dziekanaty w podstawowym zakresie prowadz\u0105 dy\u017cury w budynkach dydaktycznych, jednak sugerujemy, \u017ceby wszystkie sprawy najpierw konsultowa\u0107 telefonicznie lub za po\u015brednictwem e-maila, w celu <strong>ca\u0142kowitego ograniczenia obecno\u015bci student\u00f3w na Uczelni<\/strong>. Dla u\u0142atwienia kontaktu zosta\u0142 za\u0142o\u017cony og\u00f3lny adres mailowy: <a href=\"mailto:dziekanat.wnst@us.edu.pl\">dziekanat.wnst@us.edu.pl<\/a>[\/vc_wp_text][\/vc_column][\/vc_row]<\/p>\n<p><\/p>","protected":false},"excerpt":{"rendered":"<p>[vc_row][vc_column][\/vc_column][\/vc_row][vc_row][vc_column width=&#8221;1\/6&#8243;][\/vc_column][vc_column width=&#8221;2\/3&#8243;][\/vc_column][vc_column width=&#8221;1\/6&#8243;][\/vc_column][\/vc_row][vc_row el_class=&#8221;container&#8221;][vc_column width=&#8221;1\/2&#8243;][vc_column_text] Kierownicy studi\u00f3w doktoranckich dyscyplina: matematyka dr hab.Marta Tyran-Kami\u0144ska, prof. U\u015a e-mail: marta.tyran-kaminska@us.edu.pl dyscyplina: nauki fizyczne dr hab. in\u017c. Micha\u0142 Mierzwa, prof. U\u015a e-mail: michal.mierzwa@us.edu.pl dyscyplina: nauki chemiczne prof. dr hab. Rafa\u0142 Sitko e-mail: rafal.sitko@us.edu.pl dyscyplina: informatyka dr hab. in\u017c. Mariusz Boryczka, prof. U\u015a e-mail: mariusz.boryczka@us.edu.pl dyscyplina in\u017cynieria materia\u0142owa dr [&#8230;]<\/p>\n<p><a class=\"btn btn-secondary understrap-read-more-link\" href=\"https:\/\/us.edu.pl\/wydzial\/wnst\/studia\/doktorant\/\">Read More&#8230;<\/a><\/p>\n","protected":false},"author":99,"featured_media":0,"parent":538,"menu_order":0,"comment_status":"closed","ping_status":"closed","template":"","meta":{"_expiration-date-status":"saved","_expiration-date":0,"_expiration-date-type":"","_expiration-date-categories":[],"_expiration-date-options":[]},"acf":[],"_links":{"self":[{"href":"https:\/\/us.edu.pl\/wydzial\/wnst\/wp-json\/wp\/v2\/pages\/656"}],"collection":[{"href":"https:\/\/us.edu.pl\/wydzial\/wnst\/wp-json\/wp\/v2\/pages"}],"about":[{"href":"https:\/\/us.edu.pl\/wydzial\/wnst\/wp-json\/wp\/v2\/types\/page"}],"author":[{"embeddable":true,"href":"https:\/\/us.edu.pl\/wydzial\/wnst\/wp-json\/wp\/v2\/users\/99"}],"replies":[{"embeddable":true,"href":"https:\/\/us.edu.pl\/wydzial\/wnst\/wp-json\/wp\/v2\/comments?post=656"}],"version-history":[{"count":42,"href":"https:\/\/us.edu.pl\/wydzial\/wnst\/wp-json\/wp\/v2\/pages\/656\/revisions"}],"predecessor-version":[{"id":4419,"href":"https:\/\/us.edu.pl\/wydzial\/wnst\/wp-json\/wp\/v2\/pages\/656\/revisions\/4419"}],"up":[{"embeddable":true,"href":"https:\/\/us.edu.pl\/wydzial\/wnst\/wp-json\/wp\/v2\/pages\/538"}],"wp:attachment":[{"href":"https:\/\/us.edu.pl\/wydzial\/wnst\/wp-json\/wp\/v2\/media?parent=656"}],"curies":[{"name":"wp","href":"https:\/\/api.w.org\/{rel}","templated":true}]}}