{"id":668,"date":"2019-11-14T13:21:52","date_gmt":"2019-11-14T12:21:52","guid":{"rendered":"https:\/\/us.edu.pl\/wydzial\/wnst\/?page_id=668"},"modified":"2024-12-02T21:55:14","modified_gmt":"2024-12-02T20:55:14","slug":"kierunki-badan","status":"publish","type":"page","link":"https:\/\/us.edu.pl\/wydzial\/wnst\/badania-naukowe\/kierunki-badan\/","title":{"rendered":"Kierunki bada\u0144"},"content":{"rendered":"<p>[vc_row][vc_column]\r\n                <div class=\"text-modules\">\r\n                    <div class=\"container\">\r\n                        <h3 class=\"page-title text__title\">Kierunki bada\u0144<\/h3>\r\n                        <div class=\"text-modules__content\"><p>Celem dzia\u0142alno\u015bci naukowej Wydzia\u0142u Nauki \u015acis\u0142ych i Technicznych jest poszerzanie wiedzy i tworzenie nowych technologii oraz adaptacja innowacji technologicznych dla potrzeb zr\u00f3wnowa\u017conego rozwoju i szeroko rozumianych potrzeb spo\u0142ecznych.<\/p>\n<p>Badania podstawowe oraz rozw\u00f3j dziedzin istotnych spo\u0142ecznie (nowe technologie) na Wydziale realizowane s\u0105 w sze\u015bciu instytutach: Instytucie Chemii, Instytucie Fizyki im. Augusta Che\u0142kowskiego, Instytucie Informatyki, Instytucie In\u017cynierii Biomedycznej, Instytucie In\u017cynierii Materia\u0142owej, Instytucie Matematyki. W\u015br\u00f3d zainteresowa\u0144 naukowych znajduj\u0105 si\u0119 te zwi\u0105zane z informacj\u0105 (informatyka, inteligencja obliczeniowa i sztuczna, komunikacja, mikroelektronika), zaawansowanymi technologiami (zaawansowane materia\u0142y funkcjonalne i systemy pomiarowe), ochron\u0105 zdrowia (diagnostyka, farmaceutyki, biomateria\u0142y i aparatura wspomagaj\u0105ca leczenie), ochron\u0105 \u015brodowiska (recykling, toksykologia) oraz podstawowymi aspektami danej dyscypliny naukowej (tworzenie nowej wiedzy poprzez odkrywanie nowych praw i zasad przyrodniczych). <a href=\"https:\/\/us.edu.pl\/wydzial\/wnst\/strona-glowna\/struktura\/instytuty-naukowe\/\">Szczeg\u00f3\u0142owy opis obszar\u00f3w badawczych<\/a> zestawiono na stronach poszczeg\u00f3lnych instytut\u00f3w dyscyplinowych.<\/p>\n<p>Inicjatywy naukowe naukowc\u00f3w Wydzia\u0142u obejmuj\u0105 realizacj\u0119 w krajowych i mi\u0119dzynarodowych zespo\u0142ach bada\u0144 teoretycznych, eksperymentalnych i stosowanych za pomoc\u0105 krajowych i mi\u0119dzynarodowych projekt\u00f3w badawczych. Zespo\u0142y badawcze pracuj\u0105ce na Wydziale posiadaj\u0105 szeroka wsp\u00f3\u0142prac\u0119 z jednostkami naukowymi i akademickim oraz przemys\u0142em, tak krajowymi jak i zagranicznymi. Transfer wiedzy i innowacyjnych technologii Wydzia\u0142u uwzgl\u0119dnia m.in. publikacje naukowe (kilkaset rocznie), realizacj\u0119 projekt\u00f3w badawczych (rocznie pozyskiwanych kilkadziesi\u0105t grant\u00f3w) oraz tworzenie przedmiot\u00f3w w\u0142asno\u015bci przemys\u0142owej (liczne patenty na wynalazki).<\/p>\n<p>Dzia\u0142alno\u015b\u0107 naukow\u0105 realizuj\u0105 badacze indywidualni oraz powo\u0142ane zespo\u0142y badawcze. Cz\u0142onkami zespo\u0142\u00f3w badawczych s\u0105 pracownicy instytut\u00f3w, w pracach zespo\u0142u mog\u0105 uczestniczy\u0107 osoby spoza instytutu, dyscypliny i dziedziny nauki, mog\u0105 by\u0107 nimi r\u00f3wnie\u017c studenci, doktoranci oraz osoby spoza Uniwersytetu \u015al\u0105skiego. Katalog indywidualnych badaczy i zespo\u0142\u00f3w badawczych zestawiono dla ka\u017cdego z Instytut\u00f3w: <a href=\"https:\/\/us.edu.pl\/instytut\/ich\/dzialalnosc-naukowa\/zespoly-badawcze\/\">Instytut Chemii<\/a>, <a href=\"https:\/\/us.edu.pl\/instytut\/ifiz\/nauka\/zespoly-badawcze\/\">Instytut Fizyki im. A. Che\u0142kowskiego<\/a>, <a href=\"https:\/\/us.edu.pl\/instytut\/ii\/badania-i-nauka\/grupy-badawcze\/\">Instytut Informatyki<\/a>, <a href=\"https:\/\/us.edu.pl\/instytut\/iib\/strona-glowna\/zespol-badawczy\/\">Instytut In\u017cynierii Biomedycznej<\/a>, <a href=\"https:\/\/us.edu.pl\/instytut\/iim\/nauka\/tematy-badawcze\/\">Instytut In\u017cynierii Materia\u0142owej<\/a>, <a href=\"https:\/\/us.edu.pl\/instytut\/im\/badanie-naukowe\/zespoly-badawcze\/\">Instytut Matematyki<\/a>.<\/p>\n<\/div>\r\n                    <\/div>\r\n                <\/div>[\/vc_column][\/vc_row]<\/p>","protected":false},"excerpt":{"rendered":"<p>[vc_row][vc_column][\/vc_column][\/vc_row] [&#8230;]<\/p>\n<p><a class=\"btn btn-secondary understrap-read-more-link\" href=\"https:\/\/us.edu.pl\/wydzial\/wnst\/badania-naukowe\/kierunki-badan\/\">Read More&#8230;<\/a><\/p>\n","protected":false},"author":99,"featured_media":0,"parent":664,"menu_order":0,"comment_status":"closed","ping_status":"closed","template":"","meta":{"_expiration-date-status":"saved","_expiration-date":0,"_expiration-date-type":"","_expiration-date-categories":[],"_expiration-date-options":[]},"acf":[],"_links":{"self":[{"href":"https:\/\/us.edu.pl\/wydzial\/wnst\/wp-json\/wp\/v2\/pages\/668"}],"collection":[{"href":"https:\/\/us.edu.pl\/wydzial\/wnst\/wp-json\/wp\/v2\/pages"}],"about":[{"href":"https:\/\/us.edu.pl\/wydzial\/wnst\/wp-json\/wp\/v2\/types\/page"}],"author":[{"embeddable":true,"href":"https:\/\/us.edu.pl\/wydzial\/wnst\/wp-json\/wp\/v2\/users\/99"}],"replies":[{"embeddable":true,"href":"https:\/\/us.edu.pl\/wydzial\/wnst\/wp-json\/wp\/v2\/comments?post=668"}],"version-history":[{"count":6,"href":"https:\/\/us.edu.pl\/wydzial\/wnst\/wp-json\/wp\/v2\/pages\/668\/revisions"}],"predecessor-version":[{"id":182821,"href":"https:\/\/us.edu.pl\/wydzial\/wnst\/wp-json\/wp\/v2\/pages\/668\/revisions\/182821"}],"up":[{"embeddable":true,"href":"https:\/\/us.edu.pl\/wydzial\/wnst\/wp-json\/wp\/v2\/pages\/664"}],"wp:attachment":[{"href":"https:\/\/us.edu.pl\/wydzial\/wnst\/wp-json\/wp\/v2\/media?parent=668"}],"curies":[{"name":"wp","href":"https:\/\/api.w.org\/{rel}","templated":true}]}}