{"id":740,"date":"2019-11-14T14:59:25","date_gmt":"2019-11-14T13:59:25","guid":{"rendered":"https:\/\/us.edu.pl\/wydzial\/wnst\/?page_id=740"},"modified":"2021-05-17T14:11:59","modified_gmt":"2021-05-17T12:11:59","slug":"dni-otwarte","status":"publish","type":"page","link":"https:\/\/us.edu.pl\/wydzial\/wnst\/studia\/kandydat\/dni-otwarte\/","title":{"rendered":"Dni otwarte"},"content":{"rendered":"<p>[vc_row][vc_column]\r\n                <div class=\"text-modules\">\r\n                    <div class=\"container\">\r\n                        \r\n                        <div class=\"text-modules__content\"><\/p>\n<h2 style=\"text-align: center\"><span style=\"color: #002e5a\">Dni otwarte 2021<\/span><\/h2>\n<p>\n<\/div>\r\n                    <\/div>\r\n                <\/div>[\/vc_column][\/vc_row][vc_row el_class=&#8221;container&#8221;][vc_column width=&#8221;1\/2&#8243;]\r\n                <div class=\"text-modules\">\r\n                    <div class=\"container\">\r\n                        \r\n                        <div class=\"text-modules__content\"><\/p>\n<h3><span style=\"color: #002e5a\"><img class=\"alignleft wp-image-10735 size-medium\" src=\"https:\/\/us.edu.pl\/wydzial\/wnst\/wp-content\/uploads\/sites\/18\/2021\/04\/Plakat-Og\u00f3lny-1-212x300.jpg\" alt=\"\" width=\"212\" height=\"300\" srcset=\"https:\/\/us.edu.pl\/wydzial\/wnst\/wp-content\/uploads\/sites\/18\/2021\/04\/Plakat-Og\u00f3lny-1-212x300.jpg 212w, https:\/\/us.edu.pl\/wydzial\/wnst\/wp-content\/uploads\/sites\/18\/2021\/04\/Plakat-Og\u00f3lny-1-768x1086.jpg 768w, https:\/\/us.edu.pl\/wydzial\/wnst\/wp-content\/uploads\/sites\/18\/2021\/04\/Plakat-Og\u00f3lny-1-724x1024.jpg 724w, https:\/\/us.edu.pl\/wydzial\/wnst\/wp-content\/uploads\/sites\/18\/2021\/04\/Plakat-Og\u00f3lny-1-406x575.jpg 406w\" sizes=\"(max-width: 212px) 100vw, 212px\" \/> Dzie\u0144 otwarty kierunk\u00f3w in\u017cynierskich &#8211; 21.04.2021<\/span><\/h3>\n<p>21 kwietnia 2021 roku odby\u0142 si\u0119 Dzie\u0144 Otwarty Kierunk\u00f3w In\u017cynierskich. Wydarzenie mia\u0142o charakter online za po\u015brednictwem platformy MS Teams. Sk\u0142ada\u0142o si\u0119 z 20 wyk\u0142ad\u00f3w (w tym 4 miniwyk\u0142ad\u00f3w), podzielonych na 2 r\u00f3wnoleg\u0142e kana\u0142y. Zaprezentowano nast\u0119puj\u0105ce dziedziny:<br \/>\n\u2022 informatyka,<br \/>\n\u2022 in\u017cynieria biomedyczna,<br \/>\n\u2022 in\u017cynieria materia\u0142owa,<br \/>\n\u2022 mechatronika.<\/p>\n<p>Uczestnicy dowiedzieli si\u0119, jak zrobi\u0107 gr\u0119 komputerow\u0105, przyjrzeli bli\u017cej drobnym przedmiotom, kt\u00f3re maj\u0105 ogromne znaczenie oraz stan\u0119li przed wieloma pytaniami nasuwaj\u0105cymi si\u0119, gdy mamy kontakt z nowymi technologiami. W wydarzeniu wzi\u0119li udzia\u0142 uczniowie ostatnich i przedostatnich klas szk\u00f3\u0142 \u015brednich, a tak\u017ce inne zainteresowane osoby.<\/p>\n<p>Zapraszamy do ponownego obejrzenia wyk\u0142ad\u00f3w, kt\u00f3re zosta\u0142y zarejestrowane i dost\u0119pne s\u0105 na kanale Youtube Uniwersytetu \u015al\u0105skiego.<\/p>\n<p><a href=\"https:\/\/us.edu.pl\/wydzial\/wnst\/event\/21-04-21-dzien-otwarty-kierunkow-inzynierskich\/\">Wi\u0119cej o wydarzeniu<\/a><\/p>\n<\/div>\r\n                    <\/div>\r\n                <\/div>[\/vc_column][vc_column width=&#8221;1\/2&#8243;]\r\n                <div class=\"text-modules\">\r\n                    <div class=\"container\">\r\n                        \r\n                        <div class=\"text-modules__content\"><\/p>\n<h3><span style=\"color: #002e5a\"><img class=\"alignleft wp-image-10089 size-medium\" src=\"https:\/\/us.edu.pl\/wydzial\/wnst\/wp-content\/uploads\/sites\/18\/2021\/03\/dzien_otwarty_2021-212x300-212x300.png\" alt=\"\" width=\"212\" height=\"300\" \/> Dzie\u0144 otwarty Instytutu Fizyki &#8211; 15.03.2021<\/span><\/h3>\n<p>W dniu 15 marca 2021 r. odby\u0142 si\u0119 Dzie\u0144 Otwarty Instytutu Fizyki Uniwersytetu \u015al\u0105skiego. Wydarzenie mia\u0142o charakter zdalny na platformie MS Teams. Tematem przewodnim wydarzenia by\u0142a &#8222;<strong>temperatura<\/strong>&#8222;. Uczniowie szk\u00f3\u0142 \u015brednich wys\u0142uchali czterech wyk\u0142ad\u00f3w popularno-naukowych oraz wzi\u0119li udzia\u0142 w 2 warsztatach tematycznych. Opr\u00f3cz tradycyjnych zaj\u0119\u0107 dydaktycznych Instytut Fizyki zorganizowa\u0142 tak\u017ce dwa quizy termodynamiczne.<\/p>\n<p>Dzie\u0144 otwarty odbywa\u0142 si\u0119 r\u00f3wnolegle z obchodami 15. edycji <a href=\"http:\/\/swietopi.us.edu.pl\">\u015awi\u0119ta Liczby Pi<\/a>.<\/p>\n<p>\u0141\u0105cznie w tym dniu by\u0142o z nami ponad 300 uczni\u00f3w ze szk\u00f3\u0142 \u015brednich wojew\u00f3dztwa \u015al\u0105skiego i nie tylko.\u00a0 Spotkanie mia\u0142o na celu przedstawienie korzy\u015bci p\u0142yn\u0105cych ze studiowania na kierunkach <strong>biofizyka<\/strong>, <strong>fizyka<\/strong>, <strong>fizyka medyczna<\/strong>, <strong>mikro i nanotechnologia<\/strong>.<\/p>\n<p><a href=\"https:\/\/us.edu.pl\/instytut\/ifiz\/dzien-otwarty-instytutu-fizyki-2021\/\">Wi\u0119cej o wydarzeniu<\/a><\/p>\n<\/div>\r\n                    <\/div>\r\n                <\/div>[\/vc_column][\/vc_row][vc_row][vc_column]\r\n                <div class=\"text-modules\">\r\n                    <div class=\"container\">\r\n                        \r\n                        <div class=\"text-modules__content\"><\/p>\n<h2 style=\"text-align: center\"><span style=\"color: #002e5a\">Dni otwarte 2020<\/span><\/h2>\n<p>\n<\/div>\r\n                    <\/div>\r\n                <\/div>[\/vc_column][\/vc_row][vc_row el_class=&#8221;container&#8221;][vc_column width=&#8221;1\/3&#8243;]\r\n                <div class=\"text-modules\">\r\n                    <div class=\"container\">\r\n                        \r\n                        <div class=\"text-modules__content\"><\/p>\n<p><iframe loading=\"lazy\" title=\"Wydzia\u0142 Nauk \u015acis\u0142ych i Technicznych\" width=\"640\" height=\"360\" src=\"https:\/\/www.youtube.com\/embed\/BE8ZE5V8XJo?feature=oembed\" frameborder=\"0\" allow=\"accelerometer; autoplay; clipboard-write; encrypted-media; gyroscope; picture-in-picture\" allowfullscreen><\/iframe><\/p>\n<p>\n<\/div>\r\n                    <\/div>\r\n                <\/div>\r\n                <div class=\"text-modules\">\r\n                    <div class=\"container\">\r\n                        \r\n                        <div class=\"text-modules__content\"><\/p>\n<h3><span style=\"color: #002e5a\">Wirtualne Dni Otwarte &#8211; 04.06.2020<\/span><\/h3>\n<p>We wtorek <strong>4 czerwca 2020 r.<\/strong> odby\u0142 si\u0119 na Uniwersytecie \u015al\u0105skim Wirtualny Dzie\u0144 Otwarty dla kandydat\u00f3w na studia. W wydarzeniu bez precedensu wzi\u0119\u0142o udzia\u0142 ponad 300 u\u017cytkownik\u00f3w online. Podczas transmisji na Facebooku Uniwersytetu \u015al\u0105skiego mo\u017cna by\u0142o zadawa\u0107 pytania w najr\u00f3\u017cniejszej tematyce. Transmisja jest wci\u0105\u017c dost\u0119pna na <a href=\"https:\/\/www.facebook.com\/watch\/live\/?v=249906649443964&amp;ref=watch_permalink\">Funpage&#8217;<\/a> u Uniwersytetu \u015al\u0105skiego.\u00a0 W\u00a0dniach <strong>od\u00a0 15 do 30 czerwca br.<\/strong> trwa\u0142y Wirtualne Dni Otwarte na Wydziale.\u00a0 W\u00a0tym czasie mo\u017cna by\u0142o obejrze\u0107 <a href=\"https:\/\/us.edu.pl\/wydzial\/wnst\/studia\/kandydat\/wdo\/poznaj-wykladowcow\/\">miniwyk\u0142ady popularnonaukowe<\/a>, a tak\u017ce zadawa\u0107 pytania online dotycz\u0105ce studiowania na Wydziale Nauk \u015acis\u0142ych i Technicznych.<\/p>\n<p><a href=\"https:\/\/us.edu.pl\/wydzial\/wnst\/studia\/kandydat\/wdo\/\">Wi\u0119cej o wydarzeniu<\/a><\/p>\n<\/div>\r\n                    <\/div>\r\n                <\/div>[\/vc_column][vc_column width=&#8221;1\/3&#8243;]\r\n                <div class=\"text-modules\">\r\n                    <div class=\"container\">\r\n                        \r\n                        <div class=\"text-modules__content\"><\/p>\n<p><iframe loading=\"lazy\" title=\"Dni Otwarte Instytutu Fizyki\" width=\"640\" height=\"360\" src=\"https:\/\/www.youtube.com\/embed\/2gW9_0spBVA?feature=oembed\" frameborder=\"0\" allow=\"accelerometer; autoplay; clipboard-write; encrypted-media; gyroscope; picture-in-picture\" allowfullscreen><\/iframe><\/p>\n<p>\n<\/div>\r\n                    <\/div>\r\n                <\/div>\r\n                <div class=\"text-modules\">\r\n                    <div class=\"container\">\r\n                        \r\n                        <div class=\"text-modules__content\"><\/p>\n<h3><span style=\"color: #002e5a\">Dzie\u0144 otwarty Instytutu Fizyki &#8211; 26.02.2020<\/span><\/h3>\n<p>W dniu 26 lutego 2020 r. odby\u0142 si\u0119 Dzie\u0144 Otwarty Instytutu Fizyki Uniwersytetu \u015al\u0105skiego. Tematem przewodnim wydarzenia by\u0142 &#8222;<strong>tranzystor<\/strong>&#8222;. Uczniowie szk\u00f3\u0142 \u015brednich wys\u0142uchali dw\u00f3ch wyk\u0142ad\u00f3w popularno-naukowych, wzi\u0119li udzia\u0142 w 26 warsztatach tematycznych. \u0141\u0105cznie w tym dniu odwiedzi\u0142o nas ponad 200 uczni\u00f3w ze szk\u00f3\u0142 \u015brednich wojew\u00f3dztwa \u015al\u0105skiego. Spotkanie mia\u0142o na celu przedstawienie korzy\u015bci p\u0142yn\u0105cych ze studiowania na kierunkach <strong>Biofizyka<\/strong>, <strong>Fizyka<\/strong>, <strong>Fizyka medyczna<\/strong>, <strong>Mikro i nanotechnologia<\/strong>.<\/p>\n<p><a href=\"https:\/\/us.edu.pl\/wydzial\/wnst\/multimedia\/4268\/\">Wi\u0119cej o wydarzeniu<\/a><\/p>\n<\/div>\r\n                    <\/div>\r\n                <\/div>[\/vc_column][vc_column width=&#8221;1\/3&#8243;][vc_single_image source=&#8221;external_link&#8221; alignment=&#8221;center&#8221; external_style=&#8221;vc_box_rounded&#8221; onclick=&#8221;custom_link&#8221; custom_src=&#8221;https:\/\/us.edu.pl\/wydzial\/wnst\/wp-content\/uploads\/sites\/18\/zdjecia-wydarzenia\/Dzien-otwarty-IIN-2020\/IMG_4642-e1589919778908.jpg&#8221; link=&#8221;https:\/\/us.edu.pl\/wydzial\/wnst\/multimedia\/dzien-otwarty-kierunkow-informatyka-i-inzynieria-biomedyczna\/&#8221;]\r\n                <div class=\"text-modules\">\r\n                    <div class=\"container\">\r\n                        \r\n                        <div class=\"text-modules__content\"><\/p>\n<h3><span style=\"color: #002e5a\">Dzie\u0144 otwarty kierunk\u00f3w Informatyki i In\u017cynieria biomedyczna &#8211; 03.03.2020<\/span><\/h3>\n<p>We wtorek 3 marca 2020 r. odby\u0142 si\u0119 Dzie\u0144 Otwarty kierunk\u00f3w <strong>Informatyka <\/strong>oraz<strong> In\u017cynieria biomedyczna<\/strong>. Podczas warsztat\u00f3w mo\u017cna by\u0142o pos\u0142ucha\u0107 na temat <strong>chmury<\/strong>, <strong>struktury i bezpiecze\u0144stwa urz\u0105dze\u0144 inteligentnych<\/strong>, <strong>wirtualnej rzeczywisto\u015bci<\/strong>, <strong>druku 3D<\/strong> czy <strong>implant\u00f3w<\/strong>. To tylko niekt\u00f3re z wielu ciekawych wyk\u0142ad\u00f3w i warsztat\u00f3w, kt\u00f3re\u00a0 si\u0119 odby\u0142y.<br \/>\nO wyj\u0105tkowo bogaty program zadbali <a href=\"mailto:iwona.polak@us.edu.pl\">dr Iwona Polak <\/a>oraz <a href=\"mailto:szymon.sikorski@us.edu.pl\">dr in\u017c. Szymon Sikorski<\/a>.<\/p>\n<p><a href=\"https:\/\/us.edu.pl\/wydzial\/wnst\/multimedia\/dzien-otwarty-kierunkow-informatyka-i-inzynieria-biomedyczna\/\">Wi\u0119cej o wydarzeniu<\/a><\/p>\n<\/div>\r\n                    <\/div>\r\n                <\/div>[\/vc_column][\/vc_row][vc_row el_class=&#8221;container&#8221;][vc_column width=&#8221;1\/2&#8243;][\/vc_column][vc_column width=&#8221;1\/2&#8243;][\/vc_column][\/vc_row]<\/p>","protected":false},"excerpt":{"rendered":"<p>[vc_row][vc_column][\/vc_column][\/vc_row][vc_row el_class=&#8221;container&#8221;][vc_column width=&#8221;1\/2&#8243;][\/vc_column][vc_column width=&#8221;1\/2&#8243;][\/vc_column][\/vc_row][vc_row][vc_column][\/vc_column][\/vc_row][vc_row el_class=&#8221;container&#8221;][vc_column width=&#8221;1\/3&#8243;][\/vc_column][vc_column width=&#8221;1\/3&#8243;][\/vc_column][vc_column width=&#8221;1\/3&#8243;][vc_single_image source=&#8221;external_link&#8221; alignment=&#8221;center&#8221; external_style=&#8221;vc_box_rounded&#8221; onclick=&#8221;custom_link&#8221; custom_src=&#8221;https:\/\/us.edu.pl\/wydzial\/wnst\/wp-content\/uploads\/sites\/18\/zdjecia-wydarzenia\/Dzien-otwarty-IIN-2020\/IMG_4642-e1589919778908.jpg&#8221; link=&#8221;https:\/\/us.edu.pl\/wydzial\/wnst\/multimedia\/dzien-otwarty-kierunkow-informatyka-i-inzynieria-biomedyczna\/&#8221;][\/vc_column][\/vc_row][vc_row el_class=&#8221;container&#8221;][vc_column width=&#8221;1\/2&#8243;][\/vc_column][vc_column width=&#8221;1\/2&#8243;][\/vc_column][\/vc_row] [&#8230;]<\/p>\n<p><a class=\"btn btn-secondary understrap-read-more-link\" href=\"https:\/\/us.edu.pl\/wydzial\/wnst\/studia\/kandydat\/dni-otwarte\/\">Read More&#8230;<\/a><\/p>\n","protected":false},"author":99,"featured_media":0,"parent":540,"menu_order":0,"comment_status":"closed","ping_status":"closed","template":"","meta":{"_expiration-date-status":"saved","_expiration-date":0,"_expiration-date-type":"","_expiration-date-categories":[],"_expiration-date-options":[]},"acf":[],"_links":{"self":[{"href":"https:\/\/us.edu.pl\/wydzial\/wnst\/wp-json\/wp\/v2\/pages\/740"}],"collection":[{"href":"https:\/\/us.edu.pl\/wydzial\/wnst\/wp-json\/wp\/v2\/pages"}],"about":[{"href":"https:\/\/us.edu.pl\/wydzial\/wnst\/wp-json\/wp\/v2\/types\/page"}],"author":[{"embeddable":true,"href":"https:\/\/us.edu.pl\/wydzial\/wnst\/wp-json\/wp\/v2\/users\/99"}],"replies":[{"embeddable":true,"href":"https:\/\/us.edu.pl\/wydzial\/wnst\/wp-json\/wp\/v2\/comments?post=740"}],"version-history":[{"count":29,"href":"https:\/\/us.edu.pl\/wydzial\/wnst\/wp-json\/wp\/v2\/pages\/740\/revisions"}],"predecessor-version":[{"id":12075,"href":"https:\/\/us.edu.pl\/wydzial\/wnst\/wp-json\/wp\/v2\/pages\/740\/revisions\/12075"}],"up":[{"embeddable":true,"href":"https:\/\/us.edu.pl\/wydzial\/wnst\/wp-json\/wp\/v2\/pages\/540"}],"wp:attachment":[{"href":"https:\/\/us.edu.pl\/wydzial\/wnst\/wp-json\/wp\/v2\/media?parent=740"}],"curies":[{"name":"wp","href":"https:\/\/api.w.org\/{rel}","templated":true}]}}