{"id":8825,"date":"2021-02-04T21:26:11","date_gmt":"2021-02-04T20:26:11","guid":{"rendered":"https:\/\/us.edu.pl\/wydzial\/wnst\/?page_id=8825"},"modified":"2026-02-24T14:49:17","modified_gmt":"2026-02-24T13:49:17","slug":"promocja","status":"publish","type":"page","link":"https:\/\/us.edu.pl\/wydzial\/wnst\/strona-glowna\/promocja\/","title":{"rendered":"Zesp\u00f3\u0142 ds. promocji"},"content":{"rendered":"<p>[vc_row content_placement=&#8221;middle&#8221; el_class=&#8221;container&#8221;][vc_column width=&#8221;1\/2&#8243;]\r\n                <div class=\"text-modules reverse\">\r\n                    <div class=\"container\">\r\n                        <h3 class=\"section-title section-title_border-bottom\">Prodziekan ds. promocji i rozwoju<\/h3> \r\n                        <div class=\"row m-0\">\r\n                            <div class=\"text-modules__content\">\r\n                                <\/p>\n<h3><a href=\"https:\/\/ab.us.edu.pl\/emp?id=19302\" target=\"_blank\" rel=\"noopener\"><strong><span style=\"color: #003366;\">dr hab. Agnieszka Nowak-Brzezi\u0144ska, prof. U\u015a<\/span><\/strong><\/a><\/h3>\n<div class=\"mt-3\"><a href=\"mailto: promocja.wnst@us.edu.pl \" class=\"link-button mr-3 \">kontakt do Prodziekana<\/a><\/div>\r\n                            <\/div>\r\n                            \r\n                            <div class=\"text-modules__img\"><img src=\"https:\/\/us.edu.pl\/wydzial\/wnst\/wp-content\/uploads\/sites\/18\/Nieprzypisane\/ANB_4.jpg\" alt=\"img\"><\/div>\r\n                        <\/div>\r\n                    <\/div>\r\n                <\/div>[\/vc_column][vc_column width=&#8221;1\/2&#8243;]\r\n                <div class=\"text-modules reverse\">\r\n                    <div class=\"container\">\r\n                         <h3 class=\"subtitle text-modules__subtitle\">Koordynatorzy obszar\u00f3w<\/h3>\r\n                        <div class=\"row m-0\">\r\n                            <div class=\"text-modules__content\">\r\n                                <a href=\"https:\/\/ab.us.edu.pl\/emp?id=13112\"><strong>Agata Ko\u0142odziejczyk<\/strong><\/a><br \/>\nPromocja kierunk\u00f3w studi\u00f3w i osi\u0105gni\u0119\u0107 dydaktycznych, media spo\u0142eczno\u015bciowe<br \/>\nwsparcie &#8211; <strong><a href=\"https:\/\/ab.us.edu.pl\/emp?id=62863\">Magda Korbela<\/a><\/strong><\/p>\n<p><a href=\"https:\/\/ab.us.edu.pl\/emp?id=62863\"><strong>Magda Korbela<\/strong><\/a><br \/>\nKoordynacja wydarze\u0144, redakcja newslettera, wsp\u00f3\u0142praca ze szko\u0142ami, <a href=\"https:\/\/us.edu.pl\/wydzial\/wnst\/wspolpraca\/szkoly\/ksztalcenie-dla-przyszlosci\/\">Kszta\u0142cenie dla Przysz\u0142o\u015bci<\/a><br \/>\n<a href=\"kdp.wnst@us.edu.pl\">kdp.wnst@us.edu.pl<\/a><\/p>\n<p><a href=\"https:\/\/ab.us.edu.pl\/emp?id=22362\"><strong>Justyna Przybylska<\/strong><\/a><br \/>\nStrony www<br \/>\nwsparcie &#8211; <strong><a href=\"https:\/\/ab.us.edu.pl\/emp?id=62863\">Magda Korbela<\/a><\/strong><\/p>\n<p>Zesp\u00f3\u0142 ds. promocji zajmuje si\u0119 promocj\u0105 wydarze\u0144 organizowanych na Wydziale przez naukowc\u00f3w, dydaktyk\u00f3w, student\u00f3w i doktorant\u00f3w. Za organizacj\u0119 wydarzenia odpowiedzialni s\u0105 ich organizatorzy\/inicjatorzy. \r\n                                <div class=\"mt-3\"><a href=\"mailto:promocja.wnst@us.edu.pl\" class=\"link-button mr-3 \">kontakt do Zespo\u0142u ds. promocji<\/a><\/div>\r\n                            <\/div>\r\n                            \r\n                            \r\n                        <\/div>\r\n                    <\/div>\r\n                <\/div>[\/vc_column][\/vc_row]<\/p>","protected":false},"excerpt":{"rendered":"<p>[vc_row content_placement=&#8221;middle&#8221; el_class=&#8221;container&#8221;][vc_column width=&#8221;1\/2&#8243;][\/vc_column][vc_column width=&#8221;1\/2&#8243;][\/vc_column][\/vc_row] [&#8230;]<\/p>\n<p><a class=\"btn btn-secondary understrap-read-more-link\" href=\"https:\/\/us.edu.pl\/wydzial\/wnst\/strona-glowna\/promocja\/\">Read More&#8230;<\/a><\/p>\n","protected":false},"author":92,"featured_media":0,"parent":103,"menu_order":3,"comment_status":"closed","ping_status":"closed","template":"page-templates\/page-with-bookmarks.php","meta":{"_expiration-date-status":"","_expiration-date":0,"_expiration-date-type":"","_expiration-date-categories":[],"_expiration-date-options":[]},"acf":[],"_links":{"self":[{"href":"https:\/\/us.edu.pl\/wydzial\/wnst\/wp-json\/wp\/v2\/pages\/8825"}],"collection":[{"href":"https:\/\/us.edu.pl\/wydzial\/wnst\/wp-json\/wp\/v2\/pages"}],"about":[{"href":"https:\/\/us.edu.pl\/wydzial\/wnst\/wp-json\/wp\/v2\/types\/page"}],"author":[{"embeddable":true,"href":"https:\/\/us.edu.pl\/wydzial\/wnst\/wp-json\/wp\/v2\/users\/92"}],"replies":[{"embeddable":true,"href":"https:\/\/us.edu.pl\/wydzial\/wnst\/wp-json\/wp\/v2\/comments?post=8825"}],"version-history":[{"count":11,"href":"https:\/\/us.edu.pl\/wydzial\/wnst\/wp-json\/wp\/v2\/pages\/8825\/revisions"}],"predecessor-version":[{"id":204189,"href":"https:\/\/us.edu.pl\/wydzial\/wnst\/wp-json\/wp\/v2\/pages\/8825\/revisions\/204189"}],"up":[{"embeddable":true,"href":"https:\/\/us.edu.pl\/wydzial\/wnst\/wp-json\/wp\/v2\/pages\/103"}],"wp:attachment":[{"href":"https:\/\/us.edu.pl\/wydzial\/wnst\/wp-json\/wp\/v2\/media?parent=8825"}],"curies":[{"name":"wp","href":"https:\/\/api.w.org\/{rel}","templated":true}]}}