{"id":199416,"date":"2026-08-19T13:10:12","date_gmt":"2026-08-19T11:10:12","guid":{"rendered":"https:\/\/us.edu.pl\/wydzial\/wpia\/?post_type=event&#038;p=199416"},"modified":"2026-08-19T13:02:11","modified_gmt":"2026-08-19T11:02:11","slug":"inauguracja-roku-szkolnego-2026-2027-x-liceum-ogolnoksztalcacego-im-ignacego-jana-paderewskiego-w-katowicach","status":"publish","type":"event","link":"https:\/\/us.edu.pl\/wydzial\/wpia\/en\/event\/inauguracja-roku-szkolnego-2026-2027-x-liceum-ogolnoksztalcacego-im-ignacego-jana-paderewskiego-w-katowicach\/","title":{"rendered":"(Polski) Inauguracja roku szkolnego 2026\/2027 X Liceum Og\u00f3lnokszta\u0142c\u0105cego im. Ignacego Jana Paderewskiego w Katowicach"},"content":{"rendered":"<p class=\"qtranxs-available-languages-message qtranxs-available-languages-message-en\">Sorry, this entry is only available in <a href=\"https:\/\/us.edu.pl\/wydzial\/wpia\/pl\/wp-json\/wp\/v2\/event\/199416\" class=\"qtranxs-available-language-link qtranxs-available-language-link-pl\" title=\"Polski\">Polish<\/a>.<\/p>","protected":false},"excerpt":{"rendered":"<p>Sorry, this entry is only available in Polish. [&#8230;]<\/p>\n<p><a class=\"btn btn-secondary understrap-read-more-link\" href=\"https:\/\/us.edu.pl\/wydzial\/wpia\/en\/event\/inauguracja-roku-szkolnego-2026-2027-x-liceum-ogolnoksztalcacego-im-ignacego-jana-paderewskiego-w-katowicach\/\">Read More&#8230;<\/a><\/p>\n","protected":false},"author":6981,"featured_media":0,"template":"","meta":{"_expiration-date-status":"","_expiration-date":0,"_expiration-date-type":"","_expiration-date-categories":[],"_expiration-date-options":[]},"acf":[],"_links":{"self":[{"href":"https:\/\/us.edu.pl\/wydzial\/wpia\/en\/wp-json\/wp\/v2\/event\/199416"}],"collection":[{"href":"https:\/\/us.edu.pl\/wydzial\/wpia\/en\/wp-json\/wp\/v2\/event"}],"about":[{"href":"https:\/\/us.edu.pl\/wydzial\/wpia\/en\/wp-json\/wp\/v2\/types\/event"}],"author":[{"embeddable":true,"href":"https:\/\/us.edu.pl\/wydzial\/wpia\/en\/wp-json\/wp\/v2\/users\/6981"}],"version-history":[{"count":2,"href":"https:\/\/us.edu.pl\/wydzial\/wpia\/en\/wp-json\/wp\/v2\/event\/199416\/revisions"}],"predecessor-version":[{"id":199494,"href":"https:\/\/us.edu.pl\/wydzial\/wpia\/en\/wp-json\/wp\/v2\/event\/199416\/revisions\/199494"}],"wp:attachment":[{"href":"https:\/\/us.edu.pl\/wydzial\/wpia\/en\/wp-json\/wp\/v2\/media?parent=199416"}],"curies":[{"name":"wp","href":"https:\/\/api.w.org\/{rel}","templated":true}]}}

(Polski) Inauguracja roku szkolnego 2026/2027 X Liceum Ogólnokształcącego im. Ignacego Jana Paderewskiego w Katowicach
