{"id":162156,"date":"2023-03-14T11:16:51","date_gmt":"2023-03-14T10:16:51","guid":{"rendered":"https:\/\/us.edu.pl\/wydzial\/wpia\/?post_type=event&#038;p=162156"},"modified":"2023-03-14T11:16:51","modified_gmt":"2023-03-14T10:16:51","slug":"msza-w-roblox-prawnokarna-refleksja-o-przestepstwach-przeciwko-wolnosci-sumienia-i-wyznania","status":"publish","type":"event","link":"https:\/\/us.edu.pl\/wydzial\/wpia\/event\/msza-w-roblox-prawnokarna-refleksja-o-przestepstwach-przeciwko-wolnosci-sumienia-i-wyznania\/","title":{"rendered":"Msza w Roblox. Prawnokarna refleksja o przest\u0119pstwach przeciwko wolno\u015bci sumienia i wyznania"},"content":{"rendered":"<p>[vc_row][vc_column]\r\n                <div class=\"text-modules\">\r\n                    <div class=\"container\">\r\n                        \r\n                        <div class=\"text-modules__content\"><\/p>\n<h4>Msza w Roblox. Prawnokarna refleksja o przest\u0119pstwach przeciwko wolno\u015bci sumienia i wyznania<\/h4>\n<div class=\"x11i5rnm xat24cr x1mh8g0r x1vvkbs xdj266r\">20 marca 2023 roku o godzinie 17:15 zapraszamy do auli nr 7 na spotkanie zorganizowane przez Ko\u0142o Naukowe Prawa Karnego WPiA U\u015a. Tym razem dyskusja dotyczy\u0107 b\u0119dzie przest\u0119pstw przeciwko wolno\u015bci sumienia i wyznania. Zapraszamy wszystkich zainteresowanych<\/div>\n<div class=\"x11i5rnm xat24cr x1mh8g0r x1vvkbs xtlvy1s\">Prelekcj\u0119 wyg\u0142osi mgr Jakub Hanc.<\/div>\n<p>\n<\/div>\r\n                    <\/div>\r\n                <\/div>[\/vc_column][\/vc_row]<\/p>","protected":false},"excerpt":{"rendered":"<p>[vc_row][vc_column][\/vc_column][\/vc_row] [&#8230;]<\/p>\n<p><a class=\"btn btn-secondary understrap-read-more-link\" href=\"https:\/\/us.edu.pl\/wydzial\/wpia\/event\/msza-w-roblox-prawnokarna-refleksja-o-przestepstwach-przeciwko-wolnosci-sumienia-i-wyznania\/\">Read More&#8230;<\/a><\/p>\n","protected":false},"author":899,"featured_media":0,"template":"","meta":{"_expiration-date-status":"","_expiration-date":0,"_expiration-date-type":"","_expiration-date-categories":[],"_expiration-date-options":[]},"acf":[],"_links":{"self":[{"href":"https:\/\/us.edu.pl\/wydzial\/wpia\/wp-json\/wp\/v2\/event\/162156"}],"collection":[{"href":"https:\/\/us.edu.pl\/wydzial\/wpia\/wp-json\/wp\/v2\/event"}],"about":[{"href":"https:\/\/us.edu.pl\/wydzial\/wpia\/wp-json\/wp\/v2\/types\/event"}],"author":[{"embeddable":true,"href":"https:\/\/us.edu.pl\/wydzial\/wpia\/wp-json\/wp\/v2\/users\/899"}],"version-history":[{"count":2,"href":"https:\/\/us.edu.pl\/wydzial\/wpia\/wp-json\/wp\/v2\/event\/162156\/revisions"}],"predecessor-version":[{"id":162158,"href":"https:\/\/us.edu.pl\/wydzial\/wpia\/wp-json\/wp\/v2\/event\/162156\/revisions\/162158"}],"wp:attachment":[{"href":"https:\/\/us.edu.pl\/wydzial\/wpia\/wp-json\/wp\/v2\/media?parent=162156"}],"curies":[{"name":"wp","href":"https:\/\/api.w.org\/{rel}","templated":true}]}}

Msza w Roblox. Prawnokarna refleksja o przestępstwach przeciwko wolności sumienia i wyznania

<p>[vc_row][vc_column]
                <div class="text-modules">
                    <div class="container">
                        
                        <div class="text-modules__content"></p>
<h4>Msza w Roblox. Prawnokarna refleksja o przestępstwach przeciwko wolności sumienia i wyznania</h4>
<div class="x11i5rnm xat24cr x1mh8g0r x1vvkbs xdj266r">20 marca 2023 roku o godzinie 17:15 zapraszamy do auli nr 7 na spotkanie zorganizowane przez Koło Naukowe Prawa Karnego WPiA UŚ. Tym razem dyskusja dotyczyć będzie przestępstw przeciwko wolności sumienia i wyznania. Zapraszamy wszystkich zainteresowanych</div>
<div class="x11i5rnm xat24cr x1mh8g0r x1vvkbs xtlvy1s">Prelekcję wygłosi mgr Jakub Hanc.</div>
<p>
</div>
                    </div>
                </div>[/vc_column][/vc_row]</p>
