{"id":162244,"date":"2023-03-15T10:35:45","date_gmt":"2023-03-15T09:35:45","guid":{"rendered":"https:\/\/us.edu.pl\/wydzial\/wpia\/?post_type=event&#038;p=162244"},"modified":"2023-03-17T09:24:32","modified_gmt":"2023-03-17T08:24:32","slug":"optymalizacja-finansowa-i-podatkowa-jako-klucz-do-efektywnego-zarzadzania-przedsiebiorstwem-dedykowanymi","status":"publish","type":"event","link":"https:\/\/us.edu.pl\/wydzial\/wpia\/event\/optymalizacja-finansowa-i-podatkowa-jako-klucz-do-efektywnego-zarzadzania-przedsiebiorstwem-dedykowanymi\/","title":{"rendered":"Optymalizacja finansowa i podatkowa jako klucz do efektywnego zarz\u0105dzania przedsi\u0119biorstwem dedykowanymi"},"content":{"rendered":"<p>[vc_row][vc_column]\r\n                <div class=\"text-modules\">\r\n                    <div class=\"container\">\r\n                        \r\n                        <div class=\"text-modules__content\"><p>Rozpoczynamy cykl spotka\u0144 dla Student\u00f3w pod has\u0142em\u00a0<strong>\u201eZaplanuj swoj\u0105 karier\u0119\u201d<\/strong>. Chcemy przedstawi\u0107 mo\u017cliwo\u015bci rozwoju drogi zawodowej jakie daj\u0105 studia na naszym wydziale. Uczestnictwo w ka\u017cdym spotkaniu b\u0119dzie potwierdzone odpowiednim wpisem w suplemencie do dyplomu uko\u0144czenia studi\u00f3w.<\/p>\n<p>Dla student\u00f3w kierunku przedsi\u0119biorczo\u015b\u0107 przygotowali\u015bmy warsztaty \u201eOptymalizacja finansowa i podatkowa jako klucz do efektywnego zarz\u0105dzania przedsi\u0119biorstwem dedykowanymi\u201d, w czasie kt\u00f3rych Eksperci KPMG Tax M. Michna sp\u00f3\u0142ka komandytowa przybli\u017c\u0105 zagadnienia zwi\u0105zane m.in. z podstawami zarz\u0105dzania finansami w przedsi\u0119biorstwie, optymalizacj\u0105 podatkow\u0105, zarz\u0105dzaniem ryzykiem podatkowym, elementami planowania podatkowego. Plan warsztat\u00f3w jest bardzo bogaty i wierzymy, \u017ce b\u0119dzie to bardzo owocne spotkanie.<\/p>\n<p>Warsztaty\u00a0<strong>odb\u0119d\u0105 si\u0119 w dw\u00f3ch terminach (do wyboru):<\/strong><strong> 21 marca i 28 marca 2023 w godzinach 8:00-13:00.<\/strong><\/p>\n<p>Osoby zainteresowane uczestnictwem proszone s\u0105 o wype\u0142nienie\u00a0<a href=\"https:\/\/forms.office.com\/e\/exicNTG1DW\">formularza zg\u0142oszeniowego.<\/a><\/p>\n<p><u>AGENDA:<\/u><\/p>\n<p>8.00 \u2013 8.15 \u2013 Rozpocz\u0119cie, przedstawienie prelegent\u00f3w<\/p>\n<p>8.15 &#8211; 9.15 \u2013 Wst\u0119p:<\/p>\n<ol>\n<li>Podstawy zarz\u0105dzania finansami w przedsi\u0119biorstwie;<\/li>\n<li>Optymalizacja podatkowa a oszustwo podatkowe;<\/li>\n<li>Zarz\u0105dzanie ryzykiem podatkowym.<\/li>\n<\/ol>\n<p>9.15 \u2013 9.30 przerwa kawowa \/ zadawanie pyta\u0144 indywidualnych<\/p>\n<p>9:30 \u2013 11.30 \u2013 Optymalizacja podatkowa \/ elementy planowania podatkowego<\/p>\n<ol>\n<li>Wst\u0119p \u2013 analiza sytuacji wyj\u015bciowej;<\/li>\n<li>Wyb\u00f3r optymalnej formy prawnej;<\/li>\n<li>Wyb\u00f3r optymalnej formy opodatkowania.<\/li>\n<li>Wyb\u00f3r w\u0142a\u015bciwej ulgi podatkowe<\/li>\n<\/ol>\n<p>11.30 \u2013 11.45 \u2013 Przerwa kawowa \/ zadawanie pyta\u0144 indywidualnych<\/p>\n<p>12.00 \u2013 13.00 &#8211; Rozwi\u0105zywanie zagadnie\u0144 problemowych \u2013 praca w grupach oraz wsp\u00f3lna dyskusja<\/p>\n<p>&nbsp;<\/p>\n<p>Prelegenci:<\/p>\n<p><strong>Krzysztof Szwaja<\/strong><\/p>\n<p><u>Partner, KPMG w Polsce<\/u><\/p>\n<p>Krzysztof jest licencjonowanym doradc\u0105 podatkowym. Rozpocz\u0105\u0142 prac\u0119 w KPMG w 2006 r. Posiada wieloletnie do\u015bwiadczenie w doradztwie podatkowym dla firm mi\u0119dzynarodowych oraz polskich firm rodzinnych<\/p>\n<p>Krzysztof specjalizuje si\u0119 w doradztwie z zakresu restrukturyzacji oraz prowadzenia dzia\u0142alno\u015bci gospodarczej w specjalnych strefach ekonomicznych. Ponadto, posiada bogate do\u015bwiadczenie dotycz\u0105ce przeprowadzania przegl\u0105d\u00f3w podatkowych w zakresie podatku dochodowego od os\u00f3b prawnych oraz podatku od towar\u00f3w i us\u0142ug.<\/p>\n<p>Krzysztof doradza klientom r\u00f3wnie\u017c w zakresie podatku dochodowego od os\u00f3b prawnych (CIT), w tym specjalnych stref ekonomicznych, podatku od towar\u00f3w i us\u0142ug (VAT), oraz optymalizacji podatkowej. Asystuje r\u00f3wnie\u017c klientom podczas kontroli podatkowych.<\/p>\n<p>Posiada bogate do\u015bwiadczenie w kwestiach cen transferowych. Bra\u0142 udzia\u0142 w projektach dotycz\u0105cych przygotowania dokumentacji podatkowej i analiz por\u00f3wnawczych oraz podczas kontroli warunk\u00f3w transakcyjnych stosowanych przez przedsi\u0119biorstwa powi\u0105zane z bran\u017cy motoryzacyjnej, spo\u017cywczej i rolniczej.<\/p>\n<p>&nbsp;<\/p>\n<p><strong>dr \u0141ukasz Samoj\u0142owicz<\/strong><\/p>\n<p><u>Senior Manager, KPMG w Polsce<\/u><\/p>\n<p>\u0141ukasz jest doktorem nauk prawnych oraz radc\u0105 prawnym. Do\u0142\u0105czy\u0142 do Dzia\u0142u Doradztwa Podatkowego w Katowicach w 2015 roku.<\/p>\n<p>Specjalizuje si\u0119 w obs\u0142udze przedsi\u0119biorc\u00f3w dzia\u0142aj\u0105cych na rynku polskim i europejskim w zakresie prawa podatkowego, administracyjnego, handlowego i gospodarczego. \u0141ukasz jest odpowiedzialny za planowanie i realizacj\u0119 proces\u00f3w reorganizacyjnych przedsi\u0119biorc\u00f3w (po\u0142\u0105czenia, przekszta\u0142cenia, podzia\u0142y, transakcje dotycz\u0105ce przedsi\u0119biorstw), jak r\u00f3wnie\u017c za asyst\u0119 przy tocz\u0105cych si\u0119 wobec nich post\u0119powaniach administracyjnych i s\u0105dowych.<\/p>\n<p>\u0141ukasz przeprowadzi\u0142 szereg projekt\u00f3w zwi\u0105zanych z przygotowaniem dokumentacji cen transferowych.<\/p>\n<p>\u0141ukasz uczestniczy r\u00f3wnie\u017c w projektach pomocy publicznej, takich jak specjalne strefy ekonomiczne, a tak\u017ce w projektach podatkowych zwi\u0105zanych z badaniami i rozwojem \u2013 ulga B+R oraz IP Box.<\/p>\n<p>G\u0142\u00f3wni klienci \u0141ukasza dzia\u0142aj\u0105 w bran\u017cy spo\u017cywczej, metalowej, TSL, motoryzacji, informatyki, robotyki i automatyki, nieruchomo\u015bciowej, ceramicznej, meblarskiej czy dealerskiej<\/p>\n<p>\u0141ukasz jest r\u00f3wnie\u017c odpowiedzialny za wdro\u017cenie procedur MDR.<\/p>\n<p>&nbsp;<\/p>\n<p><strong>Arkadiusz Kalwik<\/strong><\/p>\n<p><u>Manager, KPMG w Polsce<\/u><\/p>\n<p>Arek jest licencjonowanym doradc\u0105 podatkowym i absolwentem studi\u00f3w o profilu finansowym. Do\u0142\u0105czy\u0142 do Dzia\u0142u Doradztwa Podatkowego w Katowicach w 2015 roku.<\/p>\n<p>Odpowiada za bie\u017c\u0105ce doradztwo podatkowe, w szczeg\u00f3lno\u015bci w zakresie podatku dochodowego od os\u00f3b prawnych (CIT), w tym podatku u \u017ar\u00f3d\u0142a, oraz podatku od towar\u00f3w i us\u0142ug (VAT), w tym m.in. sporz\u0105dzanie opinii podatkowych oraz przeprowadzanie przegl\u0105d\u00f3w podatkowych.<\/p>\n<p>Uczestniczy w projektach zwi\u0105zanych z pozyskaniem pomocy publicznej w zwi\u0105zku z dzia\u0142alno\u015bci\u0105 prowadzon\u0105 przez przedsi\u0119biorc\u00f3w na terenach Specjalnych Stref Ekonomicznych (obecnie w ramach wsparcia dotycz\u0105cego Polskiej Strefy Inwestycji). Dodatkowo odpowiada za realizacje projekt\u00f3w z zakresu ulg podatkowych tj. Ulga B+R, Ulga IP Box czy te\u017c wsparcia w ramach program\u00f3w rz\u0105dowych, samorz\u0105dowych oraz instytucji publicznych. Czynnie wspiera r\u00f3wnie\u017c przedsi\u0119biorc\u00f3w z zakresu analizy przepis\u00f3w o pomocy publicznej na poziomie zar\u00f3wno polskim jak i unijnym.<\/p>\n<p>Arek posiada r\u00f3wnie\u017c do\u015bwiadczenie dotycz\u0105ce problematyki cen transferowych. Uczestniczy\u0142 w projektach maj\u0105cych na celu m.in. weryfikacje rynkowo\u015bci cen stosowanych pomi\u0119dzy podmiotami powi\u0105zanymi i przygotowanie dokumentacji podatkowej w bran\u017cy m.in. stalowej, motoryzacyjnej, energetycznej, g\u00f3rniczej.<\/p>\n<p>Prowadzi tak\u017ce szkolenia w zakresie wybranych zagadnie\u0144 zwi\u0105zanych z podatkiem CIT oraz VAT jak r\u00f3wnie\u017c cenami transferowymi w uj\u0119ciu teoretycznym i praktycznym.<\/p>\n<p>G\u0142\u00f3wni klienci Arka dzia\u0142aj\u0105 w bran\u017cy przetw\u00f3rstwa przemys\u0142owego, metalowej, motoryzacji, informatyki, handlowej, nieruchomo\u015bciowej, ceramicznej oraz budowlanej.<\/p>\n<p>Serdecznie Zapraszamy!<\/p>\n<\/div>\r\n                    <\/div>\r\n                <\/div>[\/vc_column][\/vc_row]<\/p>","protected":false},"excerpt":{"rendered":"<p>[vc_row][vc_column][\/vc_column][\/vc_row] [&#8230;]<\/p>\n<p><a class=\"btn btn-secondary understrap-read-more-link\" href=\"https:\/\/us.edu.pl\/wydzial\/wpia\/event\/optymalizacja-finansowa-i-podatkowa-jako-klucz-do-efektywnego-zarzadzania-przedsiebiorstwem-dedykowanymi\/\">Read More&#8230;<\/a><\/p>\n","protected":false},"author":107,"featured_media":0,"template":"","meta":{"_expiration-date-status":"","_expiration-date":0,"_expiration-date-type":"","_expiration-date-categories":[],"_expiration-date-options":[]},"acf":[],"_links":{"self":[{"href":"https:\/\/us.edu.pl\/wydzial\/wpia\/wp-json\/wp\/v2\/event\/162244"}],"collection":[{"href":"https:\/\/us.edu.pl\/wydzial\/wpia\/wp-json\/wp\/v2\/event"}],"about":[{"href":"https:\/\/us.edu.pl\/wydzial\/wpia\/wp-json\/wp\/v2\/types\/event"}],"author":[{"embeddable":true,"href":"https:\/\/us.edu.pl\/wydzial\/wpia\/wp-json\/wp\/v2\/users\/107"}],"version-history":[{"count":2,"href":"https:\/\/us.edu.pl\/wydzial\/wpia\/wp-json\/wp\/v2\/event\/162244\/revisions"}],"predecessor-version":[{"id":162394,"href":"https:\/\/us.edu.pl\/wydzial\/wpia\/wp-json\/wp\/v2\/event\/162244\/revisions\/162394"}],"wp:attachment":[{"href":"https:\/\/us.edu.pl\/wydzial\/wpia\/wp-json\/wp\/v2\/media?parent=162244"}],"curies":[{"name":"wp","href":"https:\/\/api.w.org\/{rel}","templated":true}]}}

Optymalizacja finansowa i podatkowa jako klucz do efektywnego zarządzania przedsiębiorstwem dedykowanymi

<p>[vc_row][vc_column]
                <div class="text-modules">
                    <div class="container">
                        
                        <div class="text-modules__content"><p>Rozpoczynamy cykl spotkań dla Studentów pod hasłem <strong>„Zaplanuj swoją karierę”</strong>. Chcemy przedstawić możliwości rozwoju drogi zawodowej jakie dają studia na naszym wydziale. Uczestnictwo w każdym spotkaniu będzie potwierdzone odpowiednim wpisem w suplemencie do dyplomu ukończenia studiów.</p>
<p>Dla studentów kierunku przedsiębiorczość przygotowaliśmy warsztaty „Optymalizacja finansowa i podatkowa jako klucz do efektywnego zarządzania przedsiębiorstwem dedykowanymi”, w czasie których Eksperci KPMG Tax M. Michna spółka komandytowa przybliżą zagadnienia związane m.in. z podstawami zarządzania finansami w przedsiębiorstwie, optymalizacją podatkową, zarządzaniem ryzykiem podatkowym, elementami planowania podatkowego. Plan warsztatów jest bardzo bogaty i wierzymy, że będzie to bardzo owocne spotkanie.</p>
<p>Warsztaty <strong>odbędą się w dwóch terminach (do wyboru):</strong><strong> 21 marca i 28 marca 2023 w godzinach 8:00-13:00.</strong></p>
<p>Osoby zainteresowane uczestnictwem proszone są o wypełnienie <a href="https://forms.office.com/e/exicNTG1DW">formularza zgłoszeniowego.</a></p>
<p><u>AGENDA:</u></p>
<p>8.00 – 8.15 – Rozpoczęcie, przedstawienie prelegentów</p>
<p>8.15 &#8211; 9.15 – Wstęp:</p>
<ol>
<li>Podstawy zarządzania finansami w przedsiębiorstwie;</li>
<li>Optymalizacja podatkowa a oszustwo podatkowe;</li>
<li>Zarządzanie ryzykiem podatkowym.</li>
</ol>
<p>9.15 – 9.30 przerwa kawowa / zadawanie pytań indywidualnych</p>
<p>9:30 – 11.30 – Optymalizacja podatkowa / elementy planowania podatkowego</p>
<ol>
<li>Wstęp – analiza sytuacji wyjściowej;</li>
<li>Wybór optymalnej formy prawnej;</li>
<li>Wybór optymalnej formy opodatkowania.</li>
<li>Wybór właściwej ulgi podatkowe</li>
</ol>
<p>11.30 – 11.45 – Przerwa kawowa / zadawanie pytań indywidualnych</p>
<p>12.00 – 13.00 &#8211; Rozwiązywanie zagadnień problemowych – praca w grupach oraz wspólna dyskusja</p>
<p>&nbsp;</p>
<p>Prelegenci:</p>
<p><strong>Krzysztof Szwaja</strong></p>
<p><u>Partner, KPMG w Polsce</u></p>
<p>Krzysztof jest licencjonowanym doradcą podatkowym. Rozpoczął pracę w KPMG w 2006 r. Posiada wieloletnie doświadczenie w doradztwie podatkowym dla firm międzynarodowych oraz polskich firm rodzinnych</p>
<p>Krzysztof specjalizuje się w doradztwie z zakresu restrukturyzacji oraz prowadzenia działalności gospodarczej w specjalnych strefach ekonomicznych. Ponadto, posiada bogate doświadczenie dotyczące przeprowadzania przeglądów podatkowych w zakresie podatku dochodowego od osób prawnych oraz podatku od towarów i usług.</p>
<p>Krzysztof doradza klientom również w zakresie podatku dochodowego od osób prawnych (CIT), w tym specjalnych stref ekonomicznych, podatku od towarów i usług (VAT), oraz optymalizacji podatkowej. Asystuje również klientom podczas kontroli podatkowych.</p>
<p>Posiada bogate doświadczenie w kwestiach cen transferowych. Brał udział w projektach dotyczących przygotowania dokumentacji podatkowej i analiz porównawczych oraz podczas kontroli warunków transakcyjnych stosowanych przez przedsiębiorstwa powiązane z branży motoryzacyjnej, spożywczej i rolniczej.</p>
<p>&nbsp;</p>
<p><strong>dr Łukasz Samojłowicz</strong></p>
<p><u>Senior Manager, KPMG w Polsce</u></p>
<p>Łukasz jest doktorem nauk prawnych oraz radcą prawnym. Dołączył do Działu Doradztwa Podatkowego w Katowicach w 2015 roku.</p>
<p>Specjalizuje się w obsłudze przedsiębiorców działających na rynku polskim i europejskim w zakresie prawa podatkowego, administracyjnego, handlowego i gospodarczego. Łukasz jest odpowiedzialny za planowanie i realizację procesów reorganizacyjnych przedsiębiorców (połączenia, przekształcenia, podziały, transakcje dotyczące przedsiębiorstw), jak również za asystę przy toczących się wobec nich postępowaniach administracyjnych i sądowych.</p>
<p>Łukasz przeprowadził szereg projektów związanych z przygotowaniem dokumentacji cen transferowych.</p>
<p>Łukasz uczestniczy również w projektach pomocy publicznej, takich jak specjalne strefy ekonomiczne, a także w projektach podatkowych związanych z badaniami i rozwojem – ulga B+R oraz IP Box.</p>
<p>Główni klienci Łukasza działają w branży spożywczej, metalowej, TSL, motoryzacji, informatyki, robotyki i automatyki, nieruchomościowej, ceramicznej, meblarskiej czy dealerskiej</p>
<p>Łukasz jest również odpowiedzialny za wdrożenie procedur MDR.</p>
<p>&nbsp;</p>
<p><strong>Arkadiusz Kalwik</strong></p>
<p><u>Manager, KPMG w Polsce</u></p>
<p>Arek jest licencjonowanym doradcą podatkowym i absolwentem studiów o profilu finansowym. Dołączył do Działu Doradztwa Podatkowego w Katowicach w 2015 roku.</p>
<p>Odpowiada za bieżące doradztwo podatkowe, w szczególności w zakresie podatku dochodowego od osób prawnych (CIT), w tym podatku u źródła, oraz podatku od towarów i usług (VAT), w tym m.in. sporządzanie opinii podatkowych oraz przeprowadzanie przeglądów podatkowych.</p>
<p>Uczestniczy w projektach związanych z pozyskaniem pomocy publicznej w związku z działalnością prowadzoną przez przedsiębiorców na terenach Specjalnych Stref Ekonomicznych (obecnie w ramach wsparcia dotyczącego Polskiej Strefy Inwestycji). Dodatkowo odpowiada za realizacje projektów z zakresu ulg podatkowych tj. Ulga B+R, Ulga IP Box czy też wsparcia w ramach programów rządowych, samorządowych oraz instytucji publicznych. Czynnie wspiera również przedsiębiorców z zakresu analizy przepisów o pomocy publicznej na poziomie zarówno polskim jak i unijnym.</p>
<p>Arek posiada również doświadczenie dotyczące problematyki cen transferowych. Uczestniczył w projektach mających na celu m.in. weryfikacje rynkowości cen stosowanych pomiędzy podmiotami powiązanymi i przygotowanie dokumentacji podatkowej w branży m.in. stalowej, motoryzacyjnej, energetycznej, górniczej.</p>
<p>Prowadzi także szkolenia w zakresie wybranych zagadnień związanych z podatkiem CIT oraz VAT jak również cenami transferowymi w ujęciu teoretycznym i praktycznym.</p>
<p>Główni klienci Arka działają w branży przetwórstwa przemysłowego, metalowej, motoryzacji, informatyki, handlowej, nieruchomościowej, ceramicznej oraz budowlanej.</p>
<p>Serdecznie Zapraszamy!</p>
</div>
                    </div>
                </div>[/vc_column][/vc_row]</p>
