{"id":169832,"date":"2024-04-04T07:50:41","date_gmt":"2024-04-04T05:50:41","guid":{"rendered":"https:\/\/us.edu.pl\/wydzial\/wpia\/?post_type=event&#038;p=169832"},"modified":"2024-04-04T07:50:41","modified_gmt":"2024-04-04T05:50:41","slug":"kn-prawa-pracy-opus-per-laborem-zaprasza-na-spotkanie-z-naczelnik-zus-w-chorzowie-zwolnienie-chorobowe-z-perspektywy-zakladu-ubezpieczen-spolecznych","status":"publish","type":"event","link":"https:\/\/us.edu.pl\/wydzial\/wpia\/event\/kn-prawa-pracy-opus-per-laborem-zaprasza-na-spotkanie-z-naczelnik-zus-w-chorzowie-zwolnienie-chorobowe-z-perspektywy-zakladu-ubezpieczen-spolecznych\/","title":{"rendered":"KN Prawa Pracy OPUS PER LABOREM zaprasza na spotkanie z Naczelnik ZUS w Chorzowie &#8211; &#8222;Zwolnienie chorobowe z perspektywy Zak\u0142adu Ubezpiecze\u0144 Spo\u0142ecznych&#8221;"},"content":{"rendered":"<p>[vc_row][vc_column]\r\n                <div class=\"text-modules\">\r\n                    <div class=\"container\">\r\n                        \r\n                        <div class=\"text-modules__content\"><\/p>\n<div class=\"xdj266r x11i5rnm xat24cr x1mh8g0r x1vvkbs\" style=\"text-align: center;\">\n<p>Zastanawiasz si\u0119 jak wygl\u0105da kontrola Zwolnienia Lekarskiego?<\/p>\n<p>Dlaczego, niekt\u00f3rzy chorzy mog\u0105 wychodzi\u0107 podczas &#8222;L4&#8221;?<\/p>\n<p>Zapraszamy na spotkanie z Naczelnik ZUS w Chorzowie<\/p>\n<p>dotycz\u0105ce tematyki zwolnie\u0144 chorobowych.<\/p>\n<\/div>\n<div class=\"x11i5rnm xat24cr x1mh8g0r x1vvkbs xtlvy1s\" style=\"text-align: center;\"><\/div>\n<div><\/div>\n<div><img class=\"aligncenter wp-image-169833 size-full\" src=\"https:\/\/us.edu.pl\/wydzial\/wpia\/wp-content\/uploads\/sites\/19\/Bez-kategorii\/opus-per-laborem-ZUS.jpg\" alt=\"bia\u0142o zielony plakat z logo ZUS\" width=\"1153\" height=\"653\" srcset=\"https:\/\/us.edu.pl\/wydzial\/wpia\/wp-content\/uploads\/sites\/19\/Bez-kategorii\/opus-per-laborem-ZUS.jpg 1153w, https:\/\/us.edu.pl\/wydzial\/wpia\/wp-content\/uploads\/sites\/19\/Bez-kategorii\/opus-per-laborem-ZUS-500x283.jpg 500w, https:\/\/us.edu.pl\/wydzial\/wpia\/wp-content\/uploads\/sites\/19\/Bez-kategorii\/opus-per-laborem-ZUS-1024x580.jpg 1024w, https:\/\/us.edu.pl\/wydzial\/wpia\/wp-content\/uploads\/sites\/19\/Bez-kategorii\/opus-per-laborem-ZUS-768x435.jpg 768w, https:\/\/us.edu.pl\/wydzial\/wpia\/wp-content\/uploads\/sites\/19\/Bez-kategorii\/opus-per-laborem-ZUS-575x326.jpg 575w\" sizes=\"(max-width: 1153px) 100vw, 1153px\" \/><\/div>\n<p>\n<\/div>\r\n                    <\/div>\r\n                <\/div>[\/vc_column][\/vc_row]<\/p>","protected":false},"excerpt":{"rendered":"<p>[vc_row][vc_column][\/vc_column][\/vc_row] [&#8230;]<\/p>\n<p><a class=\"btn btn-secondary understrap-read-more-link\" href=\"https:\/\/us.edu.pl\/wydzial\/wpia\/event\/kn-prawa-pracy-opus-per-laborem-zaprasza-na-spotkanie-z-naczelnik-zus-w-chorzowie-zwolnienie-chorobowe-z-perspektywy-zakladu-ubezpieczen-spolecznych\/\">Read More&#8230;<\/a><\/p>\n","protected":false},"author":6156,"featured_media":0,"template":"","meta":{"_expiration-date-status":"","_expiration-date":0,"_expiration-date-type":"","_expiration-date-categories":[],"_expiration-date-options":[]},"acf":[],"_links":{"self":[{"href":"https:\/\/us.edu.pl\/wydzial\/wpia\/wp-json\/wp\/v2\/event\/169832"}],"collection":[{"href":"https:\/\/us.edu.pl\/wydzial\/wpia\/wp-json\/wp\/v2\/event"}],"about":[{"href":"https:\/\/us.edu.pl\/wydzial\/wpia\/wp-json\/wp\/v2\/types\/event"}],"author":[{"embeddable":true,"href":"https:\/\/us.edu.pl\/wydzial\/wpia\/wp-json\/wp\/v2\/users\/6156"}],"version-history":[{"count":2,"href":"https:\/\/us.edu.pl\/wydzial\/wpia\/wp-json\/wp\/v2\/event\/169832\/revisions"}],"predecessor-version":[{"id":169835,"href":"https:\/\/us.edu.pl\/wydzial\/wpia\/wp-json\/wp\/v2\/event\/169832\/revisions\/169835"}],"wp:attachment":[{"href":"https:\/\/us.edu.pl\/wydzial\/wpia\/wp-json\/wp\/v2\/media?parent=169832"}],"curies":[{"name":"wp","href":"https:\/\/api.w.org\/{rel}","templated":true}]}}

KN Prawa Pracy OPUS PER LABOREM zaprasza na spotkanie z Naczelnik ZUS w Chorzowie &#8211; &#8222;Zwolnienie chorobowe z perspektywy Zakładu Ubezpieczeń Społecznych&#8221;

<p>[vc_row][vc_column]
                <div class="text-modules">
                    <div class="container">
                        
                        <div class="text-modules__content"></p>
<div class="xdj266r x11i5rnm xat24cr x1mh8g0r x1vvkbs" style="text-align: center;">
<p>Zastanawiasz się jak wygląda kontrola Zwolnienia Lekarskiego?</p>
<p>Dlaczego, niektórzy chorzy mogą wychodzić podczas &#8222;L4&#8221;?</p>
<p>Zapraszamy na spotkanie z Naczelnik ZUS w Chorzowie</p>
<p>dotyczące tematyki zwolnień chorobowych.</p>
</div>
<div class="x11i5rnm xat24cr x1mh8g0r x1vvkbs xtlvy1s" style="text-align: center;"></div>
<div></div>
<div><img class="aligncenter wp-image-169833 size-full" src="https://us.edu.pl/wydzial/wpia/wp-content/uploads/sites/19/Bez-kategorii/opus-per-laborem-ZUS.jpg" alt="biało zielony plakat z logo ZUS" width="1153" height="653" srcset="https://us.edu.pl/wydzial/wpia/wp-content/uploads/sites/19/Bez-kategorii/opus-per-laborem-ZUS.jpg 1153w, https://us.edu.pl/wydzial/wpia/wp-content/uploads/sites/19/Bez-kategorii/opus-per-laborem-ZUS-500x283.jpg 500w, https://us.edu.pl/wydzial/wpia/wp-content/uploads/sites/19/Bez-kategorii/opus-per-laborem-ZUS-1024x580.jpg 1024w, https://us.edu.pl/wydzial/wpia/wp-content/uploads/sites/19/Bez-kategorii/opus-per-laborem-ZUS-768x435.jpg 768w, https://us.edu.pl/wydzial/wpia/wp-content/uploads/sites/19/Bez-kategorii/opus-per-laborem-ZUS-575x326.jpg 575w" sizes="(max-width: 1153px) 100vw, 1153px" /></div>
<p>
</div>
                    </div>
                </div>[/vc_column][/vc_row]</p>
