{"id":183094,"date":"2025-02-26T11:46:31","date_gmt":"2025-02-26T10:46:31","guid":{"rendered":"https:\/\/us.edu.pl\/wydzial\/wpia\/?post_type=event&#038;p=183094"},"modified":"2025-02-26T11:39:49","modified_gmt":"2025-02-26T09:39:49","slug":"ogolnopolska-interdyscyplinarna-konferencja-naukowa-v-slaskie-forum-polityki-kryminalnej-funkcje-srodkow-karnoprawnej-reakcji-i-zasady-ich-wymiaru-w-perspektywie-karnoprawnej-filozoficznopr","status":"publish","type":"event","link":"https:\/\/us.edu.pl\/wydzial\/wpia\/event\/ogolnopolska-interdyscyplinarna-konferencja-naukowa-v-slaskie-forum-polityki-kryminalnej-funkcje-srodkow-karnoprawnej-reakcji-i-zasady-ich-wymiaru-w-perspektywie-karnoprawnej-filozoficznopr\/","title":{"rendered":"V \u015al\u0105skie Forum Polityki Kryminalnej"},"content":{"rendered":"<p>[vc_row][vc_column]\r\n                <div class=\"text-modules\">\r\n                    <div class=\"container\">\r\n                        \r\n                        <div class=\"text-modules__content\"><\/p>\n<p style=\"text-align: justify;\"><span style=\"color: #000080;\"><strong>Wydzia\u0142 Prawa i Administracji U\u015a, Ko\u0142o Naukowe Prawa Karnego U\u015a<\/strong> <\/span>oraz <span style=\"color: #000080;\"><strong>Redakcja \u201eForum Polityki Kryminalnej\u201d<\/strong><\/span> serdecznie zapraszaj\u0105 na Og\u00f3lnopolsk\u0105 <em>Interdyscyplinarn\u0105 Konferencj\u0119 Naukow\u0105 \u201eV \u015al\u0105skie Forum Polityki Kryminalnej. Funkcje \u015brodk\u00f3w karnoprawnej reakcji i zasady ich wymiaru w perspektywie karnoprawnej, filozoficznoprawnej, kryminalnopolitycznej, penologicznej, pedagogicznej, psychologicznej i medialnej\u201d<\/em>, kt\u00f3ra odb\u0119dzie si\u0119 w dniu <strong>15 maja 2025 roku<\/strong>, w godz. <strong>10.00-15.00<\/strong> w <strong>formule zdalnej<\/strong>.<\/p>\n<p style=\"text-align: justify;\">To ju\u017c pi\u0105te spotkanie z cyklu zainaugurowanego w 2021 r. Dotychczasowe konferencje zaowocowa\u0142y tematycznymi numerami \u201e<a href=\"https:\/\/journals.us.edu.pl\/index.php\/FPK\/index\">Forum Polityki Kryminalnej<\/a>\u201d. Tym razem, przedmiotem naszej interdyscyplinarnej refleksji postanowili\u015bmy uczyni\u0107 kary i inne \u015brodki karnoprawnej reakcji. Pretekstem dla zainteresowania si\u0119 t\u0105 tematyk\u0105 s\u0105 zmiany Rozdzia\u0142u VI Kodeksu karnego. Ustawa z dnia 7 lipca 2022 r. o zmianie ustawy \u2013 Kodeks karny oraz niekt\u00f3rych innych ustaw g\u0142\u0119boko przeobrazi\u0142a zasady wymiaru kar i \u015brodk\u00f3w karnych. Komisja kodyfikacyjna prawa karnego powo\u0142ana 4 kwietnia 2024 r. przygotowa\u0142a zmiany w tym obszarze, kt\u00f3re nie s\u0105 prostym powrotem do stanu prawnego sprzed 1 pa\u017adziernika 2023 r. Otwarta pozostaje kwestia dalszych los\u00f3w projektu i ewentualnych kolejnych nowelizacji. Zasadnicze znaczenie dyrektyw wymiaru kary dla funkcjonowania prawa karnego sk\u0142ania do wszechstronnego namys\u0142u nad po\u017c\u0105danym ich kszta\u0142tem oraz konsekwencjami proponowanych rozwi\u0105za\u0144.<\/p>\n<p style=\"text-align: justify;\"><strong>Uprzejmie prosimy o zg\u0142aszanie propozycji wyst\u0105pie\u0144 w jednym z nast\u0119puj\u0105cych obszar\u00f3w zagadnie\u0144<\/strong>:<\/p>\n<ul style=\"text-align: justify;\">\n<li>Normatywny kszta\u0142t dyrektyw i zasad wymiaru kar i \u015brodk\u00f3w karnych a realizacja funkcji karania;<\/li>\n<li>Zak\u0142adane i realne funkcje poszczeg\u00f3lnych \u015brodk\u00f3w karnoprawnej reakcji;<\/li>\n<li>Funkcje \u015brodk\u00f3w karnoprawnej reakcji na etapie ich orzekania a wykonywania;<\/li>\n<li>Psychologiczne i spo\u0142eczne konsekwencje stosowania poszczeg\u00f3lnych \u015brodk\u00f3w karnoprawnej reakcji;<\/li>\n<li>Obraz wymiaru i wykonywania \u015brodk\u00f3w karnoprawnej reakcji prezentowany w mediach informacyjnych, spo\u0142eczno\u015bciowych i w popkulturze.<\/li>\n<\/ul>\n<p style=\"text-align: justify;\">Zg\u0142oszenia udzia\u0142u czynnego i kr\u00f3tkie (do 2000 znak\u00f3w) abstrakty przyjmujemy do <strong>23 marca 2025 roku<\/strong> poprzez formularz zg\u0142oszeniowy. W przypadku wi\u0119kszej liczby zg\u0142osze\u0144 Komitet Naukowy wybierze najlepsze z nich. Zg\u0142oszone referaty, po uzyskaniu pozytywnych recenzji, zostan\u0105 opublikowane w p\u00f3\u0142roczniku \u201eForum Polityki Kryminalnej\u201d. <strong>Na pisemne wersje referat\u00f3w przeznaczone do publikacji oczekujemy do 31 maja 2025 roku.<\/strong><\/p>\n<p style=\"text-align: justify;\"><strong>Udzia\u0142 bierny zg\u0142asza\u0107 mo\u017cna do 8 maja 2025 roku<\/strong> <a href=\"https:\/\/docs.google.com\/forms\/d\/e\/1FAIpQLSdQrVRQgKqdrtOjGe2-r2GYJDpsv0xx5pFCrq_GCb8aOxmkjQ\/viewform\">poprzez formularz<\/a>.<\/p>\n<p style=\"text-align: justify;\">Udzia\u0142 w konferencji (zar\u00f3wno czynny, jak i bierny) jest <strong>nieodp\u0142atny<\/strong>. Uczestnicy mog\u0105 liczy\u0107 na za\u015bwiadczenie udzia\u0142u w konferencji w wersji cyfrowej, referenci \u2013 tak\u017ce w wersji papierowej.<\/p>\n<p style=\"text-align: justify;\">Harmonogram konferencji oraz szczeg\u00f3\u0142owe informacje organizacyjne podane zostan\u0105 w <strong>po\u0142owie kwietnia<\/strong>.<\/p>\n<p style=\"text-align: justify;\">Bie\u017c\u0105ce informacje znajd\u0105 Pa\u0144stwo na stronie naszego wydarzenia na <a href=\"https:\/\/www.facebook.com\/events\/966535155414345\/?acontext=%7B%22ref%22%3A%2252%22%2C%22action_history%22%3A%22[%7B%5C%22surface%5C%22%3A%5C%22share_link%5C%22%2C%5C%22mechanism%5C%22%3A%5C%22share_link%5C%22%2C%5C%22extra_data%5C%22%3A%7B%5C%22invite_link_id%5C%22%3A584921341119595%7D%7D]%22%7D\">Facebooku<\/a>.<\/p>\n<p style=\"text-align: justify;\">Wszelkie pytania prosimy kierowa\u0107 na adres: <a href=\"mailto:forumpk@us.edu.pl\">forumpk@us.edu.pl<\/a>.<\/p>\n<p>\n<\/div>\r\n                    <\/div>\r\n                <\/div>[\/vc_column][\/vc_row]<\/p>","protected":false},"excerpt":{"rendered":"<p>[vc_row][vc_column][\/vc_column][\/vc_row] [&#8230;]<\/p>\n<p><a class=\"btn btn-secondary understrap-read-more-link\" href=\"https:\/\/us.edu.pl\/wydzial\/wpia\/event\/ogolnopolska-interdyscyplinarna-konferencja-naukowa-v-slaskie-forum-polityki-kryminalnej-funkcje-srodkow-karnoprawnej-reakcji-i-zasady-ich-wymiaru-w-perspektywie-karnoprawnej-filozoficznopr\/\">Read More&#8230;<\/a><\/p>\n","protected":false},"author":6981,"featured_media":0,"template":"","meta":{"_expiration-date-status":"","_expiration-date":0,"_expiration-date-type":"","_expiration-date-categories":[],"_expiration-date-options":[]},"acf":[],"_links":{"self":[{"href":"https:\/\/us.edu.pl\/wydzial\/wpia\/wp-json\/wp\/v2\/event\/183094"}],"collection":[{"href":"https:\/\/us.edu.pl\/wydzial\/wpia\/wp-json\/wp\/v2\/event"}],"about":[{"href":"https:\/\/us.edu.pl\/wydzial\/wpia\/wp-json\/wp\/v2\/types\/event"}],"author":[{"embeddable":true,"href":"https:\/\/us.edu.pl\/wydzial\/wpia\/wp-json\/wp\/v2\/users\/6981"}],"version-history":[{"count":4,"href":"https:\/\/us.edu.pl\/wydzial\/wpia\/wp-json\/wp\/v2\/event\/183094\/revisions"}],"predecessor-version":[{"id":186106,"href":"https:\/\/us.edu.pl\/wydzial\/wpia\/wp-json\/wp\/v2\/event\/183094\/revisions\/186106"}],"wp:attachment":[{"href":"https:\/\/us.edu.pl\/wydzial\/wpia\/wp-json\/wp\/v2\/media?parent=183094"}],"curies":[{"name":"wp","href":"https:\/\/api.w.org\/{rel}","templated":true}]}}

V Śląskie Forum Polityki Kryminalnej

<p>[vc_row][vc_column]
                <div class="text-modules">
                    <div class="container">
                        
                        <div class="text-modules__content"></p>
<p style="text-align: justify;"><span style="color: #000080;"><strong>Wydział Prawa i Administracji UŚ, Koło Naukowe Prawa Karnego UŚ</strong> </span>oraz <span style="color: #000080;"><strong>Redakcja „Forum Polityki Kryminalnej”</strong></span> serdecznie zapraszają na Ogólnopolską <em>Interdyscyplinarną Konferencję Naukową „V Śląskie Forum Polityki Kryminalnej. Funkcje środków karnoprawnej reakcji i zasady ich wymiaru w perspektywie karnoprawnej, filozoficznoprawnej, kryminalnopolitycznej, penologicznej, pedagogicznej, psychologicznej i medialnej”</em>, która odbędzie się w dniu <strong>15 maja 2025 roku</strong>, w godz. <strong>10.00-15.00</strong> w <strong>formule zdalnej</strong>.</p>
<p style="text-align: justify;">To już piąte spotkanie z cyklu zainaugurowanego w 2021 r. Dotychczasowe konferencje zaowocowały tematycznymi numerami „<a href="https://journals.us.edu.pl/index.php/FPK/index">Forum Polityki Kryminalnej</a>”. Tym razem, przedmiotem naszej interdyscyplinarnej refleksji postanowiliśmy uczynić kary i inne środki karnoprawnej reakcji. Pretekstem dla zainteresowania się tą tematyką są zmiany Rozdziału VI Kodeksu karnego. Ustawa z dnia 7 lipca 2022 r. o zmianie ustawy – Kodeks karny oraz niektórych innych ustaw głęboko przeobraziła zasady wymiaru kar i środków karnych. Komisja kodyfikacyjna prawa karnego powołana 4 kwietnia 2024 r. przygotowała zmiany w tym obszarze, które nie są prostym powrotem do stanu prawnego sprzed 1 października 2023 r. Otwarta pozostaje kwestia dalszych losów projektu i ewentualnych kolejnych nowelizacji. Zasadnicze znaczenie dyrektyw wymiaru kary dla funkcjonowania prawa karnego skłania do wszechstronnego namysłu nad pożądanym ich kształtem oraz konsekwencjami proponowanych rozwiązań.</p>
<p style="text-align: justify;"><strong>Uprzejmie prosimy o zgłaszanie propozycji wystąpień w jednym z następujących obszarów zagadnień</strong>:</p>
<ul style="text-align: justify;">
<li>Normatywny kształt dyrektyw i zasad wymiaru kar i środków karnych a realizacja funkcji karania;</li>
<li>Zakładane i realne funkcje poszczególnych środków karnoprawnej reakcji;</li>
<li>Funkcje środków karnoprawnej reakcji na etapie ich orzekania a wykonywania;</li>
<li>Psychologiczne i społeczne konsekwencje stosowania poszczególnych środków karnoprawnej reakcji;</li>
<li>Obraz wymiaru i wykonywania środków karnoprawnej reakcji prezentowany w mediach informacyjnych, społecznościowych i w popkulturze.</li>
</ul>
<p style="text-align: justify;">Zgłoszenia udziału czynnego i krótkie (do 2000 znaków) abstrakty przyjmujemy do <strong>23 marca 2025 roku</strong> poprzez formularz zgłoszeniowy. W przypadku większej liczby zgłoszeń Komitet Naukowy wybierze najlepsze z nich. Zgłoszone referaty, po uzyskaniu pozytywnych recenzji, zostaną opublikowane w półroczniku „Forum Polityki Kryminalnej”. <strong>Na pisemne wersje referatów przeznaczone do publikacji oczekujemy do 31 maja 2025 roku.</strong></p>
<p style="text-align: justify;"><strong>Udział bierny zgłaszać można do 8 maja 2025 roku</strong> <a href="https://docs.google.com/forms/d/e/1FAIpQLSdQrVRQgKqdrtOjGe2-r2GYJDpsv0xx5pFCrq_GCb8aOxmkjQ/viewform">poprzez formularz</a>.</p>
<p style="text-align: justify;">Udział w konferencji (zarówno czynny, jak i bierny) jest <strong>nieodpłatny</strong>. Uczestnicy mogą liczyć na zaświadczenie udziału w konferencji w wersji cyfrowej, referenci – także w wersji papierowej.</p>
<p style="text-align: justify;">Harmonogram konferencji oraz szczegółowe informacje organizacyjne podane zostaną w <strong>połowie kwietnia</strong>.</p>
<p style="text-align: justify;">Bieżące informacje znajdą Państwo na stronie naszego wydarzenia na <a href="https://www.facebook.com/events/966535155414345/?acontext=%7B%22ref%22%3A%2252%22%2C%22action_history%22%3A%22[%7B%5C%22surface%5C%22%3A%5C%22share_link%5C%22%2C%5C%22mechanism%5C%22%3A%5C%22share_link%5C%22%2C%5C%22extra_data%5C%22%3A%7B%5C%22invite_link_id%5C%22%3A584921341119595%7D%7D]%22%7D">Facebooku</a>.</p>
<p style="text-align: justify;">Wszelkie pytania prosimy kierować na adres: <a href="mailto:forumpk@us.edu.pl">forumpk@us.edu.pl</a>.</p>
<p>
</div>
                    </div>
                </div>[/vc_column][/vc_row]</p>
