{"id":184619,"date":"2025-03-11T12:53:48","date_gmt":"2025-03-11T11:53:48","guid":{"rendered":"https:\/\/us.edu.pl\/wydzial\/wpia\/?post_type=event&#038;p=184619"},"modified":"2025-03-11T12:49:09","modified_gmt":"2025-03-11T10:49:09","slug":"spotkanie-informacyjne-na-temat-sojuszutransform4europe-i-nawa-mobility","status":"publish","type":"event","link":"https:\/\/us.edu.pl\/wydzial\/wpia\/event\/spotkanie-informacyjne-na-temat-sojuszutransform4europe-i-nawa-mobility\/","title":{"rendered":"Spotkanie informacyjne na temat SojuszuTransform4Europe i NAWA Mobility"},"content":{"rendered":"<p>[vc_row][vc_column]\r\n                <div class=\"text-modules\">\r\n                    <div class=\"container\">\r\n                        \r\n                        <div class=\"text-modules__content\"><\/p>\n<p style=\"text-align: justify;\"><span data-contrast=\"auto\">Zapraszamy do udzia\u0142u w spotkaniu informacyjnym na temat <strong>mo\u017cliwo\u015bci dotycz\u0105cych aktywno\u015bci mi\u0119dzynarodowej<\/strong> pracownik\u00f3w Wydzia\u0142u w ramach Sojuszu <strong>Transform4Europe<\/strong> i <strong>NAWA Mobility<\/strong>.<\/span><span data-ccp-props=\"{&quot;134233117&quot;:false,&quot;134233118&quot;:false,&quot;335551550&quot;:6,&quot;335551620&quot;:6,&quot;335559738&quot;:240,&quot;335559739&quot;:240}\">\u00a0<\/span><\/p>\n<p style=\"text-align: justify;\"><span data-contrast=\"auto\">Spotkanie odb\u0119dzie si\u0119 w dniu <\/span><b><span data-contrast=\"auto\">8 kwietnia 2025 roku, godz. 10.00-11.30<\/span><\/b> <b><span data-contrast=\"auto\">w sali plenarnej<\/span><\/b><span data-contrast=\"auto\"> (<\/span><b><span data-contrast=\"auto\">1.4<\/span><\/b><span data-contrast=\"auto\">).<\/span><span data-ccp-props=\"{&quot;134233117&quot;:false,&quot;134233118&quot;:false,&quot;335551550&quot;:6,&quot;335551620&quot;:6,&quot;335559738&quot;:240,&quot;335559739&quot;:240}\">\u00a0<\/span><\/p>\n<p style=\"text-align: justify;\"><span data-contrast=\"auto\">Go\u015b\u0107mi spotkania b\u0119d\u0105 <span style=\"color: #000080;\"><strong>prof. dr hab. Tomasz Pietrzykowski \u2013 <\/strong><span style=\"color: #000000;\">prorektor<\/span><\/span>\u00a0ds. wsp\u00f3\u0142pracy mi\u0119dzynarodowej i krajowej Uniwersytetu \u015al\u0105skiego oraz <span style=\"color: #000080;\"><strong>Anna Olender-Sta\u015bkiewicz<\/strong> <\/span>\u2013 Kierownik Biura T4EU.<\/span><span data-ccp-props=\"{&quot;134233117&quot;:false,&quot;134233118&quot;:false,&quot;335551550&quot;:6,&quot;335551620&quot;:6,&quot;335559738&quot;:240,&quot;335559739&quot;:240}\">\u00a0<\/span><\/p>\n<p>\n<\/div>\r\n                    <\/div>\r\n                <\/div>[\/vc_column][\/vc_row]<\/p>","protected":false},"excerpt":{"rendered":"<p>[vc_row][vc_column][\/vc_column][\/vc_row] [&#8230;]<\/p>\n<p><a class=\"btn btn-secondary understrap-read-more-link\" href=\"https:\/\/us.edu.pl\/wydzial\/wpia\/event\/spotkanie-informacyjne-na-temat-sojuszutransform4europe-i-nawa-mobility\/\">Read More&#8230;<\/a><\/p>\n","protected":false},"author":6981,"featured_media":0,"template":"","meta":{"_expiration-date-status":"","_expiration-date":0,"_expiration-date-type":"","_expiration-date-categories":[],"_expiration-date-options":[]},"acf":[],"_links":{"self":[{"href":"https:\/\/us.edu.pl\/wydzial\/wpia\/wp-json\/wp\/v2\/event\/184619"}],"collection":[{"href":"https:\/\/us.edu.pl\/wydzial\/wpia\/wp-json\/wp\/v2\/event"}],"about":[{"href":"https:\/\/us.edu.pl\/wydzial\/wpia\/wp-json\/wp\/v2\/types\/event"}],"author":[{"embeddable":true,"href":"https:\/\/us.edu.pl\/wydzial\/wpia\/wp-json\/wp\/v2\/users\/6981"}],"version-history":[{"count":3,"href":"https:\/\/us.edu.pl\/wydzial\/wpia\/wp-json\/wp\/v2\/event\/184619\/revisions"}],"predecessor-version":[{"id":186207,"href":"https:\/\/us.edu.pl\/wydzial\/wpia\/wp-json\/wp\/v2\/event\/184619\/revisions\/186207"}],"wp:attachment":[{"href":"https:\/\/us.edu.pl\/wydzial\/wpia\/wp-json\/wp\/v2\/media?parent=184619"}],"curies":[{"name":"wp","href":"https:\/\/api.w.org\/{rel}","templated":true}]}}

<p>[vc_row][vc_column]
                <div class="text-modules">
                    <div class="container">
                        
                        <div class="text-modules__content"></p>
<p style="text-align: justify;"><span data-contrast="auto">Zapraszamy do udziału w spotkaniu informacyjnym na temat <strong>możliwości dotyczących aktywności międzynarodowej</strong> pracowników Wydziału w ramach Sojuszu <strong>Transform4Europe</strong> i <strong>NAWA Mobility</strong>.</span><span data-ccp-props="{&quot;134233117&quot;:false,&quot;134233118&quot;:false,&quot;335551550&quot;:6,&quot;335551620&quot;:6,&quot;335559738&quot;:240,&quot;335559739&quot;:240}"> </span></p>
<p style="text-align: justify;"><span data-contrast="auto">Spotkanie odbędzie się w dniu </span><b><span data-contrast="auto">8 kwietnia 2025 roku, godz. 10.00-11.30</span></b> <b><span data-contrast="auto">w sali plenarnej</span></b><span data-contrast="auto"> (</span><b><span data-contrast="auto">1.4</span></b><span data-contrast="auto">).</span><span data-ccp-props="{&quot;134233117&quot;:false,&quot;134233118&quot;:false,&quot;335551550&quot;:6,&quot;335551620&quot;:6,&quot;335559738&quot;:240,&quot;335559739&quot;:240}"> </span></p>
<p style="text-align: justify;"><span data-contrast="auto">Gośćmi spotkania będą <span style="color: #000080;"><strong>prof. dr hab. Tomasz Pietrzykowski – </strong><span style="color: #000000;">prorektor</span></span> ds. współpracy międzynarodowej i krajowej Uniwersytetu Śląskiego oraz <span style="color: #000080;"><strong>Anna Olender-Staśkiewicz</strong> </span>– Kierownik Biura T4EU.</span><span data-ccp-props="{&quot;134233117&quot;:false,&quot;134233118&quot;:false,&quot;335551550&quot;:6,&quot;335551620&quot;:6,&quot;335559738&quot;:240,&quot;335559739&quot;:240}"> </span></p>
<p>
</div>
                    </div>
                </div>[/vc_column][/vc_row]</p>
