{"id":185660,"date":"2025-03-28T12:29:06","date_gmt":"2025-03-28T11:29:06","guid":{"rendered":"https:\/\/us.edu.pl\/wydzial\/wpia\/?post_type=event&#038;p=185660"},"modified":"2025-03-28T12:29:06","modified_gmt":"2025-03-28T11:29:06","slug":"czy-mozna-wynajac-wlasny-grob-prelekcja-dra-bartosza-kuci","status":"publish","type":"event","link":"https:\/\/us.edu.pl\/wydzial\/wpia\/event\/czy-mozna-wynajac-wlasny-grob-prelekcja-dra-bartosza-kuci\/","title":{"rendered":"&#8221;Czy mo\u017cna wynaj\u0105\u0107 w\u0142asny gr\u00f3b?&#8221; &#8211; prelekcja dra Bartosza Kuci"},"content":{"rendered":"<p>[vc_row][vc_column]\r\n                <div class=\"text-modules\">\r\n                    <div class=\"container\">\r\n                        \r\n                        <div class=\"text-modules__content\"><\/p>\n<p style=\"text-align: justify;\">Czy gr\u00f3b mo\u017ce by\u0107 przedmiotem wynajmu? Jakie prawa i obowi\u0105zki wi\u0105\u017c\u0105 si\u0119 z zarz\u0105dzaniem miejscami poch\u00f3wku? Na te i wiele innych pyta\u0144 odpowie <span style=\"color: #000080;\"><strong>dr Bartosz Kucia<\/strong><\/span> \u2013 ekspert w dziedzinie prawa cywilnego podczas spotkania <span style=\"color: #000080;\"><strong>Ko\u0142a Naukowego Prawa Cywilnego <em>Sapere Aude<\/em><\/strong><\/span>!<\/p>\n<p style=\"text-align: justify;\">Podczas wydarzenia dowiecie si\u0119 wi\u0119cej odno\u015bnie statusu prawnego miejsc poch\u00f3wku w Polsce, poznacie mo\u017cliwo\u015bci zawierania um\u00f3w dotycz\u0105cych grob\u00f3w oraz por\u00f3wnacie regulacje prawne w kraju i za granic\u0105. Om\u00f3wione zostan\u0105 tak\u017ce praktyczne konsekwencje tych przepis\u00f3w oraz potencjalne kierunki ich rozwoju.<\/p>\n<p>Dla os\u00f3b zainteresowanych mamy jeszcze par\u0119 informacji organizacyjnych:<\/p>\n<ul>\n<li><strong>8 kwietnia 2025 roku, godz. 17.15<\/strong><\/li>\n<li><strong>aula nr 4<\/strong><\/li>\n<li>obserwujcie <a href=\"https:\/\/www.facebook.com\/events\/1676901533032814\">wydarzenie na Facebooku<\/a>, aby by\u0107 na bie\u017c\u0105co ze wszystkim aktualno\u015bciami.<\/li>\n<\/ul>\n<p>\n<\/div>\r\n                    <\/div>\r\n                <\/div>[\/vc_column][\/vc_row]<\/p>","protected":false},"excerpt":{"rendered":"<p>[vc_row][vc_column][\/vc_column][\/vc_row] [&#8230;]<\/p>\n<p><a class=\"btn btn-secondary understrap-read-more-link\" href=\"https:\/\/us.edu.pl\/wydzial\/wpia\/event\/czy-mozna-wynajac-wlasny-grob-prelekcja-dra-bartosza-kuci\/\">Read More&#8230;<\/a><\/p>\n","protected":false},"author":6981,"featured_media":0,"template":"","meta":{"_expiration-date-status":"","_expiration-date":0,"_expiration-date-type":"","_expiration-date-categories":[],"_expiration-date-options":[]},"acf":[],"_links":{"self":[{"href":"https:\/\/us.edu.pl\/wydzial\/wpia\/wp-json\/wp\/v2\/event\/185660"}],"collection":[{"href":"https:\/\/us.edu.pl\/wydzial\/wpia\/wp-json\/wp\/v2\/event"}],"about":[{"href":"https:\/\/us.edu.pl\/wydzial\/wpia\/wp-json\/wp\/v2\/types\/event"}],"author":[{"embeddable":true,"href":"https:\/\/us.edu.pl\/wydzial\/wpia\/wp-json\/wp\/v2\/users\/6981"}],"version-history":[{"count":3,"href":"https:\/\/us.edu.pl\/wydzial\/wpia\/wp-json\/wp\/v2\/event\/185660\/revisions"}],"predecessor-version":[{"id":186194,"href":"https:\/\/us.edu.pl\/wydzial\/wpia\/wp-json\/wp\/v2\/event\/185660\/revisions\/186194"}],"wp:attachment":[{"href":"https:\/\/us.edu.pl\/wydzial\/wpia\/wp-json\/wp\/v2\/media?parent=185660"}],"curies":[{"name":"wp","href":"https:\/\/api.w.org\/{rel}","templated":true}]}}

&#8221;Czy można wynająć własny grób?&#8221; &#8211; prelekcja dra Bartosza Kuci

<p>[vc_row][vc_column]
                <div class="text-modules">
                    <div class="container">
                        
                        <div class="text-modules__content"></p>
<p style="text-align: justify;">Czy grób może być przedmiotem wynajmu? Jakie prawa i obowiązki wiążą się z zarządzaniem miejscami pochówku? Na te i wiele innych pytań odpowie <span style="color: #000080;"><strong>dr Bartosz Kucia</strong></span> – ekspert w dziedzinie prawa cywilnego podczas spotkania <span style="color: #000080;"><strong>Koła Naukowego Prawa Cywilnego <em>Sapere Aude</em></strong></span>!</p>
<p style="text-align: justify;">Podczas wydarzenia dowiecie się więcej odnośnie statusu prawnego miejsc pochówku w Polsce, poznacie możliwości zawierania umów dotyczących grobów oraz porównacie regulacje prawne w kraju i za granicą. Omówione zostaną także praktyczne konsekwencje tych przepisów oraz potencjalne kierunki ich rozwoju.</p>
<p>Dla osób zainteresowanych mamy jeszcze parę informacji organizacyjnych:</p>
<ul>
<li><strong>8 kwietnia 2025 roku, godz. 17.15</strong></li>
<li><strong>aula nr 4</strong></li>
<li>obserwujcie <a href="https://www.facebook.com/events/1676901533032814">wydarzenie na Facebooku</a>, aby być na bieżąco ze wszystkim aktualnościami.</li>
</ul>
<p>
</div>
                    </div>
                </div>[/vc_column][/vc_row]</p>
