{"id":193003,"date":"2025-09-10T12:44:39","date_gmt":"2025-09-10T10:44:39","guid":{"rendered":"https:\/\/us.edu.pl\/wydzial\/wpia\/?post_type=event&#038;p=193003"},"modified":"2025-09-10T12:44:39","modified_gmt":"2025-09-10T10:44:39","slug":"zaproszenie-na-konferencje-stem-w-ramach-projektu-slaskie-inwestujemy-w-talenty-plus","status":"publish","type":"event","link":"https:\/\/us.edu.pl\/wydzial\/wpia\/event\/zaproszenie-na-konferencje-stem-w-ramach-projektu-slaskie-inwestujemy-w-talenty-plus\/","title":{"rendered":"Zaproszenie na Konferencj\u0119 STEM w ramach Projektu &#8222;\u015al\u0105skie. Inwestujemy w Talenty Plus&#8221;"},"content":{"rendered":"<p>[vc_row][vc_column]\r\n                <div class=\"text-modules\">\r\n                    <div class=\"container\">\r\n                        \r\n                        <div class=\"text-modules__content\"><p>Zapraszamy do udzia\u0142u w Konferencji STEM, kt\u00f3ra odb\u0119dzie si\u0119\u00a0<b>23.09.2025 r., w\u00a0godzinach od 9:00 do 14:00 na Wydziale Prawa i Administracji Uniwersytetu \u015al\u0105skiego w Katowicach przy ul. Bankowej 11b w Katowicach<\/b>.<br \/>\nCelem wydarzenia jest\u00a0<b>promowanie kompetencji STEM<\/b>. Metoda STEM, \u0142\u0105czy elementy nauki (Science), technologii (Technology), in\u017cynierii (Engineering) oraz matematyki (Mathematics), co stanowi\u00a0<b>nowoczesne podej\u015bcie do edukacji<\/b>. Jej g\u0142\u00f3wnym celem jest\u00a0<b>rozw\u00f3j umiej\u0119tno\u015bci krytycznego my\u015blenia oraz innowacyjnych rozwi\u0105za\u0144<\/b>\u00a0w\u015br\u00f3d uczni\u00f3w.<br \/>\nWydarzenie obfitowa\u0107 b\u0119dzie w ciekawe tre\u015bci edukacyjne. Znakomici prelegenci podziel\u0105 si\u0119 swoimi do\u015bwiadczeniami i dobrymi praktykami z zakresu innowacyjnych modeli nauczania rozwijaj\u0105cych kompetencje przysz\u0142o\u015bci, doradztwa zawodowego, wiedz\u0105 dotycz\u0105c\u0105 sfery psychologicznej m\u0142odzie\u017cy obejmuj\u0105c\u0105 sp\u00f3jno\u015b\u0107 spo\u0142eczn\u0105 i tolerancj\u0119 oraz kluczow\u0105 rol\u0119 odporno\u015bci psychicznej i jej budowanie u nastolatk\u00f3w.<br \/>\n<u>Uczestnikami konferencji b\u0119d\u0105 uczniowie\/uczennice, nauczyciele szk\u00f3\u0142 podstawowych oraz ponadpodstawowych, wyk\u0142adowcy uczelni wy\u017cszych, rodzice uczni\u00f3w bior\u0105cych udzia\u0142 w konferencji.<\/u><\/p>\n<p>Informacje o wydarzeniu\u00a0i zasadach rekrutacji:\u00a0\u00a0<a href=\"https:\/\/funduszeue.slaskie.pl\/web\/guest\/w\/slaskie-inwestuje-w-talenty\">https:\/\/funduszeue.slaskie.pl\/web\/guest\/w\/slaskie-inwestuje-w-talenty<\/a><\/p>\n<\/div>\r\n                    <\/div>\r\n                <\/div>[\/vc_column][\/vc_row]<\/p>","protected":false},"excerpt":{"rendered":"<p>[vc_row][vc_column][\/vc_column][\/vc_row] [&#8230;]<\/p>\n<p><a class=\"btn btn-secondary understrap-read-more-link\" href=\"https:\/\/us.edu.pl\/wydzial\/wpia\/event\/zaproszenie-na-konferencje-stem-w-ramach-projektu-slaskie-inwestujemy-w-talenty-plus\/\">Read More&#8230;<\/a><\/p>\n","protected":false},"author":107,"featured_media":193006,"template":"","meta":{"_expiration-date-status":"","_expiration-date":0,"_expiration-date-type":"","_expiration-date-categories":[],"_expiration-date-options":[]},"acf":[],"_links":{"self":[{"href":"https:\/\/us.edu.pl\/wydzial\/wpia\/wp-json\/wp\/v2\/event\/193003"}],"collection":[{"href":"https:\/\/us.edu.pl\/wydzial\/wpia\/wp-json\/wp\/v2\/event"}],"about":[{"href":"https:\/\/us.edu.pl\/wydzial\/wpia\/wp-json\/wp\/v2\/types\/event"}],"author":[{"embeddable":true,"href":"https:\/\/us.edu.pl\/wydzial\/wpia\/wp-json\/wp\/v2\/users\/107"}],"version-history":[{"count":3,"href":"https:\/\/us.edu.pl\/wydzial\/wpia\/wp-json\/wp\/v2\/event\/193003\/revisions"}],"predecessor-version":[{"id":193008,"href":"https:\/\/us.edu.pl\/wydzial\/wpia\/wp-json\/wp\/v2\/event\/193003\/revisions\/193008"}],"wp:featuredmedia":[{"embeddable":true,"href":"https:\/\/us.edu.pl\/wydzial\/wpia\/wp-json\/wp\/v2\/media\/193006"}],"wp:attachment":[{"href":"https:\/\/us.edu.pl\/wydzial\/wpia\/wp-json\/wp\/v2\/media?parent=193003"}],"curies":[{"name":"wp","href":"https:\/\/api.w.org\/{rel}","templated":true}]}}

Zaproszenie na Konferencję STEM w ramach Projektu &#8222;Śląskie. Inwestujemy w Talenty Plus&#8221;

<p>[vc_row][vc_column]
                <div class="text-modules">
                    <div class="container">
                        
                        <div class="text-modules__content"><p>Zapraszamy do udziału w Konferencji STEM, która odbędzie się <b>23.09.2025 r., w godzinach od 9:00 do 14:00 na Wydziale Prawa i Administracji Uniwersytetu Śląskiego w Katowicach przy ul. Bankowej 11b w Katowicach</b>.<br />
Celem wydarzenia jest <b>promowanie kompetencji STEM</b>. Metoda STEM, łączy elementy nauki (Science), technologii (Technology), inżynierii (Engineering) oraz matematyki (Mathematics), co stanowi <b>nowoczesne podejście do edukacji</b>. Jej głównym celem jest <b>rozwój umiejętności krytycznego myślenia oraz innowacyjnych rozwiązań</b> wśród uczniów.<br />
Wydarzenie obfitować będzie w ciekawe treści edukacyjne. Znakomici prelegenci podzielą się swoimi doświadczeniami i dobrymi praktykami z zakresu innowacyjnych modeli nauczania rozwijających kompetencje przyszłości, doradztwa zawodowego, wiedzą dotyczącą sfery psychologicznej młodzieży obejmującą spójność społeczną i tolerancję oraz kluczową rolę odporności psychicznej i jej budowanie u nastolatków.<br />
<u>Uczestnikami konferencji będą uczniowie/uczennice, nauczyciele szkół podstawowych oraz ponadpodstawowych, wykładowcy uczelni wyższych, rodzice uczniów biorących udział w konferencji.</u></p>
<p>Informacje o wydarzeniu i zasadach rekrutacji:  <a href="https://funduszeue.slaskie.pl/web/guest/w/slaskie-inwestuje-w-talenty">https://funduszeue.slaskie.pl/web/guest/w/slaskie-inwestuje-w-talenty</a></p>
</div>
                    </div>
                </div>[/vc_column][/vc_row]</p>
