{"id":193808,"date":"2025-10-06T09:24:11","date_gmt":"2025-10-06T07:24:11","guid":{"rendered":"https:\/\/us.edu.pl\/wydzial\/wpia\/?post_type=event&#038;p=193808"},"modified":"2025-10-06T09:23:41","modified_gmt":"2025-10-06T07:23:41","slug":"zaproszenie-na-posiedzenie-pan-pazdziernik-2025","status":"publish","type":"event","link":"https:\/\/us.edu.pl\/wydzial\/wpia\/event\/zaproszenie-na-posiedzenie-pan-pazdziernik-2025\/","title":{"rendered":"Zaproszenie na posiedzenie PAN &#8211; pa\u017adziernik 2025"},"content":{"rendered":"<p>[vc_row][vc_column]\r\n                <div class=\"text-modules\">\r\n                    <div class=\"container\">\r\n                        \r\n                        <div class=\"text-modules__content\"><p>Prezydium Sekcji Nauk Prawnych serdecznie zaprasza na posiedzenie PAN, kt\u00f3re odb\u0119dzie si\u0119 w dniu <strong>13 pa\u017adziernika 2025 roku o godz. 13.45<\/strong>.<\/p>\n<p>Podczas spotkania <span style=\"color: #000080;\"><strong>dr Alexander Martin Juranek<\/strong><\/span> wyg\u0142osi referat pt. &#8222;Ochrona konsument\u00f3w na \u201ezielonym rynku\u201d produkt\u00f3w i us\u0142ug \u2013 o greenwashingu i problematyce tzw. eko\u015bciemy. Refleksje na tle dyrektywy Parlamentu Europejskiego i Rady (UE) 2024\/825 z 28 lutego 2024 r.&#8221;<\/p>\n<p>Spotkanie odb\u0119dzie si\u0119 w <strong>formule hybrydowej \u2014<\/strong> w\u00a0sali plenarnej WPiA U\u015a (p. 1.4, I pi\u0119tro) oraz poprzez platform\u0119 Zoom.<\/p>\n<p>Identyfikator spotkania: 845 8595 3140<\/p>\n<p>Kod dost\u0119pu: 270767<\/p>\n<p>Pe\u0142na tre\u015b\u0107 zaproszenia znajduje si\u0119 w za\u0142\u0105czniku: <a href=\"https:\/\/us.edu.pl\/wydzial\/wpia\/wp-content\/uploads\/sites\/19\/Bez-kategorii\/PAN_Zaproszenie-pazdziernik-2025.pdf\" class=\"mtli_attachment mtli_pdf\" data-mtli=\"mtli_filesize211,15kB\" class=\"mtli_attachment mtli_pdf\" data-mtli=\"mtli_filesize211,15kB\">PAN_Zaproszenie pa\u017adziernik 2025<\/a><\/p>\n<style type=\"text\/css\">a[data-mtli~=\"mtli_filesize211,15kB\"]:after {content:\" (211,15 kB)\"}<\/style><\/div>\r\n                    <\/div>\r\n                <\/div>[\/vc_column][\/vc_row]<\/p>\n<style type=\"text\/css\">a[data-mtli~=\"mtli_filesize211,15kB\"]:after {content:\" (211,15 kB)\"}<\/style>","protected":false},"excerpt":{"rendered":"<p>[vc_row][vc_column][\/vc_column][\/vc_row] [&#8230;]<\/p>\n<p><a class=\"btn btn-secondary understrap-read-more-link\" href=\"https:\/\/us.edu.pl\/wydzial\/wpia\/event\/zaproszenie-na-posiedzenie-pan-pazdziernik-2025\/\">Read More&#8230;<\/a><\/p>\n","protected":false},"author":6981,"featured_media":0,"template":"","meta":{"_expiration-date-status":"","_expiration-date":0,"_expiration-date-type":"","_expiration-date-categories":[],"_expiration-date-options":[]},"acf":[],"_links":{"self":[{"href":"https:\/\/us.edu.pl\/wydzial\/wpia\/wp-json\/wp\/v2\/event\/193808"}],"collection":[{"href":"https:\/\/us.edu.pl\/wydzial\/wpia\/wp-json\/wp\/v2\/event"}],"about":[{"href":"https:\/\/us.edu.pl\/wydzial\/wpia\/wp-json\/wp\/v2\/types\/event"}],"author":[{"embeddable":true,"href":"https:\/\/us.edu.pl\/wydzial\/wpia\/wp-json\/wp\/v2\/users\/6981"}],"version-history":[{"count":2,"href":"https:\/\/us.edu.pl\/wydzial\/wpia\/wp-json\/wp\/v2\/event\/193808\/revisions"}],"predecessor-version":[{"id":193811,"href":"https:\/\/us.edu.pl\/wydzial\/wpia\/wp-json\/wp\/v2\/event\/193808\/revisions\/193811"}],"wp:attachment":[{"href":"https:\/\/us.edu.pl\/wydzial\/wpia\/wp-json\/wp\/v2\/media?parent=193808"}],"curies":[{"name":"wp","href":"https:\/\/api.w.org\/{rel}","templated":true}]}}

Zaproszenie na posiedzenie PAN &#8211; październik 2025

<p>[vc_row][vc_column]
                <div class="text-modules">
                    <div class="container">
                        
                        <div class="text-modules__content"><p>Prezydium Sekcji Nauk Prawnych serdecznie zaprasza na posiedzenie PAN, które odbędzie się w dniu <strong>13 października 2025 roku o godz. 13.45</strong>.</p>
<p>Podczas spotkania <span style="color: #000080;"><strong>dr Alexander Martin Juranek</strong></span> wygłosi referat pt. &#8222;Ochrona konsumentów na „zielonym rynku” produktów i usług – o greenwashingu i problematyce tzw. ekościemy. Refleksje na tle dyrektywy Parlamentu Europejskiego i Rady (UE) 2024/825 z 28 lutego 2024 r.&#8221;</p>
<p>Spotkanie odbędzie się w <strong>formule hybrydowej —</strong> w sali plenarnej WPiA UŚ (p. 1.4, I piętro) oraz poprzez platformę Zoom.</p>
<p>Identyfikator spotkania: 845 8595 3140</p>
<p>Kod dostępu: 270767</p>
<p>Pełna treść zaproszenia znajduje się w załączniku: <a href="https://us.edu.pl/wydzial/wpia/wp-content/uploads/sites/19/Bez-kategorii/PAN_Zaproszenie-pazdziernik-2025.pdf" class="mtli_attachment mtli_pdf" data-mtli="mtli_filesize211,15kB" class="mtli_attachment mtli_pdf" data-mtli="mtli_filesize211,15kB">PAN_Zaproszenie październik 2025</a></p>
<style type="text/css">a[data-mtli~="mtli_filesize211,15kB"]:after {content:" (211,15 kB)"}</style></div>
                    </div>
                </div>[/vc_column][/vc_row]</p>
<style type="text/css">a[data-mtli~="mtli_filesize211,15kB"]:after {content:" (211,15 kB)"}</style>
