{"id":194832,"date":"2025-11-28T11:52:23","date_gmt":"2025-11-28T10:52:23","guid":{"rendered":"https:\/\/us.edu.pl\/wydzial\/wpia\/?post_type=event&#038;p=194832"},"modified":"2025-11-28T11:49:51","modified_gmt":"2025-11-28T09:49:51","slug":"biuro-karier-swiateczne-stoisko-w-cinibie","status":"publish","type":"event","link":"https:\/\/us.edu.pl\/wydzial\/wpia\/event\/biuro-karier-swiateczne-stoisko-w-cinibie\/","title":{"rendered":"Biuro Karier: \u015bwi\u0105teczne stoisko w CINiBie"},"content":{"rendered":"<p>[vc_row][vc_column]\r\n                <div class=\"text-modules\">\r\n                    <div class=\"container\">\r\n                        \r\n                        <div class=\"text-modules__content\"><p>W dniu <strong>9 grudnia 2025 roku od godz. 9.00<\/strong> Biuro Karier Uniwersytetu \u015al\u0105skiego serdecznie zaprasza na <strong>\u015bwi\u0105teczne stoisko PwC Service Delivery Center Poland Sp. z o.o.<\/strong>\u00a0w\u00a0holu g\u0142\u00f3wnym\u00a0Centrum Informacji Naukowej i Biblioteki Akademickiej w Katowicach (CINiBA).<span id=\"more-60146\"><\/span><\/p>\n<p>Do\u0142\u0105cz do wyj\u0105tkowej\u00a0<strong>\u015bwi\u0105tecznej akcji charytatywnej<\/strong> i pom\u00f3\u017c wprowadzi\u0107 magi\u0119 \u015awi\u0105t do Domu Pomocy Spo\u0142ecznej \u201eZacisze\u201d!<\/p>\n<p>Razem stworzymy\u00a0<strong>eko-dekoracje<\/strong>\u00a0z naturalnych drewnianych plastr\u00f3w \u2013 pi\u0119kne zawieszki na choink\u0119 i stroiki, kt\u00f3re sprawi\u0105 rado\u015b\u0107 mieszka\u0144com DPS.<\/p>\n<p>To nie tylko okazja, by zrobi\u0107 co\u015b dobrego, ale tak\u017ce:<\/p>\n<ul>\n<li>poczu\u0107 \u015bwi\u0105teczn\u0105 atmosfer\u0119,<\/li>\n<li>pozna\u0107 firm\u0119 PwC Service Delivery Center Poland,<\/li>\n<li>dowiedzie\u0107 si\u0119 wi\u0119cej o aktualnych procesach rekrutacyjnych.<\/li>\n<\/ul>\n<p><strong>Twoja kreatywno\u015b\u0107 mo\u017ce komu\u015b podarowa\u0107 u\u015bmiech!<br \/>\n<\/strong><br \/>\nPrzyjd\u017a, zaanga\u017cuj si\u0119 i pom\u00f3\u017c nam stworzy\u0107 wyj\u0105tkowy klimat \u015awi\u0105t.<\/p>\n<p>Wydarzenie kierowane jest do wszystkich os\u00f3b studiuj\u0105cych na Uniwersytecie \u015al\u0105skiem w Katowicach, niezale\u017cnie od kierunku studi\u00f3w. Wst\u0119p wolny!<\/p>\n<\/div>\r\n                    <\/div>\r\n                <\/div>[\/vc_column][\/vc_row]<\/p>","protected":false},"excerpt":{"rendered":"<p>[vc_row][vc_column][\/vc_column][\/vc_row] [&#8230;]<\/p>\n<p><a class=\"btn btn-secondary understrap-read-more-link\" href=\"https:\/\/us.edu.pl\/wydzial\/wpia\/event\/biuro-karier-swiateczne-stoisko-w-cinibie\/\">Read More&#8230;<\/a><\/p>\n","protected":false},"author":6981,"featured_media":0,"template":"","meta":{"_expiration-date-status":"","_expiration-date":0,"_expiration-date-type":"","_expiration-date-categories":[],"_expiration-date-options":[]},"acf":[],"_links":{"self":[{"href":"https:\/\/us.edu.pl\/wydzial\/wpia\/wp-json\/wp\/v2\/event\/194832"}],"collection":[{"href":"https:\/\/us.edu.pl\/wydzial\/wpia\/wp-json\/wp\/v2\/event"}],"about":[{"href":"https:\/\/us.edu.pl\/wydzial\/wpia\/wp-json\/wp\/v2\/types\/event"}],"author":[{"embeddable":true,"href":"https:\/\/us.edu.pl\/wydzial\/wpia\/wp-json\/wp\/v2\/users\/6981"}],"version-history":[{"count":1,"href":"https:\/\/us.edu.pl\/wydzial\/wpia\/wp-json\/wp\/v2\/event\/194832\/revisions"}],"predecessor-version":[{"id":194833,"href":"https:\/\/us.edu.pl\/wydzial\/wpia\/wp-json\/wp\/v2\/event\/194832\/revisions\/194833"}],"wp:attachment":[{"href":"https:\/\/us.edu.pl\/wydzial\/wpia\/wp-json\/wp\/v2\/media?parent=194832"}],"curies":[{"name":"wp","href":"https:\/\/api.w.org\/{rel}","templated":true}]}}

Biuro Karier: świąteczne stoisko w CINiBie

<p>[vc_row][vc_column]
                <div class="text-modules">
                    <div class="container">
                        
                        <div class="text-modules__content"><p>W dniu <strong>9 grudnia 2025 roku od godz. 9.00</strong> Biuro Karier Uniwersytetu Śląskiego serdecznie zaprasza na <strong>świąteczne stoisko PwC Service Delivery Center Poland Sp. z o.o.</strong> w holu głównym Centrum Informacji Naukowej i Biblioteki Akademickiej w Katowicach (CINiBA).<span id="more-60146"></span></p>
<p>Dołącz do wyjątkowej <strong>świątecznej akcji charytatywnej</strong> i pomóż wprowadzić magię Świąt do Domu Pomocy Społecznej „Zacisze”!</p>
<p>Razem stworzymy <strong>eko-dekoracje</strong> z naturalnych drewnianych plastrów – piękne zawieszki na choinkę i stroiki, które sprawią radość mieszkańcom DPS.</p>
<p>To nie tylko okazja, by zrobić coś dobrego, ale także:</p>
<ul>
<li>poczuć świąteczną atmosferę,</li>
<li>poznać firmę PwC Service Delivery Center Poland,</li>
<li>dowiedzieć się więcej o aktualnych procesach rekrutacyjnych.</li>
</ul>
<p><strong>Twoja kreatywność może komuś podarować uśmiech!<br />
</strong><br />
Przyjdź, zaangażuj się i pomóż nam stworzyć wyjątkowy klimat Świąt.</p>
<p>Wydarzenie kierowane jest do wszystkich osób studiujących na Uniwersytecie Śląskiem w Katowicach, niezależnie od kierunku studiów. Wstęp wolny!</p>
</div>
                    </div>
                </div>[/vc_column][/vc_row]</p>
