{"id":194859,"date":"2025-11-28T15:34:49","date_gmt":"2025-11-28T14:34:49","guid":{"rendered":"https:\/\/us.edu.pl\/wydzial\/wpia\/?post_type=event&#038;p=194859"},"modified":"2025-11-28T15:28:16","modified_gmt":"2025-11-28T13:28:16","slug":"wystawa-plakatow-filmowych-monika-kudelko-z-qdizajn","status":"publish","type":"event","link":"https:\/\/us.edu.pl\/wydzial\/wpia\/event\/wystawa-plakatow-filmowych-monika-kudelko-z-qdizajn\/","title":{"rendered":"Wystawa Plakat\u00f3w Filmowych &#8211; Monika Kude\u0142ko z Qdizajn"},"content":{"rendered":"<p>[vc_row][vc_column]\r\n                <div class=\"text-modules\">\r\n                    <div class=\"container\">\r\n                        \r\n                        <div class=\"text-modules__content\"><p>Zastanawiali\u015bcie si\u0119 kiedykolwiek, jak tytu\u0142y kultowych film\u00f3w mog\u0105 brzmie\u0107\u2026 <strong>po \u015bl\u0105sku<\/strong>?<\/p>\n<p>Zach\u0119camy do zapoznania si\u0119 z wystaw\u0105 pi\u0119tnastu plakat\u00f3w, kt\u00f3re przedstawiaj\u0105 wszystkim dobrze znane produkcje filmowe w regionalnym wydaniu. Jest kolorowo, zabawnie oraz przede wszystkim po naszemu!<\/p>\n<p>Autork\u0105 plakat\u00f3w jest <strong>Pani Monika Kude\u0142ko z firmy Qdizajn<\/strong>, kt\u00f3re promuje uroki regionu, ukazuje go w kolorowym wydaniu i staje naprzeciw stereotypom zwi\u0105zanym z G\u00f3rnym \u015al\u0105skiem.<\/p>\n<p>W wykonaniu Pani Moniki popularny bohater komiksowy zamiast imienia Batman przybiera Luftmysza Chop, robot WALL-E staje si\u0119 Hasiosznupkiem, a odwa\u017cny Hobbit z popularnej trylogii nazywa si\u0119 po prostu Utopkiem.<\/p>\n<p>Zaciekawieni? Po wi\u0119cej zapraszamy na pierwsze pi\u0119tro! Dowiecie si\u0119, jak w kreatywny spos\u00f3b mo\u017cna na \u015bl\u0105sk\u0105 gwar\u0119 prze\u0142o\u017cy\u0107 takie filmy jak &#8222;Ojciec Chrzestny&#8221;, &#8222;Wzg\u00f3rza maj\u0105 oczy&#8221; czy &#8222;Szcz\u0119ki&#8221;!<\/p>\n<p>Wystaw\u0119 mo\u017cecie ogl\u0105da\u0107 od 21 listopada 2025 a\u017c do ko\u0144ca grudnia!<\/p>\n<p>Inne prace Moniki Kude\u0142ko znajdziecie na:<\/p>\n<ul>\n<li><a href=\"https:\/\/www.facebook.com\/qdizajn\">Facebooku<\/a>,<\/li>\n<li><a href=\"https:\/\/www.instagram.com\/qdizajn\/\">Instagramie<\/a>,<\/li>\n<li>stronie internetowej <a href=\"https:\/\/qdizajn.pl\/\">Qdizajn<\/a>.<\/li>\n<\/ul>\n<p>Pe\u0142na lista wywieszonych plakat\u00f3w znajduje si\u0119 w za\u0142\u0105czonym pliku: <a href=\"https:\/\/us.edu.pl\/wydzial\/wpia\/wp-content\/uploads\/sites\/19\/Bez-kategorii\/Qdizajn-wystawa-spis-plakatow.pdf\" class=\"mtli_attachment mtli_pdf\" data-mtli=\"mtli_filesize257,83kB\" class=\"mtli_attachment mtli_pdf\" data-mtli=\"mtli_filesize257,83kB\">Qdizajn wystawa spis plakat\u00f3w<\/a>.<\/p>\n<p>\n<style type=\"text\/css\">a[data-mtli~=\"mtli_filesize257,83kB\"]:after {content:\" (257,83 kB)\"}<\/style><\/div>\r\n                    <\/div>\r\n                <\/div>[\/vc_column][\/vc_row]<\/p>\n<style type=\"text\/css\">a[data-mtli~=\"mtli_filesize257,83kB\"]:after {content:\" (257,83 kB)\"}<\/style>","protected":false},"excerpt":{"rendered":"<p>[vc_row][vc_column][\/vc_column][\/vc_row] [&#8230;]<\/p>\n<p><a class=\"btn btn-secondary understrap-read-more-link\" href=\"https:\/\/us.edu.pl\/wydzial\/wpia\/event\/wystawa-plakatow-filmowych-monika-kudelko-z-qdizajn\/\">Read More&#8230;<\/a><\/p>\n","protected":false},"author":6981,"featured_media":0,"template":"","meta":{"_expiration-date-status":"","_expiration-date":0,"_expiration-date-type":"","_expiration-date-categories":[],"_expiration-date-options":[]},"acf":[],"_links":{"self":[{"href":"https:\/\/us.edu.pl\/wydzial\/wpia\/wp-json\/wp\/v2\/event\/194859"}],"collection":[{"href":"https:\/\/us.edu.pl\/wydzial\/wpia\/wp-json\/wp\/v2\/event"}],"about":[{"href":"https:\/\/us.edu.pl\/wydzial\/wpia\/wp-json\/wp\/v2\/types\/event"}],"author":[{"embeddable":true,"href":"https:\/\/us.edu.pl\/wydzial\/wpia\/wp-json\/wp\/v2\/users\/6981"}],"version-history":[{"count":4,"href":"https:\/\/us.edu.pl\/wydzial\/wpia\/wp-json\/wp\/v2\/event\/194859\/revisions"}],"predecessor-version":[{"id":195096,"href":"https:\/\/us.edu.pl\/wydzial\/wpia\/wp-json\/wp\/v2\/event\/194859\/revisions\/195096"}],"wp:attachment":[{"href":"https:\/\/us.edu.pl\/wydzial\/wpia\/wp-json\/wp\/v2\/media?parent=194859"}],"curies":[{"name":"wp","href":"https:\/\/api.w.org\/{rel}","templated":true}]}}

Wystawa Plakatów Filmowych &#8211; Monika Kudełko z Qdizajn

<p>[vc_row][vc_column]
                <div class="text-modules">
                    <div class="container">
                        
                        <div class="text-modules__content"><p>Zastanawialiście się kiedykolwiek, jak tytuły kultowych filmów mogą brzmieć… <strong>po śląsku</strong>?</p>
<p>Zachęcamy do zapoznania się z wystawą piętnastu plakatów, które przedstawiają wszystkim dobrze znane produkcje filmowe w regionalnym wydaniu. Jest kolorowo, zabawnie oraz przede wszystkim po naszemu!</p>
<p>Autorką plakatów jest <strong>Pani Monika Kudełko z firmy Qdizajn</strong>, które promuje uroki regionu, ukazuje go w kolorowym wydaniu i staje naprzeciw stereotypom związanym z Górnym Śląskiem.</p>
<p>W wykonaniu Pani Moniki popularny bohater komiksowy zamiast imienia Batman przybiera Luftmysza Chop, robot WALL-E staje się Hasiosznupkiem, a odważny Hobbit z popularnej trylogii nazywa się po prostu Utopkiem.</p>
<p>Zaciekawieni? Po więcej zapraszamy na pierwsze piętro! Dowiecie się, jak w kreatywny sposób można na śląską gwarę przełożyć takie filmy jak &#8222;Ojciec Chrzestny&#8221;, &#8222;Wzgórza mają oczy&#8221; czy &#8222;Szczęki&#8221;!</p>
<p>Wystawę możecie oglądać od 21 listopada 2025 aż do końca grudnia!</p>
<p>Inne prace Moniki Kudełko znajdziecie na:</p>
<ul>
<li><a href="https://www.facebook.com/qdizajn">Facebooku</a>,</li>
<li><a href="https://www.instagram.com/qdizajn/">Instagramie</a>,</li>
<li>stronie internetowej <a href="https://qdizajn.pl/">Qdizajn</a>.</li>
</ul>
<p>Pełna lista wywieszonych plakatów znajduje się w załączonym pliku: <a href="https://us.edu.pl/wydzial/wpia/wp-content/uploads/sites/19/Bez-kategorii/Qdizajn-wystawa-spis-plakatow.pdf" class="mtli_attachment mtli_pdf" data-mtli="mtli_filesize257,83kB" class="mtli_attachment mtli_pdf" data-mtli="mtli_filesize257,83kB">Qdizajn wystawa spis plakatów</a>.</p>
<p>
<style type="text/css">a[data-mtli~="mtli_filesize257,83kB"]:after {content:" (257,83 kB)"}</style></div>
                    </div>
                </div>[/vc_column][/vc_row]</p>
<style type="text/css">a[data-mtli~="mtli_filesize257,83kB"]:after {content:" (257,83 kB)"}</style>
