{"id":197308,"date":"2026-04-08T10:50:39","date_gmt":"2026-04-08T08:50:39","guid":{"rendered":"https:\/\/us.edu.pl\/wydzial\/wpia\/?post_type=event&#038;p=197308"},"modified":"2026-04-08T10:50:39","modified_gmt":"2026-04-08T08:50:39","slug":"posiedzenie-rady-instytutu-nauk-prawnych","status":"publish","type":"event","link":"https:\/\/us.edu.pl\/wydzial\/wpia\/event\/posiedzenie-rady-instytutu-nauk-prawnych\/","title":{"rendered":"Posiedzenie Rady Instytutu Nauk Prawnych\u00a0"},"content":{"rendered":"<p>[vc_row][vc_column]\r\n                <div class=\"text-modules\">\r\n                    <div class=\"container\">\r\n                        \r\n                        <div class=\"text-modules__content\"><p><span data-contrast=\"none\">Serdecznie zapraszamy do wzi\u0119cia udzia\u0142u w nadchodz\u0105cym posiedzeniu Rady Naukowej Instytutu Nauk Prawnych, kt\u00f3re odb\u0119dzie si\u0119 <\/span><b><span data-contrast=\"none\">28 kwietnia\u00a0202<\/span><\/b><b><span data-contrast=\"auto\">6 roku o<\/span><\/b><span data-contrast=\"auto\">\u00a0<strong>godz. 9.00<\/strong> w trybie hybrydowym w sali plenarne<\/span><span data-contrast=\"none\">j (s. 1.4, I\u202f pi\u0119tro) i poprzez aplikacj\u0119 e-learningow\u0105 Microsoft Teams.<\/span><span data-ccp-props=\"{&quot;134233117&quot;:false,&quot;134233118&quot;:false,&quot;201341983&quot;:0,&quot;335551550&quot;:6,&quot;335551620&quot;:6,&quot;335559731&quot;:825,&quot;335559738&quot;:240,&quot;335559739&quot;:240,&quot;335559740&quot;:276}\">\u00a0<\/span><\/p>\n<\/div>\r\n                    <\/div>\r\n                <\/div>[\/vc_column][\/vc_row]<\/p>","protected":false},"excerpt":{"rendered":"<p>[vc_row][vc_column][\/vc_column][\/vc_row] [&#8230;]<\/p>\n<p><a class=\"btn btn-secondary understrap-read-more-link\" href=\"https:\/\/us.edu.pl\/wydzial\/wpia\/event\/posiedzenie-rady-instytutu-nauk-prawnych\/\">Read More&#8230;<\/a><\/p>\n","protected":false},"author":6981,"featured_media":0,"template":"","meta":{"_expiration-date-status":"","_expiration-date":0,"_expiration-date-type":"","_expiration-date-categories":[],"_expiration-date-options":[]},"acf":[],"_links":{"self":[{"href":"https:\/\/us.edu.pl\/wydzial\/wpia\/wp-json\/wp\/v2\/event\/197308"}],"collection":[{"href":"https:\/\/us.edu.pl\/wydzial\/wpia\/wp-json\/wp\/v2\/event"}],"about":[{"href":"https:\/\/us.edu.pl\/wydzial\/wpia\/wp-json\/wp\/v2\/types\/event"}],"author":[{"embeddable":true,"href":"https:\/\/us.edu.pl\/wydzial\/wpia\/wp-json\/wp\/v2\/users\/6981"}],"version-history":[{"count":2,"href":"https:\/\/us.edu.pl\/wydzial\/wpia\/wp-json\/wp\/v2\/event\/197308\/revisions"}],"predecessor-version":[{"id":197310,"href":"https:\/\/us.edu.pl\/wydzial\/wpia\/wp-json\/wp\/v2\/event\/197308\/revisions\/197310"}],"wp:attachment":[{"href":"https:\/\/us.edu.pl\/wydzial\/wpia\/wp-json\/wp\/v2\/media?parent=197308"}],"curies":[{"name":"wp","href":"https:\/\/api.w.org\/{rel}","templated":true}]}}

<p>[vc_row][vc_column]
                <div class="text-modules">
                    <div class="container">
                        
                        <div class="text-modules__content"><p><span data-contrast="none">Serdecznie zapraszamy do wzięcia udziału w nadchodzącym posiedzeniu Rady Naukowej Instytutu Nauk Prawnych, które odbędzie się </span><b><span data-contrast="none">28 kwietnia 202</span></b><b><span data-contrast="auto">6 roku o</span></b><span data-contrast="auto"> <strong>godz. 9.00</strong> w trybie hybrydowym w sali plenarne</span><span data-contrast="none">j (s. 1.4, I  piętro) i poprzez aplikację e-learningową Microsoft Teams.</span><span data-ccp-props="{&quot;134233117&quot;:false,&quot;134233118&quot;:false,&quot;201341983&quot;:0,&quot;335551550&quot;:6,&quot;335551620&quot;:6,&quot;335559731&quot;:825,&quot;335559738&quot;:240,&quot;335559739&quot;:240,&quot;335559740&quot;:276}"> </span></p>
</div>
                    </div>
                </div>[/vc_column][/vc_row]</p>
