{"id":199416,"date":"2026-08-19T13:10:12","date_gmt":"2026-08-19T11:10:12","guid":{"rendered":"https:\/\/us.edu.pl\/wydzial\/wpia\/?post_type=event&#038;p=199416"},"modified":"2026-08-19T13:02:11","modified_gmt":"2026-08-19T11:02:11","slug":"inauguracja-roku-szkolnego-2026-2027-x-liceum-ogolnoksztalcacego-im-ignacego-jana-paderewskiego-w-katowicach","status":"publish","type":"event","link":"https:\/\/us.edu.pl\/wydzial\/wpia\/event\/inauguracja-roku-szkolnego-2026-2027-x-liceum-ogolnoksztalcacego-im-ignacego-jana-paderewskiego-w-katowicach\/","title":{"rendered":"Inauguracja roku szkolnego 2026\/2027 X Liceum Og\u00f3lnokszta\u0142c\u0105cego im. Ignacego Jana Paderewskiego w Katowicach"},"content":{"rendered":"<p>[vc_row][vc_column]\r\n                <div class=\"text-modules\">\r\n                    <div class=\"container\">\r\n                        \r\n                        <div class=\"text-modules__content\"><p><strong>1 wrze\u015bnia 2026 roku o godz. 11.00<\/strong> w <strong>auli nr 8<\/strong> odb\u0119dzie si\u0119 inauguracja roku szkolnego X Liceum Og\u00f3lnokszta\u0142c\u0105cego im. Ignacego Jana Paderewskiego.<\/p>\n<p>Szczeg\u00f3lnym punktem programu b\u0119dzie powitanie uczni\u00f3w klas pierwszych oraz ich uroczyste \u015blubowanie.<\/p>\n<\/div>\r\n                    <\/div>\r\n                <\/div>[\/vc_column][\/vc_row]<\/p>","protected":false},"excerpt":{"rendered":"<p>[vc_row][vc_column][\/vc_column][\/vc_row] [&#8230;]<\/p>\n<p><a class=\"btn btn-secondary understrap-read-more-link\" href=\"https:\/\/us.edu.pl\/wydzial\/wpia\/event\/inauguracja-roku-szkolnego-2026-2027-x-liceum-ogolnoksztalcacego-im-ignacego-jana-paderewskiego-w-katowicach\/\">Read More&#8230;<\/a><\/p>\n","protected":false},"author":6981,"featured_media":0,"template":"","meta":{"_expiration-date-status":"","_expiration-date":0,"_expiration-date-type":"","_expiration-date-categories":[],"_expiration-date-options":[]},"acf":[],"_links":{"self":[{"href":"https:\/\/us.edu.pl\/wydzial\/wpia\/wp-json\/wp\/v2\/event\/199416"}],"collection":[{"href":"https:\/\/us.edu.pl\/wydzial\/wpia\/wp-json\/wp\/v2\/event"}],"about":[{"href":"https:\/\/us.edu.pl\/wydzial\/wpia\/wp-json\/wp\/v2\/types\/event"}],"author":[{"embeddable":true,"href":"https:\/\/us.edu.pl\/wydzial\/wpia\/wp-json\/wp\/v2\/users\/6981"}],"version-history":[{"count":2,"href":"https:\/\/us.edu.pl\/wydzial\/wpia\/wp-json\/wp\/v2\/event\/199416\/revisions"}],"predecessor-version":[{"id":199494,"href":"https:\/\/us.edu.pl\/wydzial\/wpia\/wp-json\/wp\/v2\/event\/199416\/revisions\/199494"}],"wp:attachment":[{"href":"https:\/\/us.edu.pl\/wydzial\/wpia\/wp-json\/wp\/v2\/media?parent=199416"}],"curies":[{"name":"wp","href":"https:\/\/api.w.org\/{rel}","templated":true}]}}

Inauguracja roku szkolnego 2026/2027 X Liceum Ogólnokształcącego im. Ignacego Jana Paderewskiego w Katowicach

<p>[vc_row][vc_column]
                <div class="text-modules">
                    <div class="container">
                        
                        <div class="text-modules__content"><p><strong>1 września 2026 roku o godz. 11.00</strong> w <strong>auli nr 8</strong> odbędzie się inauguracja roku szkolnego X Liceum Ogólnokształcącego im. Ignacego Jana Paderewskiego.</p>
<p>Szczególnym punktem programu będzie powitanie uczniów klas pierwszych oraz ich uroczyste ślubowanie.</p>
</div>
                    </div>
                </div>[/vc_column][/vc_row]</p>
