{"id":199420,"date":"2026-08-19T13:30:39","date_gmt":"2026-08-19T11:30:39","guid":{"rendered":"https:\/\/us.edu.pl\/wydzial\/wpia\/?post_type=event&#038;p=199420"},"modified":"2026-08-19T13:21:05","modified_gmt":"2026-08-19T11:21:05","slug":"europejski-dzien-prawnika-2026","status":"publish","type":"event","link":"https:\/\/us.edu.pl\/wydzial\/wpia\/event\/europejski-dzien-prawnika-2026\/","title":{"rendered":"Europejski Dzie\u0144 Prawnika 2026"},"content":{"rendered":"<p>[vc_row][vc_column]\r\n                <div class=\"text-modules\">\r\n                    <div class=\"container\">\r\n                        \r\n                        <div class=\"text-modules__content\"><p>Z przyjemno\u015bci\u0105 zapraszamy do wsp\u00f3lnych obchod\u00f3w <strong>Europejskiego Dnia Prawnika<\/strong>, kt\u00f3re odb\u0119d\u0105 si\u0119 <strong>23 pa\u017adziernika 2026 roku w auli nr 8 <\/strong>na Wydziale Prawa i Administracji Uniwersytetu \u015al\u0105skiego w Katowicach.<\/p>\n<p><em>Wi\u0119cej informacji organizacyjnych zostanie og\u0142oszone wkr\u00f3tce.\u00a0<\/em><\/p>\n<\/div>\r\n                    <\/div>\r\n                <\/div>[\/vc_column][\/vc_row]<\/p>","protected":false},"excerpt":{"rendered":"<p>[vc_row][vc_column][\/vc_column][\/vc_row] [&#8230;]<\/p>\n<p><a class=\"btn btn-secondary understrap-read-more-link\" href=\"https:\/\/us.edu.pl\/wydzial\/wpia\/event\/europejski-dzien-prawnika-2026\/\">Read More&#8230;<\/a><\/p>\n","protected":false},"author":6981,"featured_media":0,"template":"","meta":{"_expiration-date-status":"","_expiration-date":0,"_expiration-date-type":"","_expiration-date-categories":[],"_expiration-date-options":[]},"acf":[],"_links":{"self":[{"href":"https:\/\/us.edu.pl\/wydzial\/wpia\/wp-json\/wp\/v2\/event\/199420"}],"collection":[{"href":"https:\/\/us.edu.pl\/wydzial\/wpia\/wp-json\/wp\/v2\/event"}],"about":[{"href":"https:\/\/us.edu.pl\/wydzial\/wpia\/wp-json\/wp\/v2\/types\/event"}],"author":[{"embeddable":true,"href":"https:\/\/us.edu.pl\/wydzial\/wpia\/wp-json\/wp\/v2\/users\/6981"}],"version-history":[{"count":2,"href":"https:\/\/us.edu.pl\/wydzial\/wpia\/wp-json\/wp\/v2\/event\/199420\/revisions"}],"predecessor-version":[{"id":199422,"href":"https:\/\/us.edu.pl\/wydzial\/wpia\/wp-json\/wp\/v2\/event\/199420\/revisions\/199422"}],"wp:attachment":[{"href":"https:\/\/us.edu.pl\/wydzial\/wpia\/wp-json\/wp\/v2\/media?parent=199420"}],"curies":[{"name":"wp","href":"https:\/\/api.w.org\/{rel}","templated":true}]}}

Europejski Dzień Prawnika 2026

<p>[vc_row][vc_column]
                <div class="text-modules">
                    <div class="container">
                        
                        <div class="text-modules__content"><p>Z przyjemnością zapraszamy do wspólnych obchodów <strong>Europejskiego Dnia Prawnika</strong>, które odbędą się <strong>23 października 2026 roku w auli nr 8 </strong>na Wydziale Prawa i Administracji Uniwersytetu Śląskiego w Katowicach.</p>
<p><em>Więcej informacji organizacyjnych zostanie ogłoszone wkrótce. </em></p>
</div>
                    </div>
                </div>[/vc_column][/vc_row]</p>
