{"id":159033,"date":"2022-10-24T11:00:53","date_gmt":"2022-10-24T09:00:53","guid":{"rendered":"https:\/\/us.edu.pl\/wydzial\/wpia\/?post_type=komunikaty&#038;p=159033"},"modified":"2022-10-24T11:00:53","modified_gmt":"2022-10-24T09:00:53","slug":"abilitazione-scientifica-nazionale-dla-dr-lidii-rodak","status":"publish","type":"komunikaty","link":"https:\/\/us.edu.pl\/wydzial\/wpia\/komunikaty\/abilitazione-scientifica-nazionale-dla-dr-lidii-rodak\/","title":{"rendered":"Abilitazione Scientifica Nazionale dla dr Lidii Rodak"},"content":{"rendered":"<p>[vc_row][vc_column]\r\n                <div class=\"text-modules\">\r\n                    <div class=\"container\">\r\n                        \r\n                        <div class=\"text-modules__content\"><p>Mamy przyjemno\u015b\u0107 poinformowa\u0107, \u017ce decyzj\u0105 komisji habilitacyjnej zatwierdzon\u0105 przez w\u0142oskie Ministero dell&#8217;universit\u00e0 e della ricerca (BANDO D.D. 553\/2021) dr Lidia Rodak uzyska\u0142a Abilitazione Scientifica Nazionale (National Scientific Qualification) w dziedzinie filozofia prawa (filosofia del diritto). Uprawnienie zosta\u0142o nadane po ocenie dorobku naukowego w j\u0119zyku angielskim z zakresu feministycznej jurysprudencji, a w szerszym kontek\u015bcie &#8211; prowadzenia bada\u0144 socjologiczno-prawnych nad polskim orzecznictwem s\u0105dowym w nurcie krytycznym i umo\u017cliwia nauczycielowi akademickiemu pe\u0142nienie funkcji profesora na uczelni.<\/p>\n<p>Sk\u0142adaj\u0105ca si\u0119 z czterech recenzent\u00f3w komisja, uzasadniaj\u0105c wysok\u0105 ocen\u0119 prowadzonych bada\u0144, podkre\u015bli\u0142a ich interdyscyplinarno\u015b\u0107, oryginalno\u015b\u0107 i dojrza\u0142o\u015b\u0107. Zwr\u00f3ci\u0142a tak\u017ce uwag\u0119 na ich mi\u0119dzynarodowy charakter przy jednoczesnym lokalnym zakorzenieniu (analiza orzecze\u0144 polskiego s\u0105downictwa i sytuacji spo\u0142eczno &#8211; prawnej polskich kobiet) oraz uniwersaln\u0105 istotno\u015b\u0107 spo\u0142eczn\u0105.<\/p>\n<p>Serdeczne gratulacje!<\/p>\n<p><img class=\"alignnone wp-image-159032 size-medium\" src=\"https:\/\/us.edu.pl\/wydzial\/wpia\/wp-content\/uploads\/sites\/19\/sukcesy\/Rodak-375x500.jpg\" alt=\"\" width=\"375\" height=\"500\" srcset=\"https:\/\/us.edu.pl\/wydzial\/wpia\/wp-content\/uploads\/sites\/19\/sukcesy\/Rodak-375x500.jpg 375w, https:\/\/us.edu.pl\/wydzial\/wpia\/wp-content\/uploads\/sites\/19\/sukcesy\/Rodak-768x1024.jpg 768w, https:\/\/us.edu.pl\/wydzial\/wpia\/wp-content\/uploads\/sites\/19\/sukcesy\/Rodak-1152x1536.jpg 1152w, https:\/\/us.edu.pl\/wydzial\/wpia\/wp-content\/uploads\/sites\/19\/sukcesy\/Rodak-1536x2048.jpg 1536w, https:\/\/us.edu.pl\/wydzial\/wpia\/wp-content\/uploads\/sites\/19\/sukcesy\/Rodak-431x575.jpg 431w, https:\/\/us.edu.pl\/wydzial\/wpia\/wp-content\/uploads\/sites\/19\/sukcesy\/Rodak-scaled.jpg 1920w\" sizes=\"(max-width: 375px) 100vw, 375px\" \/><\/p>\n<\/div>\r\n                    <\/div>\r\n                <\/div>[\/vc_column][\/vc_row]<\/p>","protected":false},"excerpt":{"rendered":"<p>[vc_row][vc_column][\/vc_column][\/vc_row] [&#8230;]<\/p>\n<p><a class=\"btn btn-secondary understrap-read-more-link\" href=\"https:\/\/us.edu.pl\/wydzial\/wpia\/komunikaty\/abilitazione-scientifica-nazionale-dla-dr-lidii-rodak\/\">Read More&#8230;<\/a><\/p>\n","protected":false},"author":107,"featured_media":0,"template":"","meta":{"_expiration-date-status":"","_expiration-date":0,"_expiration-date-type":"","_expiration-date-categories":[],"_expiration-date-options":[]},"acf":[],"_links":{"self":[{"href":"https:\/\/us.edu.pl\/wydzial\/wpia\/wp-json\/wp\/v2\/komunikaty\/159033"}],"collection":[{"href":"https:\/\/us.edu.pl\/wydzial\/wpia\/wp-json\/wp\/v2\/komunikaty"}],"about":[{"href":"https:\/\/us.edu.pl\/wydzial\/wpia\/wp-json\/wp\/v2\/types\/komunikaty"}],"author":[{"embeddable":true,"href":"https:\/\/us.edu.pl\/wydzial\/wpia\/wp-json\/wp\/v2\/users\/107"}],"version-history":[{"count":1,"href":"https:\/\/us.edu.pl\/wydzial\/wpia\/wp-json\/wp\/v2\/komunikaty\/159033\/revisions"}],"predecessor-version":[{"id":159034,"href":"https:\/\/us.edu.pl\/wydzial\/wpia\/wp-json\/wp\/v2\/komunikaty\/159033\/revisions\/159034"}],"wp:attachment":[{"href":"https:\/\/us.edu.pl\/wydzial\/wpia\/wp-json\/wp\/v2\/media?parent=159033"}],"curies":[{"name":"wp","href":"https:\/\/api.w.org\/{rel}","templated":true}]}}

<p>[vc_row][vc_column]
                <div class="text-modules">
                    <div class="container">
                        
                        <div class="text-modules__content"><p>Mamy przyjemność poinformować, że decyzją komisji habilitacyjnej zatwierdzoną przez włoskie Ministero dell&#8217;università e della ricerca (BANDO D.D. 553/2021) dr Lidia Rodak uzyskała Abilitazione Scientifica Nazionale (National Scientific Qualification) w dziedzinie filozofia prawa (filosofia del diritto). Uprawnienie zostało nadane po ocenie dorobku naukowego w języku angielskim z zakresu feministycznej jurysprudencji, a w szerszym kontekście &#8211; prowadzenia badań socjologiczno-prawnych nad polskim orzecznictwem sądowym w nurcie krytycznym i umożliwia nauczycielowi akademickiemu pełnienie funkcji profesora na uczelni.</p>
<p>Składająca się z czterech recenzentów komisja, uzasadniając wysoką ocenę prowadzonych badań, podkreśliła ich interdyscyplinarność, oryginalność i dojrzałość. Zwróciła także uwagę na ich międzynarodowy charakter przy jednoczesnym lokalnym zakorzenieniu (analiza orzeczeń polskiego sądownictwa i sytuacji społeczno &#8211; prawnej polskich kobiet) oraz uniwersalną istotność społeczną.</p>
<p>Serdeczne gratulacje!</p>
<p><img class="alignnone wp-image-159032 size-medium" src="https://us.edu.pl/wydzial/wpia/wp-content/uploads/sites/19/sukcesy/Rodak-375x500.jpg" alt="" width="375" height="500" srcset="https://us.edu.pl/wydzial/wpia/wp-content/uploads/sites/19/sukcesy/Rodak-375x500.jpg 375w, https://us.edu.pl/wydzial/wpia/wp-content/uploads/sites/19/sukcesy/Rodak-768x1024.jpg 768w, https://us.edu.pl/wydzial/wpia/wp-content/uploads/sites/19/sukcesy/Rodak-1152x1536.jpg 1152w, https://us.edu.pl/wydzial/wpia/wp-content/uploads/sites/19/sukcesy/Rodak-1536x2048.jpg 1536w, https://us.edu.pl/wydzial/wpia/wp-content/uploads/sites/19/sukcesy/Rodak-431x575.jpg 431w, https://us.edu.pl/wydzial/wpia/wp-content/uploads/sites/19/sukcesy/Rodak-scaled.jpg 1920w" sizes="(max-width: 375px) 100vw, 375px" /></p>
</div>
                    </div>
                </div>[/vc_column][/vc_row]</p>
