{"id":165460,"date":"2023-08-31T13:03:40","date_gmt":"2023-08-31T11:03:40","guid":{"rendered":"https:\/\/us.edu.pl\/wydzial\/wpia\/?post_type=komunikaty&#038;p=165460"},"modified":"2023-08-31T13:03:40","modified_gmt":"2023-08-31T11:03:40","slug":"dr-ewa-radecka-laureatka-konkursu-ncn-miniatura-7","status":"publish","type":"komunikaty","link":"https:\/\/us.edu.pl\/wydzial\/wpia\/komunikaty\/dr-ewa-radecka-laureatka-konkursu-ncn-miniatura-7\/","title":{"rendered":"Dr Ewa Radecka laureatk\u0105 konkursu NCN Miniatura 7"},"content":{"rendered":"<p>[vc_row][vc_column]\r\n                <div class=\"text-modules\">\r\n                    <div class=\"container\">\r\n                        \r\n                        <div class=\"text-modules__content\"><p>Z dum\u0105 i rado\u015bci\u0105 informujemy, \u017ce dr Ewa Radecka zosta\u0142a laureatk\u0105 konkursu MINIATURA 7 i uzyska\u0142a finansowanie\u00a0 na badania w ramach projektu: \u201ePrawne instrumenty ochrony powietrza w Polsce i Czechach. Studium prawnopor\u00f3wnawcze\u201d.<\/p>\n<p>Celem konkursu MINIATURA jest wspieranie dzia\u0142a\u0144 naukowych prowadz\u0105cych do przygotowania przysz\u0142ego projektu badawczego, kt\u00f3ry zostanie z\u0142o\u017cony w konkursach Narodowego Centrum Nauki lub innych konkursach og\u00f3lnokrajowych i mi\u0119dzynarodowych. W si\u00f3dmej edycji mo\u017cna by\u0142o uzyska\u0107 dofinansowanie w wysoko\u015bci od 5 000 do 50 000 z\u0142 na trwaj\u0105ce do 12 miesi\u0119cy badania wst\u0119pne b\u0105d\u017a pilota\u017cowe, kwerend\u0119, sta\u017c naukowy, wyjazd badawczy lub konsultacyjny.<\/p>\n<p><a href=\"https:\/\/www.ncn.gov.pl\/konkursy\/wyniki\/miniatura7\">https:\/\/www.ncn.gov.pl\/konkursy\/wyniki\/miniatura7<\/a><\/p>\n<p>Serdecznie gratulujemy!<\/p>\n<p><img class=\"alignnone size-medium wp-image-165461\" src=\"https:\/\/us.edu.pl\/wydzial\/wpia\/wp-content\/uploads\/sites\/19\/sukcesy\/eradecka-333x500.jpg\" alt=\"\" width=\"333\" height=\"500\" srcset=\"https:\/\/us.edu.pl\/wydzial\/wpia\/wp-content\/uploads\/sites\/19\/sukcesy\/eradecka-333x500.jpg 333w, https:\/\/us.edu.pl\/wydzial\/wpia\/wp-content\/uploads\/sites\/19\/sukcesy\/eradecka-384x575.jpg 384w, https:\/\/us.edu.pl\/wydzial\/wpia\/wp-content\/uploads\/sites\/19\/sukcesy\/eradecka.jpg 683w\" sizes=\"(max-width: 333px) 100vw, 333px\" \/><\/p>\n<\/div>\r\n                    <\/div>\r\n                <\/div>[\/vc_column][\/vc_row]<\/p>","protected":false},"excerpt":{"rendered":"<p>[vc_row][vc_column][\/vc_column][\/vc_row] [&#8230;]<\/p>\n<p><a class=\"btn btn-secondary understrap-read-more-link\" href=\"https:\/\/us.edu.pl\/wydzial\/wpia\/komunikaty\/dr-ewa-radecka-laureatka-konkursu-ncn-miniatura-7\/\">Read More&#8230;<\/a><\/p>\n","protected":false},"author":107,"featured_media":0,"template":"","meta":{"_expiration-date-status":"","_expiration-date":0,"_expiration-date-type":"","_expiration-date-categories":[],"_expiration-date-options":[]},"acf":[],"_links":{"self":[{"href":"https:\/\/us.edu.pl\/wydzial\/wpia\/wp-json\/wp\/v2\/komunikaty\/165460"}],"collection":[{"href":"https:\/\/us.edu.pl\/wydzial\/wpia\/wp-json\/wp\/v2\/komunikaty"}],"about":[{"href":"https:\/\/us.edu.pl\/wydzial\/wpia\/wp-json\/wp\/v2\/types\/komunikaty"}],"author":[{"embeddable":true,"href":"https:\/\/us.edu.pl\/wydzial\/wpia\/wp-json\/wp\/v2\/users\/107"}],"version-history":[{"count":1,"href":"https:\/\/us.edu.pl\/wydzial\/wpia\/wp-json\/wp\/v2\/komunikaty\/165460\/revisions"}],"predecessor-version":[{"id":165462,"href":"https:\/\/us.edu.pl\/wydzial\/wpia\/wp-json\/wp\/v2\/komunikaty\/165460\/revisions\/165462"}],"wp:attachment":[{"href":"https:\/\/us.edu.pl\/wydzial\/wpia\/wp-json\/wp\/v2\/media?parent=165460"}],"curies":[{"name":"wp","href":"https:\/\/api.w.org\/{rel}","templated":true}]}}

Dr Ewa Radecka laureatką konkursu NCN Miniatura 7

<p>[vc_row][vc_column]
                <div class="text-modules">
                    <div class="container">
                        
                        <div class="text-modules__content"><p>Z dumą i radością informujemy, że dr Ewa Radecka została laureatką konkursu MINIATURA 7 i uzyskała finansowanie  na badania w ramach projektu: „Prawne instrumenty ochrony powietrza w Polsce i Czechach. Studium prawnoporównawcze”.</p>
<p>Celem konkursu MINIATURA jest wspieranie działań naukowych prowadzących do przygotowania przyszłego projektu badawczego, który zostanie złożony w konkursach Narodowego Centrum Nauki lub innych konkursach ogólnokrajowych i międzynarodowych. W siódmej edycji można było uzyskać dofinansowanie w wysokości od 5 000 do 50 000 zł na trwające do 12 miesięcy badania wstępne bądź pilotażowe, kwerendę, staż naukowy, wyjazd badawczy lub konsultacyjny.</p>
<p><a href="https://www.ncn.gov.pl/konkursy/wyniki/miniatura7">https://www.ncn.gov.pl/konkursy/wyniki/miniatura7</a></p>
<p>Serdecznie gratulujemy!</p>
<p><img class="alignnone size-medium wp-image-165461" src="https://us.edu.pl/wydzial/wpia/wp-content/uploads/sites/19/sukcesy/eradecka-333x500.jpg" alt="" width="333" height="500" srcset="https://us.edu.pl/wydzial/wpia/wp-content/uploads/sites/19/sukcesy/eradecka-333x500.jpg 333w, https://us.edu.pl/wydzial/wpia/wp-content/uploads/sites/19/sukcesy/eradecka-384x575.jpg 384w, https://us.edu.pl/wydzial/wpia/wp-content/uploads/sites/19/sukcesy/eradecka.jpg 683w" sizes="(max-width: 333px) 100vw, 333px" /></p>
</div>
                    </div>
                </div>[/vc_column][/vc_row]</p>
