{"id":179627,"date":"2025-01-13T10:24:35","date_gmt":"2025-01-13T09:24:35","guid":{"rendered":"https:\/\/us.edu.pl\/wydzial\/wpia\/?post_type=komunikaty&#038;p=179627"},"modified":"2025-01-14T15:01:52","modified_gmt":"2025-01-14T14:01:52","slug":"pracowniczki-wpia-czlonkiniami-komisji-dyscyplinarnej-przy-radzie-glownej-nauki-i-szkolnictwa-wyzszego","status":"publish","type":"komunikaty","link":"https:\/\/us.edu.pl\/wydzial\/wpia\/komunikaty\/pracowniczki-wpia-czlonkiniami-komisji-dyscyplinarnej-przy-radzie-glownej-nauki-i-szkolnictwa-wyzszego\/","title":{"rendered":"Pracowniczki WPiA cz\u0142onkiniami Komisji Dyscyplinarnej przy Radzie G\u0142\u00f3wnej Nauki i Szkolnictwa Wy\u017cszego"},"content":{"rendered":"<p>[vc_row][vc_column]\r\n                <div class=\"text-modules\">\r\n                    <div class=\"container\">\r\n                        \r\n                        <div class=\"text-modules__content\"><p>Z przyjemno\u015bci\u0105 informujemy, \u017ce <strong>28 listopada 2024 roku<\/strong> zosta\u0142a powo\u0142ana <span style=\"color: #000080;\"><strong>pierwszoinstancyjna Komisja Dyscyplinarna przy Radzie G\u0142\u00f3wnej Nauki i Szkolnictwa Wy\u017cszego<\/strong><\/span>.<\/p>\n<p>Komisja orzeka w sprawach nauczycieli akademickich podlegaj\u0105cych odpowiedzialno\u015bci dyscyplinarnej za post\u0119powanie uchybiaj\u0105ce obowi\u0105zkom nauczyciela akademickiego lub godno\u015bci zawodu nauczycielskiego takie jak: pope\u0142nienie plagiat\u00f3w, niewykonywanie polece\u0144 s\u0142u\u017cbowych prze\u0142o\u017conych, utrudnianie prowadzenia post\u0119powania wyja\u015bniaj\u0105cego, naruszenie dyscypliny finansowej, przyj\u0119cie korzy\u015bci maj\u0105tkowej czy te\u017c nienale\u017cyte post\u0119powanie wobec student\u00f3w i innych nauczycieli akademickich.<\/p>\n<p>W\u015br\u00f3d cz\u0142onk\u00f3w komisji zasiada pi\u0119\u0107 pracowniczek Wydzia\u0142u Prawa i Administracji:<\/p>\n<ul>\n<li><span style=\"color: #000080;\"><strong>prof. dr hab. Jadwiga Glumi\u0144ska-Pawlic,<\/strong><\/span><\/li>\n<li><span style=\"color: #000080;\"><strong>dr hab. Dorota \u0141obos-Kotowska, prof. U\u015a,<\/strong><\/span><\/li>\n<li><span style=\"color: #000080;\"><strong>prof. dr hab. Lidia Zacharko,<\/strong><\/span><\/li>\n<li><span style=\"color: #000080;\"><strong>dr Sylwia Zadworna,<\/strong><\/span><\/li>\n<li><span style=\"color: #000080;\"><strong>dr hab. Agnieszka Zi\u00f3\u0142kowska, prof. U\u015a.<\/strong><\/span><\/li>\n<\/ul>\n<p>Kadencja rozpocz\u0119\u0142a si\u0119 1 stycznia 2025 roku i potrwa do 31 grudnia 2028 roku<\/p>\n<p class=\"entry-title\"><a href=\"https:\/\/rgnisw.nauka.gov.pl\/2024\/12\/05\/uchwala-nr-156-2024-rady-glownej-i-szkolnictwa-wyzszego-z-dnia-28-listopada-2024-r-w-sprawie-wyboru-czlonkow-komisji-dyscyplinarnej-przy-radzie-glownej-nauki-i-szkolnictwa-wyzszego-na-kadencje-2025-2\/\">Uchwa\u0142a nr 156\/2024 Rady G\u0142\u00f3wnej i Szkolnictwa Wy\u017cszego z dnia 28 listopada 2024 r. w sprawie wyboru cz\u0142onk\u00f3w Komisji Dyscyplinarnej przy Radzie G\u0142\u00f3wnej Nauki i Szkolnictwa Wy\u017cszego na kadencj\u0119 2025-2028<\/a><\/p>\n<p>Serdecznie gratulujemy!<\/p>\n<\/div>\r\n                    <\/div>\r\n                <\/div>[\/vc_column][\/vc_row]<\/p>","protected":false},"excerpt":{"rendered":"<p>[vc_row][vc_column][\/vc_column][\/vc_row] [&#8230;]<\/p>\n<p><a class=\"btn btn-secondary understrap-read-more-link\" href=\"https:\/\/us.edu.pl\/wydzial\/wpia\/komunikaty\/pracowniczki-wpia-czlonkiniami-komisji-dyscyplinarnej-przy-radzie-glownej-nauki-i-szkolnictwa-wyzszego\/\">Read More&#8230;<\/a><\/p>\n","protected":false},"author":6981,"featured_media":0,"template":"","meta":{"_expiration-date-status":"","_expiration-date":0,"_expiration-date-type":"","_expiration-date-categories":[],"_expiration-date-options":[]},"acf":[],"_links":{"self":[{"href":"https:\/\/us.edu.pl\/wydzial\/wpia\/wp-json\/wp\/v2\/komunikaty\/179627"}],"collection":[{"href":"https:\/\/us.edu.pl\/wydzial\/wpia\/wp-json\/wp\/v2\/komunikaty"}],"about":[{"href":"https:\/\/us.edu.pl\/wydzial\/wpia\/wp-json\/wp\/v2\/types\/komunikaty"}],"author":[{"embeddable":true,"href":"https:\/\/us.edu.pl\/wydzial\/wpia\/wp-json\/wp\/v2\/users\/6981"}],"version-history":[{"count":2,"href":"https:\/\/us.edu.pl\/wydzial\/wpia\/wp-json\/wp\/v2\/komunikaty\/179627\/revisions"}],"predecessor-version":[{"id":179696,"href":"https:\/\/us.edu.pl\/wydzial\/wpia\/wp-json\/wp\/v2\/komunikaty\/179627\/revisions\/179696"}],"wp:attachment":[{"href":"https:\/\/us.edu.pl\/wydzial\/wpia\/wp-json\/wp\/v2\/media?parent=179627"}],"curies":[{"name":"wp","href":"https:\/\/api.w.org\/{rel}","templated":true}]}}

Pracowniczki WPiA członkiniami Komisji Dyscyplinarnej przy Radzie Głównej Nauki i Szkolnictwa Wyższego

<p>[vc_row][vc_column]
                <div class="text-modules">
                    <div class="container">
                        
                        <div class="text-modules__content"><p>Z przyjemnością informujemy, że <strong>28 listopada 2024 roku</strong> została powołana <span style="color: #000080;"><strong>pierwszoinstancyjna Komisja Dyscyplinarna przy Radzie Głównej Nauki i Szkolnictwa Wyższego</strong></span>.</p>
<p>Komisja orzeka w sprawach nauczycieli akademickich podlegających odpowiedzialności dyscyplinarnej za postępowanie uchybiające obowiązkom nauczyciela akademickiego lub godności zawodu nauczycielskiego takie jak: popełnienie plagiatów, niewykonywanie poleceń służbowych przełożonych, utrudnianie prowadzenia postępowania wyjaśniającego, naruszenie dyscypliny finansowej, przyjęcie korzyści majątkowej czy też nienależyte postępowanie wobec studentów i innych nauczycieli akademickich.</p>
<p>Wśród członków komisji zasiada pięć pracowniczek Wydziału Prawa i Administracji:</p>
<ul>
<li><span style="color: #000080;"><strong>prof. dr hab. Jadwiga Glumińska-Pawlic,</strong></span></li>
<li><span style="color: #000080;"><strong>dr hab. Dorota Łobos-Kotowska, prof. UŚ,</strong></span></li>
<li><span style="color: #000080;"><strong>prof. dr hab. Lidia Zacharko,</strong></span></li>
<li><span style="color: #000080;"><strong>dr Sylwia Zadworna,</strong></span></li>
<li><span style="color: #000080;"><strong>dr hab. Agnieszka Ziółkowska, prof. UŚ.</strong></span></li>
</ul>
<p>Kadencja rozpoczęła się 1 stycznia 2025 roku i potrwa do 31 grudnia 2028 roku</p>
<p class="entry-title"><a href="https://rgnisw.nauka.gov.pl/2024/12/05/uchwala-nr-156-2024-rady-glownej-i-szkolnictwa-wyzszego-z-dnia-28-listopada-2024-r-w-sprawie-wyboru-czlonkow-komisji-dyscyplinarnej-przy-radzie-glownej-nauki-i-szkolnictwa-wyzszego-na-kadencje-2025-2/">Uchwała nr 156/2024 Rady Głównej i Szkolnictwa Wyższego z dnia 28 listopada 2024 r. w sprawie wyboru członków Komisji Dyscyplinarnej przy Radzie Głównej Nauki i Szkolnictwa Wyższego na kadencję 2025-2028</a></p>
<p>Serdecznie gratulujemy!</p>
</div>
                    </div>
                </div>[/vc_column][/vc_row]</p>
