{"id":195012,"date":"2025-12-09T15:31:25","date_gmt":"2025-12-09T14:31:25","guid":{"rendered":"https:\/\/us.edu.pl\/wydzial\/wpia\/?post_type=komunikaty&#038;p=195012"},"modified":"2025-12-09T15:30:51","modified_gmt":"2025-12-09T14:30:51","slug":"dr-monika-lata-wyrozniona-w-ogolnopolskim-konkursie-im-profesora-andrzeja-stelmachowskiego","status":"publish","type":"komunikaty","link":"https:\/\/us.edu.pl\/wydzial\/wpia\/komunikaty\/dr-monika-lata-wyrozniona-w-ogolnopolskim-konkursie-im-profesora-andrzeja-stelmachowskiego\/","title":{"rendered":"Dr Monika \u0141ata laureatk\u0105 w Og\u00f3lnopolskim Konkursie im. Profesora Andrzeja Stelmachowskiego"},"content":{"rendered":"<p>[vc_row][vc_column]\r\n                <div class=\"text-modules\">\r\n                    <div class=\"container\">\r\n                        \r\n                        <div class=\"text-modules__content\"><p>Mi\u0142o nam poinformowa\u0107, \u017ce <span style=\"color: #000080;\"><strong>dr Monika \u0141ata<\/strong><\/span> zosta\u0142a wyr\u00f3\u017cniona<strong> Nagrod\u0105 I stopnia w Og\u00f3lnopolskim Konkursie im. Profesora Andrzeja Stelmachowskiego na najlepsz\u0105 prac\u0119 naukow\u0105 z zakresu prawa rolnego w 2024 roku<\/strong>, przyznawan\u0105 przez Polskie Stowarzyszenie Prawnik\u00f3w Agraryst\u00f3w. Dr Monika \u0141ata otrzyma\u0142a Nagrod\u0119 za prac\u0119 doktorsk\u0105 \u201eOgraniczenia reklamy suplement\u00f3w diety. Aspekty prawne\u201d.<\/p>\n<p>Celem rozprawy doktorskiej jest pr\u00f3ba odpowiedzi na pytanie, czy obowi\u0105zuj\u0105ce w Polsce przepisy prawa ograniczaj\u0105ce reklam\u0119 suplement\u00f3w diety s\u0105 poprawnie skonstruowane oraz zapewniaj\u0105 proporcjonaln\u0105 i adekwatn\u0105 ochron\u0119 konsumentom \u017cywno\u015bci i przedsi\u0119biorcom spo\u017cywczym.<\/p>\n<p>Promotorem pracy by\u0142a <strong>dr hab. Dorota \u0141obos-Kotowska, prof. U\u015a<\/strong>.<\/p>\n<p>Serdecznie gratulujemy!<\/p>\n<\/div>\r\n                    <\/div>\r\n                <\/div>[\/vc_column][\/vc_row]<\/p>","protected":false},"excerpt":{"rendered":"<p>[vc_row][vc_column][\/vc_column][\/vc_row] [&#8230;]<\/p>\n<p><a class=\"btn btn-secondary understrap-read-more-link\" href=\"https:\/\/us.edu.pl\/wydzial\/wpia\/komunikaty\/dr-monika-lata-wyrozniona-w-ogolnopolskim-konkursie-im-profesora-andrzeja-stelmachowskiego\/\">Read More&#8230;<\/a><\/p>\n","protected":false},"author":6981,"featured_media":0,"template":"","meta":{"_expiration-date-status":"","_expiration-date":0,"_expiration-date-type":"","_expiration-date-categories":[],"_expiration-date-options":[]},"acf":[],"_links":{"self":[{"href":"https:\/\/us.edu.pl\/wydzial\/wpia\/wp-json\/wp\/v2\/komunikaty\/195012"}],"collection":[{"href":"https:\/\/us.edu.pl\/wydzial\/wpia\/wp-json\/wp\/v2\/komunikaty"}],"about":[{"href":"https:\/\/us.edu.pl\/wydzial\/wpia\/wp-json\/wp\/v2\/types\/komunikaty"}],"author":[{"embeddable":true,"href":"https:\/\/us.edu.pl\/wydzial\/wpia\/wp-json\/wp\/v2\/users\/6981"}],"version-history":[{"count":3,"href":"https:\/\/us.edu.pl\/wydzial\/wpia\/wp-json\/wp\/v2\/komunikaty\/195012\/revisions"}],"predecessor-version":[{"id":195021,"href":"https:\/\/us.edu.pl\/wydzial\/wpia\/wp-json\/wp\/v2\/komunikaty\/195012\/revisions\/195021"}],"wp:attachment":[{"href":"https:\/\/us.edu.pl\/wydzial\/wpia\/wp-json\/wp\/v2\/media?parent=195012"}],"curies":[{"name":"wp","href":"https:\/\/api.w.org\/{rel}","templated":true}]}}

Dr Monika Łata laureatką w Ogólnopolskim Konkursie im. Profesora Andrzeja Stelmachowskiego

<p>[vc_row][vc_column]
                <div class="text-modules">
                    <div class="container">
                        
                        <div class="text-modules__content"><p>Miło nam poinformować, że <span style="color: #000080;"><strong>dr Monika Łata</strong></span> została wyróżniona<strong> Nagrodą I stopnia w Ogólnopolskim Konkursie im. Profesora Andrzeja Stelmachowskiego na najlepszą pracę naukową z zakresu prawa rolnego w 2024 roku</strong>, przyznawaną przez Polskie Stowarzyszenie Prawników Agrarystów. Dr Monika Łata otrzymała Nagrodę za pracę doktorską „Ograniczenia reklamy suplementów diety. Aspekty prawne”.</p>
<p>Celem rozprawy doktorskiej jest próba odpowiedzi na pytanie, czy obowiązujące w Polsce przepisy prawa ograniczające reklamę suplementów diety są poprawnie skonstruowane oraz zapewniają proporcjonalną i adekwatną ochronę konsumentom żywności i przedsiębiorcom spożywczym.</p>
<p>Promotorem pracy była <strong>dr hab. Dorota Łobos-Kotowska, prof. UŚ</strong>.</p>
<p>Serdecznie gratulujemy!</p>
</div>
                    </div>
                </div>[/vc_column][/vc_row]</p>
