{"id":4443,"date":"2021-04-07T12:27:23","date_gmt":"2021-04-07T10:27:23","guid":{"rendered":"https:\/\/us.edu.pl\/wydzial\/wpia\/?post_type=komunikaty&#038;p=4443"},"modified":"2021-04-07T12:27:23","modified_gmt":"2021-04-07T10:27:23","slug":"prof-dr-hab-ewa-rott-pietrzyk-czlonkiem-sadu-konkursowego-kapituly-panstwa-i-prawa","status":"publish","type":"komunikaty","link":"https:\/\/us.edu.pl\/wydzial\/wpia\/komunikaty\/prof-dr-hab-ewa-rott-pietrzyk-czlonkiem-sadu-konkursowego-kapituly-panstwa-i-prawa\/","title":{"rendered":"Prof. dr hab. Ewa Rott-Pietrzyk cz\u0142onkiem S\u0105du Konkursowego (Kapitu\u0142y) &#8222;Pa\u0144stwa i Prawa&#8221;"},"content":{"rendered":"<p>[vc_row][vc_column]\r\n                <div class=\"text-modules\">\r\n                    <div class=\"container\">\r\n                        \r\n                        <div class=\"text-modules__content\"><p>Mi\u0142o na poinformowa\u0107, \u017ce Pani prof. dr hab. Ewa Rott-Pietrzyk zosta\u0142a zaproszona do uczestnictwa w S\u0105dzie Konkursowym Og\u00f3lnopolskiego Konkursu Miesi\u0119cznika \u201ePa\u0144stwo i Prawo\u201d na najlepsze prace habilitacyjne i doktorskie z dziedziny nauk prawnych. Nagroda Redakcji \u201ePa\u0144stwa i Prawa\u201d, periodyku wydawanego pod auspicjami Komitetu Nauk Prawnych Polskiej Akademii Nauk, jest uznawana za jedn\u0105 z najbardziej presti\u017cowych nagr\u00f3d naukowych z zakresu nauk prawnych.<\/p>\n<\/div>\r\n                    <\/div>\r\n                <\/div>[\/vc_column][\/vc_row]<\/p>","protected":false},"excerpt":{"rendered":"<p>[vc_row][vc_column][\/vc_column][\/vc_row] [&#8230;]<\/p>\n<p><a class=\"btn btn-secondary understrap-read-more-link\" href=\"https:\/\/us.edu.pl\/wydzial\/wpia\/komunikaty\/prof-dr-hab-ewa-rott-pietrzyk-czlonkiem-sadu-konkursowego-kapituly-panstwa-i-prawa\/\">Read More&#8230;<\/a><\/p>\n","protected":false},"author":107,"featured_media":0,"template":"","meta":{"_expiration-date-status":"saved","_expiration-date":0,"_expiration-date-type":"","_expiration-date-categories":[],"_expiration-date-options":[]},"acf":[],"_links":{"self":[{"href":"https:\/\/us.edu.pl\/wydzial\/wpia\/wp-json\/wp\/v2\/komunikaty\/4443"}],"collection":[{"href":"https:\/\/us.edu.pl\/wydzial\/wpia\/wp-json\/wp\/v2\/komunikaty"}],"about":[{"href":"https:\/\/us.edu.pl\/wydzial\/wpia\/wp-json\/wp\/v2\/types\/komunikaty"}],"author":[{"embeddable":true,"href":"https:\/\/us.edu.pl\/wydzial\/wpia\/wp-json\/wp\/v2\/users\/107"}],"version-history":[{"count":1,"href":"https:\/\/us.edu.pl\/wydzial\/wpia\/wp-json\/wp\/v2\/komunikaty\/4443\/revisions"}],"predecessor-version":[{"id":4444,"href":"https:\/\/us.edu.pl\/wydzial\/wpia\/wp-json\/wp\/v2\/komunikaty\/4443\/revisions\/4444"}],"wp:attachment":[{"href":"https:\/\/us.edu.pl\/wydzial\/wpia\/wp-json\/wp\/v2\/media?parent=4443"}],"curies":[{"name":"wp","href":"https:\/\/api.w.org\/{rel}","templated":true}]}}

Prof. dr hab. Ewa Rott-Pietrzyk członkiem Sądu Konkursowego (Kapituły) &#8222;Państwa i Prawa&#8221;

<p>[vc_row][vc_column]
                <div class="text-modules">
                    <div class="container">
                        
                        <div class="text-modules__content"><p>Miło na poinformować, że Pani prof. dr hab. Ewa Rott-Pietrzyk została zaproszona do uczestnictwa w Sądzie Konkursowym Ogólnopolskiego Konkursu Miesięcznika „Państwo i Prawo” na najlepsze prace habilitacyjne i doktorskie z dziedziny nauk prawnych. Nagroda Redakcji „Państwa i Prawa”, periodyku wydawanego pod auspicjami Komitetu Nauk Prawnych Polskiej Akademii Nauk, jest uznawana za jedną z najbardziej prestiżowych nagród naukowych z zakresu nauk prawnych.</p>
</div>
                    </div>
                </div>[/vc_column][/vc_row]</p>
