{"id":4446,"date":"2021-04-09T09:15:58","date_gmt":"2021-04-09T07:15:58","guid":{"rendered":"https:\/\/us.edu.pl\/wydzial\/wpia\/?post_type=komunikaty&#038;p=4446"},"modified":"2021-04-09T09:28:46","modified_gmt":"2021-04-09T07:28:46","slug":"wystapienie-pani-prof-dr-hab-barbary-mikolajczyk-w-sesji-onz","status":"publish","type":"komunikaty","link":"https:\/\/us.edu.pl\/wydzial\/wpia\/komunikaty\/wystapienie-pani-prof-dr-hab-barbary-mikolajczyk-w-sesji-onz\/","title":{"rendered":"Wyst\u0105pienie Pani prof. dr hab. Barbary Miko\u0142ajczyk w sesji ONZ"},"content":{"rendered":"<p>[vc_row][vc_column]\r\n                <div class=\"text-modules\">\r\n                    <div class=\"container\">\r\n                        \r\n                        <div class=\"text-modules__content\"><p>Z dum\u0105 informujemy o wielkim sukcesie Pani prof. dr hab Barbary Miko\u0142ajczyk, kt\u00f3ra kolejny raz zosta\u0142a zaproszona do udzia\u0142u w sesji Organizacji Narod\u00f3w Zjednoczonych, reprezentuj\u0105c Wydzia\u0142 Prawa i Administracji Uniwersytetu \u015al\u0105skiego.<\/p>\n<p>W dniach 29 marca \u2013 1 kwietnia 2021 roku w siedzibie Organizacji Narod\u00f3w Zjednoczonych w Nowym Jorku odby\u0142a si\u0119 11 Sesja Grupy Roboczej Organizacji Narod\u00f3w Zjednoczonych ds. Starzenia si\u0119 (OEWGA) pracuj\u0105cej nad konwencj\u0105 o prawach os\u00f3b starszych.<\/p>\n<p>30 marca br. w dyskusji panelowej nad rezolucj\u0105 ONZ A\/RES\/75\/152 Pani prof. dr hab. Barbara Miko\u0142ajczyk pochyli\u0142a si\u0119 nad problemami cyfrowej edukacji os\u00f3b starszych, &#8222;lifelong learning&#8221; oraz prawa mi\u0119dzynarodowego.<\/p>\n<p>Serdecznie gratulujemy Pani Profesor!<\/p>\n<p><img class=\"alignnone wp-image-4448 size-medium\" src=\"https:\/\/us.edu.pl\/wydzial\/wpia\/wp-content\/uploads\/sites\/19\/sukcesy\/WhatsApp-Image-2021-04-08-at-12.45.43-338x500.jpeg\" alt=\"\" width=\"338\" height=\"500\" srcset=\"https:\/\/us.edu.pl\/wydzial\/wpia\/wp-content\/uploads\/sites\/19\/sukcesy\/WhatsApp-Image-2021-04-08-at-12.45.43-338x500.jpeg 338w, https:\/\/us.edu.pl\/wydzial\/wpia\/wp-content\/uploads\/sites\/19\/sukcesy\/WhatsApp-Image-2021-04-08-at-12.45.43-768x1135.jpeg 768w, https:\/\/us.edu.pl\/wydzial\/wpia\/wp-content\/uploads\/sites\/19\/sukcesy\/WhatsApp-Image-2021-04-08-at-12.45.43-693x1024.jpeg 693w, https:\/\/us.edu.pl\/wydzial\/wpia\/wp-content\/uploads\/sites\/19\/sukcesy\/WhatsApp-Image-2021-04-08-at-12.45.43-389x575.jpeg 389w, https:\/\/us.edu.pl\/wydzial\/wpia\/wp-content\/uploads\/sites\/19\/sukcesy\/WhatsApp-Image-2021-04-08-at-12.45.43.jpeg 1083w\" sizes=\"(max-width: 338px) 100vw, 338px\" \/><\/p>\n<p><img class=\"alignnone size-medium wp-image-4447\" src=\"https:\/\/us.edu.pl\/wydzial\/wpia\/wp-content\/uploads\/sites\/19\/sukcesy\/ONZ-500x274.png\" alt=\"\" width=\"500\" height=\"274\" srcset=\"https:\/\/us.edu.pl\/wydzial\/wpia\/wp-content\/uploads\/sites\/19\/sukcesy\/ONZ-500x274.png 500w, https:\/\/us.edu.pl\/wydzial\/wpia\/wp-content\/uploads\/sites\/19\/sukcesy\/ONZ-575x315.png 575w, https:\/\/us.edu.pl\/wydzial\/wpia\/wp-content\/uploads\/sites\/19\/sukcesy\/ONZ.png 580w\" sizes=\"(max-width: 500px) 100vw, 500px\" \/><\/p>\n<\/div>\r\n                    <\/div>\r\n                <\/div>[\/vc_column][\/vc_row]<\/p>","protected":false},"excerpt":{"rendered":"<p>[vc_row][vc_column][\/vc_column][\/vc_row] [&#8230;]<\/p>\n<p><a class=\"btn btn-secondary understrap-read-more-link\" href=\"https:\/\/us.edu.pl\/wydzial\/wpia\/komunikaty\/wystapienie-pani-prof-dr-hab-barbary-mikolajczyk-w-sesji-onz\/\">Read More&#8230;<\/a><\/p>\n","protected":false},"author":107,"featured_media":0,"template":"","meta":{"_expiration-date-status":"saved","_expiration-date":0,"_expiration-date-type":"","_expiration-date-categories":[],"_expiration-date-options":[]},"acf":[],"_links":{"self":[{"href":"https:\/\/us.edu.pl\/wydzial\/wpia\/wp-json\/wp\/v2\/komunikaty\/4446"}],"collection":[{"href":"https:\/\/us.edu.pl\/wydzial\/wpia\/wp-json\/wp\/v2\/komunikaty"}],"about":[{"href":"https:\/\/us.edu.pl\/wydzial\/wpia\/wp-json\/wp\/v2\/types\/komunikaty"}],"author":[{"embeddable":true,"href":"https:\/\/us.edu.pl\/wydzial\/wpia\/wp-json\/wp\/v2\/users\/107"}],"version-history":[{"count":1,"href":"https:\/\/us.edu.pl\/wydzial\/wpia\/wp-json\/wp\/v2\/komunikaty\/4446\/revisions"}],"predecessor-version":[{"id":4449,"href":"https:\/\/us.edu.pl\/wydzial\/wpia\/wp-json\/wp\/v2\/komunikaty\/4446\/revisions\/4449"}],"wp:attachment":[{"href":"https:\/\/us.edu.pl\/wydzial\/wpia\/wp-json\/wp\/v2\/media?parent=4446"}],"curies":[{"name":"wp","href":"https:\/\/api.w.org\/{rel}","templated":true}]}}

Wystąpienie Pani prof. dr hab. Barbary Mikołajczyk w sesji ONZ

<p>[vc_row][vc_column]
                <div class="text-modules">
                    <div class="container">
                        
                        <div class="text-modules__content"><p>Z dumą informujemy o wielkim sukcesie Pani prof. dr hab Barbary Mikołajczyk, która kolejny raz została zaproszona do udziału w sesji Organizacji Narodów Zjednoczonych, reprezentując Wydział Prawa i Administracji Uniwersytetu Śląskiego.</p>
<p>W dniach 29 marca – 1 kwietnia 2021 roku w siedzibie Organizacji Narodów Zjednoczonych w Nowym Jorku odbyła się 11 Sesja Grupy Roboczej Organizacji Narodów Zjednoczonych ds. Starzenia się (OEWGA) pracującej nad konwencją o prawach osób starszych.</p>
<p>30 marca br. w dyskusji panelowej nad rezolucją ONZ A/RES/75/152 Pani prof. dr hab. Barbara Mikołajczyk pochyliła się nad problemami cyfrowej edukacji osób starszych, &#8222;lifelong learning&#8221; oraz prawa międzynarodowego.</p>
<p>Serdecznie gratulujemy Pani Profesor!</p>
<p><img class="alignnone wp-image-4448 size-medium" src="https://us.edu.pl/wydzial/wpia/wp-content/uploads/sites/19/sukcesy/WhatsApp-Image-2021-04-08-at-12.45.43-338x500.jpeg" alt="" width="338" height="500" srcset="https://us.edu.pl/wydzial/wpia/wp-content/uploads/sites/19/sukcesy/WhatsApp-Image-2021-04-08-at-12.45.43-338x500.jpeg 338w, https://us.edu.pl/wydzial/wpia/wp-content/uploads/sites/19/sukcesy/WhatsApp-Image-2021-04-08-at-12.45.43-768x1135.jpeg 768w, https://us.edu.pl/wydzial/wpia/wp-content/uploads/sites/19/sukcesy/WhatsApp-Image-2021-04-08-at-12.45.43-693x1024.jpeg 693w, https://us.edu.pl/wydzial/wpia/wp-content/uploads/sites/19/sukcesy/WhatsApp-Image-2021-04-08-at-12.45.43-389x575.jpeg 389w, https://us.edu.pl/wydzial/wpia/wp-content/uploads/sites/19/sukcesy/WhatsApp-Image-2021-04-08-at-12.45.43.jpeg 1083w" sizes="(max-width: 338px) 100vw, 338px" /></p>
<p><img class="alignnone size-medium wp-image-4447" src="https://us.edu.pl/wydzial/wpia/wp-content/uploads/sites/19/sukcesy/ONZ-500x274.png" alt="" width="500" height="274" srcset="https://us.edu.pl/wydzial/wpia/wp-content/uploads/sites/19/sukcesy/ONZ-500x274.png 500w, https://us.edu.pl/wydzial/wpia/wp-content/uploads/sites/19/sukcesy/ONZ-575x315.png 575w, https://us.edu.pl/wydzial/wpia/wp-content/uploads/sites/19/sukcesy/ONZ.png 580w" sizes="(max-width: 500px) 100vw, 500px" /></p>
</div>
                    </div>
                </div>[/vc_column][/vc_row]</p>
