{"id":4739,"date":"2021-05-27T09:48:57","date_gmt":"2021-05-27T07:48:57","guid":{"rendered":"https:\/\/us.edu.pl\/wydzial\/wpia\/?post_type=komunikaty&#038;p=4739"},"modified":"2021-05-27T09:48:57","modified_gmt":"2021-05-27T07:48:57","slug":"powolanie-studenckiego-forum-naukowego-nietypowych-stosunkow-zatrudnienia","status":"publish","type":"komunikaty","link":"https:\/\/us.edu.pl\/wydzial\/wpia\/komunikaty\/powolanie-studenckiego-forum-naukowego-nietypowych-stosunkow-zatrudnienia\/","title":{"rendered":"Powo\u0142anie Studenckiego Forum Naukowego Nietypowych Stosunk\u00f3w Zatrudnienia"},"content":{"rendered":"<p>[vc_row][vc_column]\r\n                <div class=\"text-modules\">\r\n                    <div class=\"container\">\r\n                        \r\n                        <div class=\"text-modules__content\"><p>Niezmiernie mi\u0142o nam zakomunikowa\u0107, \u017ce w dniu 6 maja br. na zebraniu za\u0142o\u017cycielskim Studenckie Forum Nietypowych Stosunk\u00f3w Zatrudnienia WPiA U\u0141 pod kierownictwem dr hab. Tomasza Duraja, prof. U\u0141 dosz\u0142o do ukonstytuowania si\u0119 Zespo\u0142u Koordynuj\u0105cego FORUM, w sk\u0142ad kt\u00f3rego wesz\u0142y nast\u0119puj\u0105ce osoby: Damian Pietrzak (WPiA U\u0141),\u00a0 Magdalena Fonderska (WPiA U\u0141),\u00a0 Monika Rogala (WPiA U\u015a, Przewodnicz\u0105ca Ko\u0142o Naukowe Prawa Pracy &#8222;Opus per laborem&#8221;),\u00a0 Agnieszka Jaworska (WPiA U\u015a, Wiceprzewodnicz\u0105ca Ko\u0142o Naukowe Prawa Pracy &#8222;Opus per laborem&#8221; ),\u00a0 Kinga Ciosk (WPiA UJ, Wiceprzewodnicz\u0105ca Ko\u0142a Naukowego Prawa Pracy TBSP).<\/p>\n<p>Ponadto z rado\u015bci\u0105 informujemy, \u017ce w dniu 13 maja br. podczas spotkania Zespo\u0142u Koordynuj\u0105cego Forum, Zesp\u00f3\u0142 Koordynuj\u0105cy powo\u0142a\u0142 Przewodnicz\u0105cego, kt\u00f3rym zosta\u0142 student Wydzia\u0142u Prawa i Administracji Uniwersytetu \u0141\u00f3dzkiego Pan Damien Pietrzak oraz Wiceprzewodnicz\u0105c\u0105, kt\u00f3r\u0105 zosta\u0142a studentka Wydzia\u0142 Prawa i Administracji U\u015a Monika Rogala.<\/p>\n<p><img class=\"alignnone size-medium wp-image-4740\" src=\"https:\/\/us.edu.pl\/wydzial\/wpia\/wp-content\/uploads\/sites\/19\/sukcesy\/2-2-500x500.jpg\" alt=\"\" width=\"500\" height=\"500\" srcset=\"https:\/\/us.edu.pl\/wydzial\/wpia\/wp-content\/uploads\/sites\/19\/sukcesy\/2-2-500x500.jpg 500w, https:\/\/us.edu.pl\/wydzial\/wpia\/wp-content\/uploads\/sites\/19\/sukcesy\/2-2-150x150.jpg 150w, https:\/\/us.edu.pl\/wydzial\/wpia\/wp-content\/uploads\/sites\/19\/sukcesy\/2-2-768x768.jpg 768w, https:\/\/us.edu.pl\/wydzial\/wpia\/wp-content\/uploads\/sites\/19\/sukcesy\/2-2-575x575.jpg 575w, https:\/\/us.edu.pl\/wydzial\/wpia\/wp-content\/uploads\/sites\/19\/sukcesy\/2-2.jpg 901w\" sizes=\"(max-width: 500px) 100vw, 500px\" \/><\/p>\n<p>Serdecznie gratulujemy i \u017cyczymy wielu sukces\u00f3w!<\/p>\n<\/div>\r\n                    <\/div>\r\n                <\/div>[\/vc_column][\/vc_row]<\/p>","protected":false},"excerpt":{"rendered":"<p>[vc_row][vc_column][\/vc_column][\/vc_row] [&#8230;]<\/p>\n<p><a class=\"btn btn-secondary understrap-read-more-link\" href=\"https:\/\/us.edu.pl\/wydzial\/wpia\/komunikaty\/powolanie-studenckiego-forum-naukowego-nietypowych-stosunkow-zatrudnienia\/\">Read More&#8230;<\/a><\/p>\n","protected":false},"author":107,"featured_media":0,"template":"","meta":{"_expiration-date-status":"saved","_expiration-date":0,"_expiration-date-type":"","_expiration-date-categories":[],"_expiration-date-options":[]},"acf":[],"_links":{"self":[{"href":"https:\/\/us.edu.pl\/wydzial\/wpia\/wp-json\/wp\/v2\/komunikaty\/4739"}],"collection":[{"href":"https:\/\/us.edu.pl\/wydzial\/wpia\/wp-json\/wp\/v2\/komunikaty"}],"about":[{"href":"https:\/\/us.edu.pl\/wydzial\/wpia\/wp-json\/wp\/v2\/types\/komunikaty"}],"author":[{"embeddable":true,"href":"https:\/\/us.edu.pl\/wydzial\/wpia\/wp-json\/wp\/v2\/users\/107"}],"version-history":[{"count":1,"href":"https:\/\/us.edu.pl\/wydzial\/wpia\/wp-json\/wp\/v2\/komunikaty\/4739\/revisions"}],"predecessor-version":[{"id":4741,"href":"https:\/\/us.edu.pl\/wydzial\/wpia\/wp-json\/wp\/v2\/komunikaty\/4739\/revisions\/4741"}],"wp:attachment":[{"href":"https:\/\/us.edu.pl\/wydzial\/wpia\/wp-json\/wp\/v2\/media?parent=4739"}],"curies":[{"name":"wp","href":"https:\/\/api.w.org\/{rel}","templated":true}]}}

Powołanie Studenckiego Forum Naukowego Nietypowych Stosunków Zatrudnienia

<p>[vc_row][vc_column]
                <div class="text-modules">
                    <div class="container">
                        
                        <div class="text-modules__content"><p>Niezmiernie miło nam zakomunikować, że w dniu 6 maja br. na zebraniu założycielskim Studenckie Forum Nietypowych Stosunków Zatrudnienia WPiA UŁ pod kierownictwem dr hab. Tomasza Duraja, prof. UŁ doszło do ukonstytuowania się Zespołu Koordynującego FORUM, w skład którego weszły następujące osoby: Damian Pietrzak (WPiA UŁ),  Magdalena Fonderska (WPiA UŁ),  Monika Rogala (WPiA UŚ, Przewodnicząca Koło Naukowe Prawa Pracy &#8222;Opus per laborem&#8221;),  Agnieszka Jaworska (WPiA UŚ, Wiceprzewodnicząca Koło Naukowe Prawa Pracy &#8222;Opus per laborem&#8221; ),  Kinga Ciosk (WPiA UJ, Wiceprzewodnicząca Koła Naukowego Prawa Pracy TBSP).</p>
<p>Ponadto z radością informujemy, że w dniu 13 maja br. podczas spotkania Zespołu Koordynującego Forum, Zespół Koordynujący powołał Przewodniczącego, którym został student Wydziału Prawa i Administracji Uniwersytetu Łódzkiego Pan Damien Pietrzak oraz Wiceprzewodniczącą, którą została studentka Wydział Prawa i Administracji UŚ Monika Rogala.</p>
<p><img class="alignnone size-medium wp-image-4740" src="https://us.edu.pl/wydzial/wpia/wp-content/uploads/sites/19/sukcesy/2-2-500x500.jpg" alt="" width="500" height="500" srcset="https://us.edu.pl/wydzial/wpia/wp-content/uploads/sites/19/sukcesy/2-2-500x500.jpg 500w, https://us.edu.pl/wydzial/wpia/wp-content/uploads/sites/19/sukcesy/2-2-150x150.jpg 150w, https://us.edu.pl/wydzial/wpia/wp-content/uploads/sites/19/sukcesy/2-2-768x768.jpg 768w, https://us.edu.pl/wydzial/wpia/wp-content/uploads/sites/19/sukcesy/2-2-575x575.jpg 575w, https://us.edu.pl/wydzial/wpia/wp-content/uploads/sites/19/sukcesy/2-2.jpg 901w" sizes="(max-width: 500px) 100vw, 500px" /></p>
<p>Serdecznie gratulujemy i życzymy wielu sukcesów!</p>
</div>
                    </div>
                </div>[/vc_column][/vc_row]</p>
