{"id":156098,"date":"2022-06-09T13:49:25","date_gmt":"2022-06-09T11:49:25","guid":{"rendered":"https:\/\/us.edu.pl\/wydzial\/wpia\/?page_id=156098"},"modified":"2026-03-16T10:34:41","modified_gmt":"2026-03-16T09:34:41","slug":"prawo","status":"publish","type":"page","link":"https:\/\/us.edu.pl\/wydzial\/wpia\/kandydat\/kierunki-studiow\/prawo\/","title":{"rendered":"Prawo"},"content":{"rendered":"<p>[vc_row][vc_column]\r\n                <div class=\"text-modules\">\r\n                    <div class=\"container\">\r\n                        \r\n                        <div class=\"text-modules__content\"><\/p>\n<h2>Prawo<\/h2>\n<p>\n<\/div>\r\n                    <\/div>\r\n                <\/div>\r\n                <div class=\"text-modules reverse\">\r\n                    <div class=\"container\">\r\n                         \r\n                        <div class=\"row m-0\">\r\n                            <div class=\"text-modules__content\">\r\n                                Studia prawnicze to jeden z najbardziej presti\u017cowych kierunk\u00f3w na Uniwersytecie \u015al\u0105skim w Katowicach. Wysoki poziom zdobytej wiedzy teoretycznej i umiej\u0119tno\u015bci praktyczne, pozwalaj\u0105 naszym absolwentom (w zale\u017cno\u015bci od wyboru \u015bcie\u017cki kariery zawodowej) zar\u00f3wno na kontynuowanie nauki w ramach studi\u00f3w doktoranckich, jak i pozyskiwanie uprawnie\u0144 w ramach aplikacji, a tak\u017ce rozpoczynanie pracy zawodowej w instytucjach i organizacjach publicznych oraz niepublicznych. Studia prawnicze stanowi\u0105 r\u00f3wnie\u017c dobry punkt wyj\u015bcia dla os\u00f3b planuj\u0105cych prowadzenie w\u0142asnej dzia\u0142alno\u015bci gospodarczej.<\/p>\n<p>W toku studi\u00f3w student uzyskuje znajomo\u015b\u0107 podstawowych dziedzin prawa polskiego, prawa stanowionego przez Uni\u0119 Europejsk\u0105 oraz fundamentalnych akt\u00f3w prawa mi\u0119dzynarodowego. Wiedza z zakresu poszczeg\u00f3lnych ga\u0142\u0119zi prawa jest uzupe\u0142niona o przedmioty dogmatyczne, dzi\u0119ki kt\u00f3rym student uzyskuje umiej\u0119tno\u015b\u0107 rozumienia tekst\u00f3w prawnych i dokonywania ich wyk\u0142adni. Proces kszta\u0142cenia pozwala nauczy\u0107 si\u0119 studentowi krytycznego my\u015blenia oraz samodzielnego pos\u0142ugiwania si\u0119 pi\u015bmiennictwem i orzecznictwem przy konstruowaniu stanowiska w konkretnej sprawie.<\/p>\n<p>Studiuj\u0105cy maj\u0105 mo\u017cliwo\u015b\u0107 poszerzania swoich zainteresowa\u0144 naukowych oraz doskonalenia warsztatu zawodowego anga\u017cuj\u0105c si\u0119 w dzia\u0142alno\u015b\u0107 k\u00f3\u0142 naukowych, Studenckiej Poradni Prawnej oraz w trakcie odbywania obowi\u0105zkowych praktyk.<\/p>\n<p>Warto\u015bci\u0105 studi\u00f3w prawniczych na WPiA jest \u0142\u0105czenie teorii z praktyk\u0105 czego przejawem jest bogata oferta spotka\u0144 studyjnych w s\u0105dach, prokuraturze a tak\u017ce instytucjach zwi\u0105zanych ze stosowaniem prawa oraz praktycznych warsztat\u00f3w prowadzonych przez przedstawicieli zawod\u00f3w prawniczych. \r\n                                <div class=\"mt-3\"><\/div>\r\n                            <\/div>\r\n                            \r\n                            <div class=\"text-modules__img\"><img src=\"https:\/\/us.edu.pl\/wydzial\/wpia\/wp-content\/uploads\/sites\/19\/Strona-glowna\/logo\/prawo-500x333.jpg\" alt=\"img\"><\/div>\r\n                        <\/div>\r\n                    <\/div>\r\n                <\/div>[vc_empty_space][\/vc_column][\/vc_row][vc_row css=&#8221;.vc_custom_1652684520526{padding-right: 20px !important;padding-left: 20px !important;background-color: #f2f2f2 !important;}&#8221;][vc_column css=&#8221;.vc_custom_1652684540318{padding-right: 0px !important;padding-left: 0px !important;}&#8221;]\r\n                <div class=\"text-modules\">\r\n                    <div class=\"container\">\r\n                        \r\n                        <div class=\"text-modules__content\"><\/p>\n<h3 class=\"western\">Zapisz si\u0119 na studia<\/h3>\n<p align=\"left\"><span style=\"color: #339966;\"><strong>(rekrutacja rozpoczyna si\u0119 1 czerwca)<\/strong><\/span><\/p>\n<p>\n<\/div>\r\n                    <\/div>\r\n                <\/div>[vc_btn title=&#8221;Internetowa rejestracja dla kandydat\u00f3w&#8221; style=&#8221;outline-custom&#8221; outline_custom_color=&#8221;#002e5a&#8221; outline_custom_hover_background=&#8221;#002e5a&#8221; outline_custom_hover_text=&#8221;#ffffff&#8221; shape=&#8221;square&#8221; size=&#8221;lg&#8221; el_class=&#8221;link&#8221; link=&#8221;url:https%3A%2F%2Firk.us.edu.pl%2Fpl%2Foffer%2FSW-2025-Z%2Ffield%2FPR%2F&#8221;][\/vc_column][\/vc_row][vc_row disable_element=&#8221;yes&#8221; css=&#8221;.vc_custom_1652684454894{background-color: #f2f2f2 !important;}&#8221;][vc_column]\r\n                <div class='sidebar_moduls sidebar_one_header' style='color:#002E5A;background-color: #EBEBEB'>\r\n                    <a href='https:\/\/us.edu.pl' class='link'>przejd\u017a: do internetowej rejestracji dla kandydat\u00f3w<\/a>\r\n                <\/div>\r\n                <div class='sidebar_moduls sidebar_button' style=\"background-color: #EBEBEB; color: #002E5A\">\r\n                    <h3>Zapisz si\u0119 na studia<\/h3>\r\n                    <div class='link-button-wrap'><a style=\"background-color: #002E5A!important; color: #FFFFFF!important\" href='https:\/\/irk.us.edu.pl' class='link-button'>przejd\u017a: do internetowej rejestracji dla kandydat\u00f3w<\/a><\/div>\r\n                <\/div>[\/vc_column][\/vc_row]<\/p>","protected":false},"excerpt":{"rendered":"<p>[vc_row][vc_column][vc_empty_space][\/vc_column][\/vc_row][vc_row css=&#8221;.vc_custom_1652684520526{padding-right: 20px !important;padding-left: 20px !important;background-color: #f2f2f2 !important;}&#8221;][vc_column css=&#8221;.vc_custom_1652684540318{padding-right: 0px !important;padding-left: 0px !important;}&#8221;][vc_btn title=&#8221;Internetowa rejestracja dla kandydat\u00f3w&#8221; style=&#8221;outline-custom&#8221; outline_custom_color=&#8221;#002e5a&#8221; outline_custom_hover_background=&#8221;#002e5a&#8221; outline_custom_hover_text=&#8221;#ffffff&#8221; shape=&#8221;square&#8221; size=&#8221;lg&#8221; el_class=&#8221;link&#8221; link=&#8221;url:https%3A%2F%2Firk.us.edu.pl%2Fpl%2Foffer%2FSW-2025-Z%2Ffield%2FPR%2F&#8221;][\/vc_column][\/vc_row][vc_row disable_element=&#8221;yes&#8221; css=&#8221;.vc_custom_1652684454894{background-color: #f2f2f2 !important;}&#8221;][vc_column][\/vc_column][\/vc_row] [&#8230;]<\/p>\n<p><a class=\"btn btn-secondary understrap-read-more-link\" href=\"https:\/\/us.edu.pl\/wydzial\/wpia\/kandydat\/kierunki-studiow\/prawo\/\">Read More&#8230;<\/a><\/p>\n","protected":false},"author":107,"featured_media":0,"parent":156046,"menu_order":0,"comment_status":"closed","ping_status":"closed","template":"page-templates\/page-with-sidebar-and-bookmarks.php","meta":{"_expiration-date-status":"","_expiration-date":0,"_expiration-date-type":"","_expiration-date-categories":[],"_expiration-date-options":[]},"acf":[],"_links":{"self":[{"href":"https:\/\/us.edu.pl\/wydzial\/wpia\/wp-json\/wp\/v2\/pages\/156098"}],"collection":[{"href":"https:\/\/us.edu.pl\/wydzial\/wpia\/wp-json\/wp\/v2\/pages"}],"about":[{"href":"https:\/\/us.edu.pl\/wydzial\/wpia\/wp-json\/wp\/v2\/types\/page"}],"author":[{"embeddable":true,"href":"https:\/\/us.edu.pl\/wydzial\/wpia\/wp-json\/wp\/v2\/users\/107"}],"replies":[{"embeddable":true,"href":"https:\/\/us.edu.pl\/wydzial\/wpia\/wp-json\/wp\/v2\/comments?post=156098"}],"version-history":[{"count":11,"href":"https:\/\/us.edu.pl\/wydzial\/wpia\/wp-json\/wp\/v2\/pages\/156098\/revisions"}],"predecessor-version":[{"id":196947,"href":"https:\/\/us.edu.pl\/wydzial\/wpia\/wp-json\/wp\/v2\/pages\/156098\/revisions\/196947"}],"up":[{"embeddable":true,"href":"https:\/\/us.edu.pl\/wydzial\/wpia\/wp-json\/wp\/v2\/pages\/156046"}],"wp:attachment":[{"href":"https:\/\/us.edu.pl\/wydzial\/wpia\/wp-json\/wp\/v2\/media?parent=156098"}],"curies":[{"name":"wp","href":"https:\/\/api.w.org\/{rel}","templated":true}]}}