{"id":159859,"date":"2022-12-07T14:58:03","date_gmt":"2022-12-07T13:58:03","guid":{"rendered":"https:\/\/us.edu.pl\/wydzial\/wpia\/?page_id=159859"},"modified":"2024-10-21T08:48:38","modified_gmt":"2024-10-21T06:48:38","slug":"jakosc-ksztalcenia","status":"publish","type":"page","link":"https:\/\/us.edu.pl\/wydzial\/wpia\/ksztalcenie\/jakosc-ksztalcenia\/","title":{"rendered":"Jako\u015b\u0107 kszta\u0142cenia"},"content":{"rendered":"<p>[vc_row][vc_column]\r\n                <div class=\"text-modules\">\r\n                    <div class=\"container\">\r\n                        <h3 class=\"page-title text__title\">Jako\u015b\u0107 kszta\u0142cenia<\/h3>\r\n                        <div class=\"text-modules__content\"><p><strong>Pe\u0142nomocnik Dziekana Wydzia\u0142u Prawa i Administracji U\u015a do spraw jako\u015bci kszta\u0142cenia i akredytacji<\/strong><\/p>\n<p>dr hab. Joanna Nowakowska-Ma\u0142usecka, prof. U\u015a<\/p>\n<p>e-mail: <a href=\"mailto:joanna.nowakowska-malusecka@us.edu.pl\">joanna.nowakowska-malusecka@us.edu.pl<\/a><\/p>\n<p>Pok\u00f3j:\u00a0<strong>1.11<\/strong><\/p>\n<p>Dy\u017cury\u00a0w semestrze zimowym\u00a0odbywa\u0107 si\u0119 b\u0119d\u0105 w\u00a0<strong>poniedzia\u0142ki <\/strong>w godz.<strong>\u00a013:00-13:45<\/strong>.<\/p>\n<p>&nbsp;<\/p>\n<p><a href=\"https:\/\/us.edu.pl\/wydzial\/wpia\/wp-content\/uploads\/sites\/19\/Kszta%C5%82cenie\/Akty\/PSZJK-WPiA.pdf\" class=\"mtli_attachment mtli_pdf\" class=\"mtli_attachment mtli_pdf\">Procedury Systemu Zapewniania Jako\u015bci Kszta\u0142cenia dla kierunk\u00f3w studi\u00f3w organizowanych przez WPiA<\/a><\/p>\n<p>&nbsp;<\/p>\n<p>Zbiorcze statystyczne wyniki ankiet oceny pracy dydatkycznej nauczyciela<br \/>\nakademickiego znajduj\u0105 si\u0119 tutaj:<br \/>\n<a href=\"https:\/\/us.edu.pl\/pracownik\/sprawy-dydaktyczne\/pion-ksztalcenia\/jakosc-ksztalcenia\/narzedzia-monitorowania-jakosci-ksztalcenia\/ankieta-oceny-pracy-dydaktycznej-nauczyciela-akademickiego\/\">Ankieta oceny pracy dydaktycznej nauczyciela akademickiego<\/a><\/p>\n<p>\n<\/div>\r\n                    <\/div>\r\n                <\/div>[\/vc_column][\/vc_row]<\/p>","protected":false},"excerpt":{"rendered":"<p>[vc_row][vc_column][\/vc_column][\/vc_row] [&#8230;]<\/p>\n<p><a class=\"btn btn-secondary understrap-read-more-link\" href=\"https:\/\/us.edu.pl\/wydzial\/wpia\/ksztalcenie\/jakosc-ksztalcenia\/\">Read More&#8230;<\/a><\/p>\n","protected":false},"author":3414,"featured_media":0,"parent":1998,"menu_order":3,"comment_status":"closed","ping_status":"closed","template":"page-templates\/inner-page.php","meta":{"_expiration-date-status":"","_expiration-date":0,"_expiration-date-type":"","_expiration-date-categories":[],"_expiration-date-options":[]},"acf":[],"_links":{"self":[{"href":"https:\/\/us.edu.pl\/wydzial\/wpia\/wp-json\/wp\/v2\/pages\/159859"}],"collection":[{"href":"https:\/\/us.edu.pl\/wydzial\/wpia\/wp-json\/wp\/v2\/pages"}],"about":[{"href":"https:\/\/us.edu.pl\/wydzial\/wpia\/wp-json\/wp\/v2\/types\/page"}],"author":[{"embeddable":true,"href":"https:\/\/us.edu.pl\/wydzial\/wpia\/wp-json\/wp\/v2\/users\/3414"}],"replies":[{"embeddable":true,"href":"https:\/\/us.edu.pl\/wydzial\/wpia\/wp-json\/wp\/v2\/comments?post=159859"}],"version-history":[{"count":2,"href":"https:\/\/us.edu.pl\/wydzial\/wpia\/wp-json\/wp\/v2\/pages\/159859\/revisions"}],"predecessor-version":[{"id":175720,"href":"https:\/\/us.edu.pl\/wydzial\/wpia\/wp-json\/wp\/v2\/pages\/159859\/revisions\/175720"}],"up":[{"embeddable":true,"href":"https:\/\/us.edu.pl\/wydzial\/wpia\/wp-json\/wp\/v2\/pages\/1998"}],"wp:attachment":[{"href":"https:\/\/us.edu.pl\/wydzial\/wpia\/wp-json\/wp\/v2\/media?parent=159859"}],"curies":[{"name":"wp","href":"https:\/\/api.w.org\/{rel}","templated":true}]}}