{"id":160147,"date":"2022-12-16T13:58:08","date_gmt":"2022-12-16T12:58:08","guid":{"rendered":"https:\/\/us.edu.pl\/wydzial\/wpia\/?page_id=160147"},"modified":"2025-09-23T09:35:46","modified_gmt":"2025-09-23T07:35:46","slug":"administracja-proces-dyplomowania","status":"publish","type":"page","link":"https:\/\/us.edu.pl\/wydzial\/wpia\/student\/proces-dyplomowania\/administracja-proces-dyplomowania\/","title":{"rendered":"Administracja &#8211; Proces dyplomowania"},"content":{"rendered":"<p>[vc_row][vc_column]\r\n                <div class=\"text-modules\">\r\n                    <div class=\"container\">\r\n                        <h3 class=\"page-title text__title\">Zagadnienia na egzamin dyplomowy z kierunku administracja<\/h3>\r\n                        <div class=\"text-modules__content\"><p><a href=\"https:\/\/us.edu.pl\/wydzial\/wpia\/wp-content\/uploads\/sites\/19\/Ksztalcenie\/Proces-dyplomowania\/Administracja\/dr-Baranski-Michal.pdf\" class=\"mtli_attachment mtli_pdf\" data-mtli=\"mtli_filesize106,47kB\" class=\"mtli_attachment mtli_pdf\" data-mtli=\"mtli_filesize106,47kB\">dr Bara\u0144ski Micha\u0142<\/a><\/p>\n<p><a href=\"https:\/\/us.edu.pl\/wydzial\/wpia\/wp-content\/uploads\/sites\/19\/Ksztalcenie\/Proces-dyplomowania\/Administracja\/dr-Bek-Dominika.pdf\" class=\"mtli_attachment mtli_pdf\" data-mtli=\"mtli_filesize108,29kB\" class=\"mtli_attachment mtli_pdf\" data-mtli=\"mtli_filesize108,29kB\">dr Bek Dominika<\/a><\/p>\n<p><a href=\"https:\/\/us.edu.pl\/wydzial\/wpia\/wp-content\/uploads\/sites\/19\/Ksztalcenie\/Proces-dyplomowania\/Administracja\/dr-Bilgorajski-Artur.pdf\" class=\"mtli_attachment mtli_pdf\" data-mtli=\"mtli_filesize127,10kB\" class=\"mtli_attachment mtli_pdf\" data-mtli=\"mtli_filesize127,10kB\">dr Bi\u0142gorajski Artur<\/a><\/p>\n<p><a href=\"https:\/\/us.edu.pl\/wydzial\/wpia\/wp-content\/uploads\/sites\/19\/Ksztalcenie\/Proces-dyplomowania\/Administracja\/dr-hab.-Bozek-Michal-prof.-US.pdf\" class=\"mtli_attachment mtli_pdf\" data-mtli=\"mtli_filesize139,07kB\" class=\"mtli_attachment mtli_pdf\" data-mtli=\"mtli_filesize139,07kB\">dr hab. Bo\u017cek Micha\u0142, prof. U\u015a<\/a><\/p>\n<p><a href=\"https:\/\/us.edu.pl\/wydzial\/wpia\/wp-content\/uploads\/sites\/19\/Ksztalcenie\/Proces-dyplomowania\/Administracja\/dr-hab.-Chorazewska-Anna-prof.-US.pdf\" class=\"mtli_attachment mtli_pdf\" data-mtli=\"mtli_filesize112,20kB\" class=\"mtli_attachment mtli_pdf\" data-mtli=\"mtli_filesize112,20kB\">dr hab. Chor\u0105\u017cewska Anna, prof. U\u015a<\/a><\/p>\n<p><a href=\"https:\/\/us.edu.pl\/wydzial\/wpia\/wp-content\/uploads\/sites\/19\/Ksztalcenie\/Proces-dyplomowania\/Administracja\/dr-hab.-Dobrowolski-Grzegorz-prof.-US.pdf\" class=\"mtli_attachment mtli_pdf\" data-mtli=\"mtli_filesize107,69kB\" class=\"mtli_attachment mtli_pdf\" data-mtli=\"mtli_filesize107,69kB\">dr hab. Dobrowolski Grzegorz, prof. U\u015a<\/a><\/p>\n<p><a href=\"https:\/\/us.edu.pl\/wydzial\/wpia\/wp-content\/uploads\/sites\/19\/Ksztalcenie\/Proces-dyplomowania\/Administracja\/prof.-dr-hab.-Fuchs-Bernadetta.pdf\" class=\"mtli_attachment mtli_pdf\" data-mtli=\"mtli_filesize107,22kB\" class=\"mtli_attachment mtli_pdf\" data-mtli=\"mtli_filesize107,22kB\">prof. dr hab. Fuchs Bernadetta<\/a><\/p>\n<p><a href=\"https:\/\/us.edu.pl\/wydzial\/wpia\/wp-content\/uploads\/sites\/19\/Ksztalcenie\/Proces-dyplomowania\/Administracja\/prof.-dr-hab.-Gluminska-Pawlic-Jadwiga.pdf\" class=\"mtli_attachment mtli_pdf\" data-mtli=\"mtli_filesize107,36kB\" class=\"mtli_attachment mtli_pdf\" data-mtli=\"mtli_filesize107,36kB\">prof. dr hab. Glumi\u0144ska-Pawlic Jadwiga<\/a><\/p>\n<p><a href=\"https:\/\/us.edu.pl\/wydzial\/wpia\/wp-content\/uploads\/sites\/19\/Ksztalcenie\/Proces-dyplomowania\/Administracja\/dr-Grudecki-Michal.pdf\" class=\"mtli_attachment mtli_pdf\" data-mtli=\"mtli_filesize107,49kB\" class=\"mtli_attachment mtli_pdf\" data-mtli=\"mtli_filesize107,49kB\">dr Grudecki Micha\u0142<\/a><\/p>\n<p><a href=\"https:\/\/us.edu.pl\/wydzial\/wpia\/wp-content\/uploads\/sites\/19\/Ksztalcenie\/Proces-dyplomowania\/Administracja\/dr-Gwozdz-Tomasz.pdf\" class=\"mtli_attachment mtli_pdf\" data-mtli=\"mtli_filesize105,74kB\" class=\"mtli_attachment mtli_pdf\" data-mtli=\"mtli_filesize105,74kB\">dr Gw\u00f3\u017ad\u017a Tomasz<\/a><\/p>\n<p><a href=\"https:\/\/us.edu.pl\/wydzial\/wpia\/wp-content\/uploads\/sites\/19\/Ksztalcenie\/Proces-dyplomowania\/Administracja\/dr-Holda-Wydrzynska-Anna-1.pdf\" class=\"mtli_attachment mtli_pdf\" data-mtli=\"mtli_filesize108,54kB\" class=\"mtli_attachment mtli_pdf\" data-mtli=\"mtli_filesize108,54kB\">dr Ho\u0142da-Wydrzy\u0144ska Anna<\/a><\/p>\n<p><a href=\"https:\/\/us.edu.pl\/wydzial\/wpia\/wp-content\/uploads\/sites\/19\/Ksztalcenie\/Proces-dyplomowania\/Administracja\/dr-hab.-Jagoda-Joanna-prof.-US.pdf\" class=\"mtli_attachment mtli_pdf\" data-mtli=\"mtli_filesize118,23kB\" class=\"mtli_attachment mtli_pdf\" data-mtli=\"mtli_filesize118,23kB\">dr hab. Jagoda Joanna, prof. U\u015a<\/a><\/p>\n<p><a href=\"https:\/\/us.edu.pl\/wydzial\/wpia\/wp-content\/uploads\/sites\/19\/Ksztalcenie\/Proces-dyplomowania\/Administracja\/dr-hab.-Janik-Marcin-prof.-US.pdf\" class=\"mtli_attachment mtli_pdf\" data-mtli=\"mtli_filesize114,03kB\" class=\"mtli_attachment mtli_pdf\" data-mtli=\"mtli_filesize114,03kB\">dr hab. Janik Marcin, prof. U\u015a<\/a><\/p>\n<p><a class=\"mtli_attachment mtli_pdf mtli_attachment mtli_pdf mtli_attachment mtli_pdf\" href=\"https:\/\/us.edu.pl\/wydzial\/wpia\/wp-content\/uploads\/sites\/19\/2025\/06\/dr-Jez-Radoslaw-2.pdf\" data-mtli=\"mtli_filesize115,12kB\" data-mtli=\"mtli_filesize115,12kB\" data-mtli=\"mtli_filesize115,12kB\">dr Je\u017c Rados\u0142aw<\/a><\/p>\n<p><a href=\"https:\/\/us.edu.pl\/wydzial\/wpia\/wp-content\/uploads\/sites\/19\/Ksztalcenie\/Proces-dyplomowania\/Administracja\/dr-hab.-Klyta-Wojciech-prof.-US.pdf\" class=\"mtli_attachment mtli_pdf\" data-mtli=\"mtli_filesize105,98kB\" class=\"mtli_attachment mtli_pdf\" data-mtli=\"mtli_filesize105,98kB\">dr hab. Klyta Wojciech, prof. U\u015a<\/a><\/p>\n<p><a href=\"https:\/\/us.edu.pl\/wydzial\/wpia\/wp-content\/uploads\/sites\/19\/Ksztalcenie\/Proces-dyplomowania\/Administracja\/prof.-dr-hab.-Labno-Anna.pdf\" class=\"mtli_attachment mtli_pdf\" data-mtli=\"mtli_filesize139,44kB\" class=\"mtli_attachment mtli_pdf\" data-mtli=\"mtli_filesize139,44kB\">prof. dr hab. \u0141abno Anna<\/a><\/p>\n<p><a href=\"https:\/\/us.edu.pl\/wydzial\/wpia\/wp-content\/uploads\/sites\/19\/Ksztalcenie\/Proces-dyplomowania\/Administracja\/prof.-dr-hab.-Laszczyca-Grzegprz.pdf\" class=\"mtli_attachment mtli_pdf\" data-mtli=\"mtli_filesize107,82kB\" class=\"mtli_attachment mtli_pdf\" data-mtli=\"mtli_filesize107,82kB\">prof. dr hab. \u0141aszczyca Grzegprz<\/a><\/p>\n<p><a href=\"https:\/\/us.edu.pl\/wydzial\/wpia\/wp-content\/uploads\/sites\/19\/Ksztalcenie\/Proces-dyplomowania\/Administracja\/dr-hab.-Lobos-Kotowska-Dorota-prof.-US-1.pdf\" class=\"mtli_attachment mtli_pdf\" data-mtli=\"mtli_filesize108,57kB\" class=\"mtli_attachment mtli_pdf\" data-mtli=\"mtli_filesize108,57kB\">dr hab. \u0141obos-Kotowska Dorota, prof. U\u015a (1)<\/a><\/p>\n<p><a href=\"https:\/\/us.edu.pl\/wydzial\/wpia\/wp-content\/uploads\/sites\/19\/Ksztalcenie\/Proces-dyplomowania\/Administracja\/dr-hab.-Lobos-Kotowska-Dorota-prof.-US-2.pdf\" class=\"mtli_attachment mtli_pdf\" data-mtli=\"mtli_filesize107,15kB\" class=\"mtli_attachment mtli_pdf\" data-mtli=\"mtli_filesize107,15kB\">dr hab. \u0141obos-Kotowska Dorota, prof. U\u015a (2)<\/a><\/p>\n<p><a href=\"https:\/\/us.edu.pl\/wydzial\/wpia\/wp-content\/uploads\/sites\/19\/Ksztalcenie\/Proces-dyplomowania\/Administracja\/dr-Maryniak-Lukasz.pdf\" class=\"mtli_attachment mtli_pdf\" data-mtli=\"mtli_filesize108,34kB\" class=\"mtli_attachment mtli_pdf\" data-mtli=\"mtli_filesize108,34kB\">dr Maryniak \u0141ukasz<\/a><\/p>\n<p><a href=\"https:\/\/us.edu.pl\/wydzial\/wpia\/wp-content\/uploads\/sites\/19\/Ksztalcenie\/Proces-dyplomowania\/prof.-dr-hab.-Andrzej-Matan.pdf\" class=\"mtli_attachment mtli_pdf\" data-mtli=\"mtli_filesize108,70kB\" class=\"mtli_attachment mtli_pdf\" data-mtli=\"mtli_filesize108,70kB\">prof. dr hab. Andrzej Matan<\/a><\/p>\n<p><a href=\"https:\/\/us.edu.pl\/wydzial\/wpia\/wp-content\/uploads\/sites\/19\/Ksztalcenie\/Proces-dyplomowania\/Administracja\/dr-Madrzycki-Blazej.pdf\" class=\"mtli_attachment mtli_pdf\" data-mtli=\"mtli_filesize106,49kB\" class=\"mtli_attachment mtli_pdf\" data-mtli=\"mtli_filesize106,49kB\">dr M\u0105drzycki B\u0142a\u017cej<\/a><\/p>\n<p><a href=\"https:\/\/us.edu.pl\/wydzial\/wpia\/wp-content\/uploads\/sites\/19\/Ksztalcenie\/Proces-dyplomowania\/Administracja\/dr-Owczarczuk-Slawomir.pdf\" class=\"mtli_attachment mtli_pdf\" data-mtli=\"mtli_filesize105,72kB\" class=\"mtli_attachment mtli_pdf\" data-mtli=\"mtli_filesize105,72kB\">dr Owczarczuk S\u0142awomir<\/a><\/p>\n<p><a href=\"https:\/\/us.edu.pl\/wydzial\/wpia\/wp-content\/uploads\/sites\/19\/Ksztalcenie\/Proces-dyplomowania\/Administracja\/dr-hab.-Pawelczyk-Miroslaw-prof.-US.pdf\" class=\"mtli_attachment mtli_pdf\" data-mtli=\"mtli_filesize109,79kB\" class=\"mtli_attachment mtli_pdf\" data-mtli=\"mtli_filesize109,79kB\">dr hab. Pawe\u0142czyk Miros\u0142aw, prof. U\u015a<\/a><\/p>\n<p><a href=\"https:\/\/us.edu.pl\/wydzial\/wpia\/wp-content\/uploads\/sites\/19\/Ksztalcenie\/Proces-dyplomowania\/Administracja\/dr-Piwowarczyk-Agnieszka.pdf\" class=\"mtli_attachment mtli_pdf\" data-mtli=\"mtli_filesize111,28kB\" class=\"mtli_attachment mtli_pdf\" data-mtli=\"mtli_filesize111,28kB\">dr Piwowarczyk Agnieszka<\/a><\/p>\n<p><a href=\"https:\/\/us.edu.pl\/wydzial\/wpia\/wp-content\/uploads\/sites\/19\/Ksztalcenie\/Proces-dyplomowania\/Administracja\/dr-hab.-Przeszlo-Ewa-prof.-US.pdf\" class=\"mtli_attachment mtli_pdf\" data-mtli=\"mtli_filesize120,14kB\" class=\"mtli_attachment mtli_pdf\" data-mtli=\"mtli_filesize120,14kB\">dr hab. Przesz\u0142o Ewa, prof. U\u015a<\/a><\/p>\n<p><a href=\"https:\/\/us.edu.pl\/wydzial\/wpia\/wp-content\/uploads\/sites\/19\/Ksztalcenie\/Proces-dyplomowania\/Administracja\/dr-Radecka-Ewa.pdf\" class=\"mtli_attachment mtli_pdf\" data-mtli=\"mtli_filesize107,62kB\" class=\"mtli_attachment mtli_pdf\" data-mtli=\"mtli_filesize107,62kB\">dr Radecka Ewa<\/a><\/p>\n<p><a href=\"https:\/\/us.edu.pl\/wydzial\/wpia\/wp-content\/uploads\/sites\/19\/Ksztalcenie\/Proces-dyplomowania\/Administracja\/dr-Strozek-Kucharska-Magdalena.pdf\" class=\"mtli_attachment mtli_pdf\" data-mtli=\"mtli_filesize106,74kB\" class=\"mtli_attachment mtli_pdf\" data-mtli=\"mtli_filesize106,74kB\">dr Stro\u017cek-Kucharska Magdalena<\/a><\/p>\n<p><a href=\"https:\/\/us.edu.pl\/wydzial\/wpia\/wp-content\/uploads\/sites\/19\/Ksztalcenie\/Proces-dyplomowania\/Administracja\/dr-Szafranska-Weronika.pdf\" class=\"mtli_attachment mtli_pdf\" data-mtli=\"mtli_filesize111,49kB\" class=\"mtli_attachment mtli_pdf\" data-mtli=\"mtli_filesize111,49kB\">dr Szafra\u0144ska Weronika<\/a><\/p>\n<p><a href=\"https:\/\/us.edu.pl\/wydzial\/wpia\/wp-content\/uploads\/sites\/19\/Ksztalcenie\/Proces-dyplomowania\/Administracja\/dr-Szczygiel-Tomasz.pdf\" class=\"mtli_attachment mtli_pdf\" data-mtli=\"mtli_filesize108,43kB\" class=\"mtli_attachment mtli_pdf\" data-mtli=\"mtli_filesize108,43kB\">dr Szczygie\u0142 Tomasz<\/a><\/p>\n<p><a href=\"https:\/\/us.edu.pl\/wydzial\/wpia\/wp-content\/uploads\/sites\/19\/Ksztalcenie\/Proces-dyplomowania\/Administracja\/dr-Sladkowski-Mariusz.pdf\" class=\"mtli_attachment mtli_pdf\" data-mtli=\"mtli_filesize113,32kB\" class=\"mtli_attachment mtli_pdf\" data-mtli=\"mtli_filesize113,32kB\">dr \u015aladkowski Mariusz<\/a><\/p>\n<p><a href=\"https:\/\/us.edu.pl\/wydzial\/wpia\/wp-content\/uploads\/sites\/19\/Ksztalcenie\/Proces-dyplomowania\/Administracja\/dr-Sladkowska-Ewa.pdf\" class=\"mtli_attachment mtli_pdf\" data-mtli=\"mtli_filesize107,11kB\" class=\"mtli_attachment mtli_pdf\" data-mtli=\"mtli_filesize107,11kB\">dr \u015aladkowska Ewa<\/a><\/p>\n<p><a href=\"https:\/\/us.edu.pl\/wydzial\/wpia\/wp-content\/uploads\/sites\/19\/Ksztalcenie\/Proces-dyplomowania\/Administracja\/prof.-dr-hab.-Tobor-Zygmunt.pdf\" class=\"mtli_attachment mtli_pdf\" data-mtli=\"mtli_filesize106,51kB\" class=\"mtli_attachment mtli_pdf\" data-mtli=\"mtli_filesize106,51kB\">prof. dr hab. Tobor Zygmun<\/a><a href=\"https:\/\/us.edu.pl\/wydzial\/wpia\/wp-content\/uploads\/sites\/19\/Ksztalcenie\/Proces-dyplomowania\/Administracja\/prof.-dr-hab.-Tobor-Zygmunt.pdf\" class=\"mtli_attachment mtli_pdf\" data-mtli=\"mtli_filesize106,51kB\" class=\"mtli_attachment mtli_pdf\" data-mtli=\"mtli_filesize106,51kB\">t<\/a><\/p>\n<p><a href=\"https:\/\/us.edu.pl\/wydzial\/wpia\/wp-content\/uploads\/sites\/19\/Ksztalcenie\/Proces-dyplomowania\/Administracja\/dr-Topa-Ilona.pdf\" class=\"mtli_attachment mtli_pdf\" data-mtli=\"mtli_filesize108,78kB\" class=\"mtli_attachment mtli_pdf\" data-mtli=\"mtli_filesize108,78kB\">dr Topa Ilona<\/a><\/p>\n<p><a href=\"https:\/\/us.edu.pl\/wydzial\/wpia\/wp-content\/uploads\/sites\/19\/Ksztalcenie\/Proces-dyplomowania\/Administracja\/dr-hab.-Wentkowska-Aleksandra-prof.-US.pdf\" class=\"mtli_attachment mtli_pdf\" data-mtli=\"mtli_filesize107,97kB\" class=\"mtli_attachment mtli_pdf\" data-mtli=\"mtli_filesize107,97kB\">dr hab. Wentkowska Aleksandra, prof. U\u015a<\/a><\/p>\n<p><a href=\"https:\/\/us.edu.pl\/wydzial\/wpia\/wp-content\/uploads\/sites\/19\/Ksztalcenie\/Proces-dyplomowania\/Administracja\/dr-hab.-Wierzbica-Anna-prof.-US.pdf\" class=\"mtli_attachment mtli_pdf\" data-mtli=\"mtli_filesize122,20kB\" class=\"mtli_attachment mtli_pdf\" data-mtli=\"mtli_filesize122,20kB\">dr hab. Wierzbica Anna, prof. U\u015a<\/a><\/p>\n<p><a href=\"https:\/\/us.edu.pl\/wydzial\/wpia\/wp-content\/uploads\/sites\/19\/Ksztalcenie\/Proces-dyplomowania\/Administracja\/prof.-dr-hab.-Zacharko-Lidia.pdf\" class=\"mtli_attachment mtli_pdf\" data-mtli=\"mtli_filesize112,05kB\" class=\"mtli_attachment mtli_pdf\" data-mtli=\"mtli_filesize112,05kB\">prof. dr hab. Zacharko Lidia<\/a><\/p>\n<p><a href=\"https:\/\/us.edu.pl\/wydzial\/wpia\/wp-content\/uploads\/sites\/19\/Ksztalcenie\/Proces-dyplomowania\/Administracja\/dr-Zadworna-Sylwia.pdf\" class=\"mtli_attachment mtli_pdf\" data-mtli=\"mtli_filesize105,24kB\" class=\"mtli_attachment mtli_pdf\" data-mtli=\"mtli_filesize105,24kB\">dr Zadworna Sylwia<\/a><\/p>\n<p><a href=\"https:\/\/us.edu.pl\/wydzial\/wpia\/wp-content\/uploads\/sites\/19\/Ksztalcenie\/Proces-dyplomowania\/Administracja\/dr-hab.-Zielinski-Marek-prof.-US.pdf\" class=\"mtli_attachment mtli_pdf\" data-mtli=\"mtli_filesize111,03kB\" class=\"mtli_attachment mtli_pdf\" data-mtli=\"mtli_filesize111,03kB\">dr hab. Zieli\u0144ski Marek, prof. U\u015a<\/a><\/p>\n<style type=\"text\/css\">a[data-mtli~=\"mtli_filesize106,47kB\"]:after {content:\" (106,47 kB)\"}a[data-mtli~=\"mtli_filesize108,29kB\"]:after {content:\" (108,29 kB)\"}a[data-mtli~=\"mtli_filesize127,10kB\"]:after {content:\" (127,10 kB)\"}a[data-mtli~=\"mtli_filesize139,07kB\"]:after {content:\" (139,07 kB)\"}a[data-mtli~=\"mtli_filesize112,20kB\"]:after {content:\" (112,20 kB)\"}a[data-mtli~=\"mtli_filesize107,69kB\"]:after {content:\" (107,69 kB)\"}a[data-mtli~=\"mtli_filesize107,22kB\"]:after {content:\" (107,22 kB)\"}a[data-mtli~=\"mtli_filesize107,36kB\"]:after {content:\" (107,36 kB)\"}a[data-mtli~=\"mtli_filesize107,49kB\"]:after {content:\" (107,49 kB)\"}a[data-mtli~=\"mtli_filesize105,74kB\"]:after {content:\" (105,74 kB)\"}a[data-mtli~=\"mtli_filesize108,54kB\"]:after {content:\" (108,54 kB)\"}a[data-mtli~=\"mtli_filesize118,23kB\"]:after {content:\" (118,23 kB)\"}a[data-mtli~=\"mtli_filesize114,03kB\"]:after {content:\" (114,03 kB)\"}a[data-mtli~=\"mtli_filesize115,12kB\"]:after {content:\" (115,12 kB)\"}a[data-mtli~=\"mtli_filesize105,98kB\"]:after {content:\" (105,98 kB)\"}a[data-mtli~=\"mtli_filesize139,44kB\"]:after {content:\" (139,44 kB)\"}a[data-mtli~=\"mtli_filesize107,82kB\"]:after {content:\" (107,82 kB)\"}a[data-mtli~=\"mtli_filesize108,57kB\"]:after {content:\" (108,57 kB)\"}a[data-mtli~=\"mtli_filesize107,15kB\"]:after {content:\" (107,15 kB)\"}a[data-mtli~=\"mtli_filesize108,34kB\"]:after {content:\" (108,34 kB)\"}a[data-mtli~=\"mtli_filesize108,70kB\"]:after {content:\" (108,70 kB)\"}a[data-mtli~=\"mtli_filesize106,49kB\"]:after {content:\" (106,49 kB)\"}a[data-mtli~=\"mtli_filesize105,72kB\"]:after {content:\" (105,72 kB)\"}a[data-mtli~=\"mtli_filesize109,79kB\"]:after {content:\" (109,79 kB)\"}a[data-mtli~=\"mtli_filesize111,28kB\"]:after {content:\" (111,28 kB)\"}a[data-mtli~=\"mtli_filesize120,14kB\"]:after {content:\" (120,14 kB)\"}a[data-mtli~=\"mtli_filesize107,62kB\"]:after {content:\" (107,62 kB)\"}a[data-mtli~=\"mtli_filesize106,74kB\"]:after {content:\" (106,74 kB)\"}a[data-mtli~=\"mtli_filesize111,49kB\"]:after {content:\" (111,49 kB)\"}a[data-mtli~=\"mtli_filesize108,43kB\"]:after {content:\" (108,43 kB)\"}a[data-mtli~=\"mtli_filesize113,32kB\"]:after {content:\" (113,32 kB)\"}a[data-mtli~=\"mtli_filesize107,11kB\"]:after {content:\" (107,11 kB)\"}a[data-mtli~=\"mtli_filesize106,51kB\"]:after {content:\" (106,51 kB)\"}a[data-mtli~=\"mtli_filesize108,78kB\"]:after {content:\" (108,78 kB)\"}a[data-mtli~=\"mtli_filesize107,97kB\"]:after {content:\" (107,97 kB)\"}a[data-mtli~=\"mtli_filesize122,20kB\"]:after {content:\" (122,20 kB)\"}a[data-mtli~=\"mtli_filesize112,05kB\"]:after {content:\" (112,05 kB)\"}a[data-mtli~=\"mtli_filesize105,24kB\"]:after {content:\" (105,24 kB)\"}a[data-mtli~=\"mtli_filesize111,03kB\"]:after {content:\" (111,03 kB)\"}<\/style><\/div>\r\n                    <\/div>\r\n                <\/div>[\/vc_column][\/vc_row][vc_row][\/vc_row][vc_column][\/vc_column][vc_column_text]<\/p>\n<p>I am text block. Click edit button to change this text. Lorem ipsum dolor sit amet, consectetur adipiscing elit. Ut elit tellus, luctus nec ullamcorper mattis, pulvinar dapibus leo.<\/p>\n<p>[\/vc_column_text]<\/p>\n<style type=\"text\/css\">a[data-mtli~=\"mtli_filesize106,47kB\"]:after {content:\" (106,47 kB)\"}a[data-mtli~=\"mtli_filesize108,29kB\"]:after {content:\" (108,29 kB)\"}a[data-mtli~=\"mtli_filesize127,10kB\"]:after {content:\" (127,10 kB)\"}a[data-mtli~=\"mtli_filesize139,07kB\"]:after {content:\" (139,07 kB)\"}a[data-mtli~=\"mtli_filesize112,20kB\"]:after {content:\" (112,20 kB)\"}a[data-mtli~=\"mtli_filesize107,69kB\"]:after {content:\" (107,69 kB)\"}a[data-mtli~=\"mtli_filesize107,22kB\"]:after {content:\" (107,22 kB)\"}a[data-mtli~=\"mtli_filesize107,36kB\"]:after {content:\" (107,36 kB)\"}a[data-mtli~=\"mtli_filesize107,49kB\"]:after {content:\" (107,49 kB)\"}a[data-mtli~=\"mtli_filesize105,74kB\"]:after {content:\" (105,74 kB)\"}a[data-mtli~=\"mtli_filesize108,54kB\"]:after {content:\" (108,54 kB)\"}a[data-mtli~=\"mtli_filesize118,23kB\"]:after {content:\" (118,23 kB)\"}a[data-mtli~=\"mtli_filesize114,03kB\"]:after {content:\" (114,03 kB)\"}a[data-mtli~=\"mtli_filesize115,12kB\"]:after {content:\" (115,12 kB)\"}a[data-mtli~=\"mtli_filesize105,98kB\"]:after {content:\" (105,98 kB)\"}a[data-mtli~=\"mtli_filesize139,44kB\"]:after {content:\" (139,44 kB)\"}a[data-mtli~=\"mtli_filesize107,82kB\"]:after {content:\" (107,82 kB)\"}a[data-mtli~=\"mtli_filesize108,57kB\"]:after {content:\" (108,57 kB)\"}a[data-mtli~=\"mtli_filesize107,15kB\"]:after {content:\" (107,15 kB)\"}a[data-mtli~=\"mtli_filesize108,34kB\"]:after {content:\" (108,34 kB)\"}a[data-mtli~=\"mtli_filesize108,70kB\"]:after {content:\" (108,70 kB)\"}a[data-mtli~=\"mtli_filesize106,49kB\"]:after {content:\" (106,49 kB)\"}a[data-mtli~=\"mtli_filesize105,72kB\"]:after {content:\" (105,72 kB)\"}a[data-mtli~=\"mtli_filesize109,79kB\"]:after {content:\" (109,79 kB)\"}a[data-mtli~=\"mtli_filesize111,28kB\"]:after {content:\" (111,28 kB)\"}a[data-mtli~=\"mtli_filesize120,14kB\"]:after {content:\" (120,14 kB)\"}a[data-mtli~=\"mtli_filesize107,62kB\"]:after {content:\" (107,62 kB)\"}a[data-mtli~=\"mtli_filesize106,74kB\"]:after {content:\" (106,74 kB)\"}a[data-mtli~=\"mtli_filesize111,49kB\"]:after {content:\" (111,49 kB)\"}a[data-mtli~=\"mtli_filesize108,43kB\"]:after {content:\" (108,43 kB)\"}a[data-mtli~=\"mtli_filesize113,32kB\"]:after {content:\" (113,32 kB)\"}a[data-mtli~=\"mtli_filesize107,11kB\"]:after {content:\" (107,11 kB)\"}a[data-mtli~=\"mtli_filesize106,51kB\"]:after {content:\" (106,51 kB)\"}a[data-mtli~=\"mtli_filesize108,78kB\"]:after {content:\" (108,78 kB)\"}a[data-mtli~=\"mtli_filesize107,97kB\"]:after {content:\" (107,97 kB)\"}a[data-mtli~=\"mtli_filesize122,20kB\"]:after {content:\" (122,20 kB)\"}a[data-mtli~=\"mtli_filesize112,05kB\"]:after {content:\" (112,05 kB)\"}a[data-mtli~=\"mtli_filesize105,24kB\"]:after {content:\" (105,24 kB)\"}a[data-mtli~=\"mtli_filesize111,03kB\"]:after {content:\" (111,03 kB)\"}<\/style>","protected":false},"excerpt":{"rendered":"<p>[vc_row][vc_column][\/vc_column][\/vc_row][vc_row][\/vc_row][vc_column][\/vc_column][vc_column_text] I am text block. Click edit button to change this text. Lorem ipsum dolor sit amet, consectetur adipiscing elit. Ut elit tellus, luctus nec ullamcorper mattis, pulvinar dapibus leo. [\/vc_column_text] [&#8230;]<\/p>\n<p><a class=\"btn btn-secondary understrap-read-more-link\" href=\"https:\/\/us.edu.pl\/wydzial\/wpia\/student\/proces-dyplomowania\/administracja-proces-dyplomowania\/\">Read More&#8230;<\/a><\/p>\n","protected":false},"author":107,"featured_media":0,"parent":159796,"menu_order":0,"comment_status":"closed","ping_status":"closed","template":"page-templates\/inner-page.php","meta":{"_expiration-date-status":"","_expiration-date":0,"_expiration-date-type":"","_expiration-date-categories":[],"_expiration-date-options":[]},"acf":[],"_links":{"self":[{"href":"https:\/\/us.edu.pl\/wydzial\/wpia\/wp-json\/wp\/v2\/pages\/160147"}],"collection":[{"href":"https:\/\/us.edu.pl\/wydzial\/wpia\/wp-json\/wp\/v2\/pages"}],"about":[{"href":"https:\/\/us.edu.pl\/wydzial\/wpia\/wp-json\/wp\/v2\/types\/page"}],"author":[{"embeddable":true,"href":"https:\/\/us.edu.pl\/wydzial\/wpia\/wp-json\/wp\/v2\/users\/107"}],"replies":[{"embeddable":true,"href":"https:\/\/us.edu.pl\/wydzial\/wpia\/wp-json\/wp\/v2\/comments?post=160147"}],"version-history":[{"count":10,"href":"https:\/\/us.edu.pl\/wydzial\/wpia\/wp-json\/wp\/v2\/pages\/160147\/revisions"}],"predecessor-version":[{"id":193289,"href":"https:\/\/us.edu.pl\/wydzial\/wpia\/wp-json\/wp\/v2\/pages\/160147\/revisions\/193289"}],"up":[{"embeddable":true,"href":"https:\/\/us.edu.pl\/wydzial\/wpia\/wp-json\/wp\/v2\/pages\/159796"}],"wp:attachment":[{"href":"https:\/\/us.edu.pl\/wydzial\/wpia\/wp-json\/wp\/v2\/media?parent=160147"}],"curies":[{"name":"wp","href":"https:\/\/api.w.org\/{rel}","templated":true}]}}