{"id":160760,"date":"2023-01-25T13:47:11","date_gmt":"2023-01-25T12:47:11","guid":{"rendered":"https:\/\/us.edu.pl\/wydzial\/wpia\/?page_id=160760"},"modified":"2025-10-03T15:28:42","modified_gmt":"2025-10-03T13:28:42","slug":"sklad-osobowy-re","status":"publish","type":"page","link":"https:\/\/us.edu.pl\/wydzial\/wpia\/wspolpraca\/wspolpraca-z-otoczeniem\/rada-ekspercka\/sklad-osobowy-re\/","title":{"rendered":"Sk\u0142ad osobowy RE"},"content":{"rendered":"<p>[vc_row][vc_column]\r\n                <div class=\"text-modules\">\r\n                    <div class=\"container\">\r\n                        <h3 class=\"page-title text__title\">Rada Ekspercka - sk\u0142ad<\/h3>\r\n                        <div class=\"text-modules__content\"><\/p>\n<ol>\n<li>Partner, Szef Dzia\u0142u Doradztwa Podatkowego i Prawnego KPMG \u2013 Pawe\u0142 Bara\u0144ski<\/li>\n<li>Przewodnicz\u0105cy Zarz\u0105du \u015al\u0105skiego Oddzia\u0142u Krajowej Izby Doradc\u00f3w Podatkowych \u2013 dr Mariusz Cie\u015bla<\/li>\n<li>Prof. dr hab. Bogdan Dolnicki<\/li>\n<li>Partner Doradztwa Podatkowego w Katowicach (Deloitte) \u2013 dr Krzysztof Gil<\/li>\n<li>Prof. dr hab. Jadwiga Glumi\u0144ska-Pawlic<\/li>\n<li>Przewodnicz\u0105ca Rady Eksperckiej &#8211; dr hab. Magdalena Habdas, prof. U\u015a<\/li>\n<li>Dyrektor Kierunku Administracja &#8211; dr hab. Marcin Janik, prof. U\u015a<\/li>\n<li>Prezes WSA w Gliwicach, s\u0119dzia WSA \u2013 dr Krzysztof Kandut<\/li>\n<li>Cz\u0142onek Okr\u0119gowej Rady Adwokackiej \u2013 adw. Natalia Klima-Piotrowska<\/li>\n<li>Prof. dr hab. Rados\u0142aw Koper<\/li>\n<li>Prezes Zarz\u0105du Globiana \u2013 Joanna Kr\u00f3liczek<\/li>\n<li>Dziekan Wydzia\u0142u Prawa i Administracji U\u015a \u2013 dr hab. Witold Kurowski, prof. U\u015a<\/li>\n<li>Okr\u0119gowa Izba Radc\u00f3w Prawnych Katowice \u2013 rep. r. pr. Prof. dr hab. Grzegorz \u0141aszczyca<\/li>\n<li>Samorz\u0105dowe Kolegium Odwo\u0142awcze Katowice \u2013 Prezes Prof. dr hab. Grzegorz \u0141aszczyca<\/li>\n<li>Prezes Rady Izby Notarialnej w Katowicach \u2013 not. Wojciech Ma\u0142achowski<\/li>\n<li>Cz\u0142onek Zarz\u0105du Stowarzyszenia S\u0119dzi\u00f3w Polskich \u201eIustitia\u201d, dr hab. Krystian Markiewicz, prof. U\u015a<\/li>\n<li>Dr hab. Joanna Nowakowska-Ma\u0142usecka, prof. U\u015a<\/li>\n<li>Dyrektor Generalny Urz\u0119du Wojew\u00f3dzkiego w Katowicach &#8211; Katarzyna B\u0142aszczyk \u2013 Doma\u0144ska<\/li>\n<li>Wicemarsza\u0142ek Wojew\u00f3dztwa \u015al\u0105skiego &#8211; Leszek Pietraszek<\/li>\n<li>Prodziekan ds. Bada\u0144 Naukowych WPiA U\u015a \u2013 Prof. dr hab. Piotr Pinior<\/li>\n<li>Dyrektor Kierunku Przedsi\u0119biorczo\u015b\u0107, Prawo w biznesie, Administrowanie \u015arodowiskiem, International Business Law and Arbitration \u2013 dr Magdalena P\u00f3\u0142torak<\/li>\n<li>Dyrektor Urz\u0119du \u2013 Dariusz Pta\u015b<\/li>\n<li>Wiceprezydent Miasta Katowice \u2013 Maciej Stachura<\/li>\n<li>S\u0105d Okr\u0119gowy Katowice \u2013 Prezes SSO \u2013 Agata Stankiewicz\u2013Rataj<\/li>\n<li>Dziekan Okr\u0119gowej Rady Adwokackiej Bielsko-Bia\u0142a \u2013 adw. Krzysztof Stec<\/li>\n<li>Prodziekan ds. studenckich i kszta\u0142cenia WPiA U\u015a \u2013 dr Urszula Torbus<\/li>\n<li>Director, Head of Finance Campus Rockwell Automation \u2013 Micha\u0142 Tustanowski<\/li>\n<li>S\u0105d Okr\u0119gowy w Katowicach &#8211; wiceprezes &#8211; Katarzyna Krziskowska<\/li>\n<li>Prezes Regionalnej Izby Gospodarczej w Katowicach, Wiceprezes Krajowej Izby Gospodarczej i Konsula Honorowego Republiki S\u0142owenii \u2013 Tomasz Zjawiony<\/li>\n<li>Przewodnicz\u0105cy Rady Izby Komorniczej w Katowicach &#8211; Krzysztof Wilk<\/li>\n<li>Prezes S\u0105du Apelacyjnego w Katowicach &#8211; SSA Aleksandra Janas<\/li>\n<li>Prezes S\u0105du Rejonowego K-ce Zach\u00f3d &#8211; SSR Grzegorz Grzyb<\/li>\n<li>Prezes S\u0105du Rejonowego K-ce Wsch\u00f3d &#8211; \u00a0SSR Magdalena Rzaska<\/li>\n<li>Prezes Fundacji Giesche w Katowicach &#8211; Rafa\u0142 Wyszy\u0144ski<\/li>\n<li>Prezes Zarz\u0105du \u2013 Grupa CDE Sp. z o.o.; Cz\u0142onek Zarz\u0105du \u2013 MW Kancelaria Inwestycyjna Sp. z o.o.; Dyrektor Generalny \u2013 XOOG Klastry Energii PSA &#8211; Wojciech P\u0142achetka<\/li>\n<li>mec. Grzegorz Morawiec<\/li>\n<li>Partner Andersen Tax &#8211; Magdalena Patryas<\/li>\n<li>Prezes Katowickiej Specjalnej Strefy Ekonomicznej &#8211; dr hab. Rafa\u0142 \u017belazny, prof. UE<\/li>\n<li>Dyrektor kierunku prawo &#8211; dr hab. Grzegorz Nancka, prof. U\u015a<\/li>\n<li>Przewodnicz\u0105cy Zarz\u0105du G\u00f3rno\u015bl\u0105sko-Zag\u0142\u0119biowskiej Metropolii &#8211; Kazimierz Karolczak<\/li>\n<\/ol>\n<p>\n<\/div>\r\n                    <\/div>\r\n                <\/div>[\/vc_column][\/vc_row][vc_row][vc_column][vc_column_text][\/vc_column_text][\/vc_column][\/vc_row][vc_row][vc_column][vc_column_text][\/vc_column_text][\/vc_column][\/vc_row]<\/p>","protected":false},"excerpt":{"rendered":"<p>[vc_row][vc_column][\/vc_column][\/vc_row][vc_row][vc_column][vc_column_text][\/vc_column_text][\/vc_column][\/vc_row][vc_row][vc_column][vc_column_text][\/vc_column_text][\/vc_column][\/vc_row] [&#8230;]<\/p>\n<p><a class=\"btn btn-secondary understrap-read-more-link\" href=\"https:\/\/us.edu.pl\/wydzial\/wpia\/wspolpraca\/wspolpraca-z-otoczeniem\/rada-ekspercka\/sklad-osobowy-re\/\">Read More&#8230;<\/a><\/p>\n","protected":false},"author":107,"featured_media":0,"parent":160672,"menu_order":3,"comment_status":"closed","ping_status":"closed","template":"page-templates\/inner-page.php","meta":{"_expiration-date-status":"","_expiration-date":0,"_expiration-date-type":"","_expiration-date-categories":[],"_expiration-date-options":[]},"acf":[],"_links":{"self":[{"href":"https:\/\/us.edu.pl\/wydzial\/wpia\/wp-json\/wp\/v2\/pages\/160760"}],"collection":[{"href":"https:\/\/us.edu.pl\/wydzial\/wpia\/wp-json\/wp\/v2\/pages"}],"about":[{"href":"https:\/\/us.edu.pl\/wydzial\/wpia\/wp-json\/wp\/v2\/types\/page"}],"author":[{"embeddable":true,"href":"https:\/\/us.edu.pl\/wydzial\/wpia\/wp-json\/wp\/v2\/users\/107"}],"replies":[{"embeddable":true,"href":"https:\/\/us.edu.pl\/wydzial\/wpia\/wp-json\/wp\/v2\/comments?post=160760"}],"version-history":[{"count":10,"href":"https:\/\/us.edu.pl\/wydzial\/wpia\/wp-json\/wp\/v2\/pages\/160760\/revisions"}],"predecessor-version":[{"id":193738,"href":"https:\/\/us.edu.pl\/wydzial\/wpia\/wp-json\/wp\/v2\/pages\/160760\/revisions\/193738"}],"up":[{"embeddable":true,"href":"https:\/\/us.edu.pl\/wydzial\/wpia\/wp-json\/wp\/v2\/pages\/160672"}],"wp:attachment":[{"href":"https:\/\/us.edu.pl\/wydzial\/wpia\/wp-json\/wp\/v2\/media?parent=160760"}],"curies":[{"name":"wp","href":"https:\/\/api.w.org\/{rel}","templated":true}]}}