{"id":165484,"date":"2023-09-05T08:16:19","date_gmt":"2023-09-05T06:16:19","guid":{"rendered":"https:\/\/us.edu.pl\/wydzial\/wpia\/?page_id=165484"},"modified":"2023-12-15T08:57:45","modified_gmt":"2023-12-15T07:57:45","slug":"zarzadzenia-dziekana-2023","status":"publish","type":"page","link":"https:\/\/us.edu.pl\/wydzial\/wpia\/wydzial\/akty-prawa-wewnetrznego\/zarzadzenia-dziekana\/zarzadzenia-dziekana-2023\/","title":{"rendered":"2023"},"content":{"rendered":"<p>[vc_row][vc_column]\r\n                <div class=\"text-modules\">\r\n                    <div class=\"container\">\r\n                        <h3 class=\"page-title text__title\">Zarz\u0105dzenia Dziekana Wydzia\u0142u Prawa i Administracji z 2023 roku<\/h3>\r\n                        <div class=\"text-modules__content\"><p><a href=\"https:\/\/us.edu.pl\/wydzial\/wpia\/wp-content\/uploads\/sites\/19\/Akty-prawa-wewnetrznego\/zarzadzenia-Dziekana\/1.pdf\" class=\"mtli_attachment mtli_pdf\" data-mtli=\"mtli_filesize453,39kB\" class=\"mtli_attachment mtli_pdf\" data-mtli=\"mtli_filesize453,39kB\">Zarz\u0105dzenie nr 1 2023 Dziekana Wydzia\u0142u Prawa i Administracji Uniewersytetu \u015al\u0105skiego w Katowiacach z dnia 26 lutego 2023 w sprawie liczebno\u015bci grup zaj\u0119ciowych na studiach prowadzonych na WPiA U\u015a w Katowicach<\/a><\/p>\n<p><a href=\"https:\/\/us.edu.pl\/wydzial\/wpia\/wp-content\/uploads\/sites\/19\/Akty-prawa-wewnetrznego\/zarzadzenia-Dziekana\/2.pdf\" class=\"mtli_attachment mtli_pdf\" data-mtli=\"mtli_filesize1,82MB\" class=\"mtli_attachment mtli_pdf\" data-mtli=\"mtli_filesize1,82MB\">Zarz\u0105dzenie nr 2 2023 Dziekana Wydzia\u0142u Prawa i Administracji Uniwersytetu \u015al\u0105skiego w Katowicach z dnia 7 marca 2023 roku w sprawie okre\u015blenia strategii kszta\u0142cenie z wykorzystaniem metod i technik kszta\u0142cenia na odleg\u0142o\u015b\u0107<\/a><\/p>\n<p><a href=\"https:\/\/us.edu.pl\/wydzial\/wpia\/wp-content\/uploads\/sites\/19\/Akty-prawa-wewnetrznego\/zarzadzenia-Dziekana\/3.pdf\" class=\"mtli_attachment mtli_pdf\" data-mtli=\"mtli_filesize2,19MB\" class=\"mtli_attachment mtli_pdf\" data-mtli=\"mtli_filesize2,19MB\">Zarz\u0105dzenie nr 3 2023 Dziekana Wydzia\u0142u Prawa i Administracji Uniwersytetu \u015al\u0105skiego w Katowicach z dnia 7 kwietnia 2023 w sprawie zmiany zasad oraz trybu sk\u0142adania wniosk\u00f3w o przyznanie dodatkowego wynagrodzenia pracownikom<\/a><\/p>\n<p><a href=\"https:\/\/us.edu.pl\/wydzial\/wpia\/wp-content\/uploads\/sites\/19\/Akty-prawa-wewnetrznego\/zarzadzenia-Dziekana\/4.pdf\" class=\"mtli_attachment mtli_pdf\" data-mtli=\"mtli_filesize428,04kB\" class=\"mtli_attachment mtli_pdf\" data-mtli=\"mtli_filesize428,04kB\">Zarz\u0105dzenie nr 4 2023 Dziekana Wydzia\u0142u Prawa i Administracji Uniwersytetu \u015al\u0105skiego w Katowicach z dnia 21 czerwca 2023 r w sprawie powo\u0142ania komisji do spraw nagr\u00f3d Rektora w roku 2023<\/a><\/p>\n<p><a href=\"https:\/\/us.edu.pl\/wydzial\/wpia\/wp-content\/uploads\/sites\/19\/Akty-prawa-wewnetrznego\/zarzadzenia-Dziekana\/5.pdf\" class=\"mtli_attachment mtli_pdf\" data-mtli=\"mtli_filesize450,69kB\" class=\"mtli_attachment mtli_pdf\" data-mtli=\"mtli_filesize450,69kB\">Zarz\u0105dzenie nr 5 2023 Dziekana Wydzia\u0142u Prawa i Administracji Uniwersytetu \u015al\u0105skiego w Katowicach z dnia 23 czerwca 2023 w sprawie powo\u0142ania komisji do spraw nagr\u00f3d Rektora U\u015a w Katowicach w roku 2023<\/a><\/p>\n<p><a href=\"https:\/\/us.edu.pl\/wydzial\/wpia\/wp-content\/uploads\/sites\/19\/Akty-prawa-wewnetrznego\/zarzadzenia-Dziekana\/6.pdf\" class=\"mtli_attachment mtli_pdf\" data-mtli=\"mtli_filesize444,01kB\" class=\"mtli_attachment mtli_pdf\" data-mtli=\"mtli_filesize444,01kB\">Zarz\u0105dzenie nr 6 2023 Dziekana Wydzia\u0142u Prawa i Administracji Uniwersytetu \u015al\u0105skiego w Katowicach z dnia 20 lipca 2023r w sprawie stwierdzenia sk\u0142adu Rady Naukowej Instytutu Nauk Prawnych Uniwersytetu \u015al\u0105skiego w Katowicach<\/a><\/p>\n<p><a href=\"https:\/\/us.edu.pl\/wydzial\/wpia\/wp-content\/uploads\/sites\/19\/Bez-kategorii\/Zarzadzenie-nr-7-2023-Dziekana-Wydzialu-Prawa-i-Administracji-Uniwersytetu-Slaskiego-w-Katowicach-z-dnia-9-pazdziernika-2023r-w-sprawie-powlania-Wydzialowej-Komisji-d.pdf\" class=\"mtli_attachment mtli_pdf\" data-mtli=\"mtli_filesize342,02kB\" class=\"mtli_attachment mtli_pdf\" data-mtli=\"mtli_filesize342,02kB\">Zarz\u0105dzenie nr 7 2023 Dziekana Wydzia\u0142u Prawa i Administracji Uniwersytetu \u015al\u0105skiego w Katowicach z dnia 9 pa\u017adziernika 2023r w sprawie powo\u0142ania Wydzia\u0142owej Komisji do spraw Kszta\u0142cenia i Student\u00f3w Wydzia\u0142u Prawa i Administracji Uniwersytetu \u015al\u0105skiego w Katowicach<\/a><\/p>\n<p><a href=\"https:\/\/us.edu.pl\/wydzial\/wpia\/wp-content\/uploads\/sites\/19\/Bez-kategorii\/Zarzadzenie-nr-8-2023-Dziekana-Wydzialu-Prawa-i-Administracji-Uniwersytetu-Slaskiego-w-Katowicach-z-dnia-9-pazdziernika-2023r-w-sprawie-powolania-Rady-Dydaktycznej-ki.pdf\" class=\"mtli_attachment mtli_pdf\" data-mtli=\"mtli_filesize342,75kB\" class=\"mtli_attachment mtli_pdf\" data-mtli=\"mtli_filesize342,75kB\">Zarz\u0105dzenie nr 8 2023 Dziekana Wydzia\u0142u Prawa i Administracji Uniwersytetu \u015al\u0105skiego w Katowicach z dnia 9 pa\u017adziernika 2023r w sprawie powo\u0142ania Rady Dydaktycznej kierunku Prawo Wydzia\u0142u Prawa i Administracji Uniwersytetu \u015al\u0105skiego w Katowicach<\/a><\/p>\n<p><a href=\"https:\/\/us.edu.pl\/wydzial\/wpia\/wp-content\/uploads\/sites\/19\/Bez-kategorii\/Zarzadzenie-nr-9-2023-Dziekana-Wydzialu-Prawa-i-Administracji-Uniwersytetu-Slaskiego-w-Katowicach-z-dnia-9-pazdziernika-2023r-w-sprawie-powolania-Rady-Dydaktycznej-ki-2.pdf\" class=\"mtli_attachment mtli_pdf\" data-mtli=\"mtli_filesize335,79kB\" class=\"mtli_attachment mtli_pdf\" data-mtli=\"mtli_filesize335,79kB\">Zarz\u0105dzenie nr 9 2023 Dziekana Wydzia\u0142u Prawa i Administracji Uniwersytetu \u015al\u0105skiego w Katowicach z dnia 9 pa\u017adziernika 2023r w sprawie powo\u0142ania Rady Dydaktycznej kierunku Administracja Wydzia\u0142u Prawa i Administracji Uniwersytetu \u015al\u0105skiego w Katowicach<\/a><\/p>\n<p><a href=\"https:\/\/us.edu.pl\/wydzial\/wpia\/wp-content\/uploads\/sites\/19\/Bez-kategorii\/Zarzadzenie-nr-10-2023-Dziekana-Wydzialu-Prawa-i-Administracji-Uniwersytetu-Slaskiego-w-Katowicach-z-dnia-9-pazdziernika-2023r-w-sprawie-powolania-Rady-Dydaktycznej-k.pdf\" class=\"mtli_attachment mtli_pdf\" data-mtli=\"mtli_filesize360,99kB\" class=\"mtli_attachment mtli_pdf\" data-mtli=\"mtli_filesize360,99kB\">Zarz\u0105dzenie nr 10 2023 Dziekana Wydzia\u0142u Prawa i Administracji Uniwersytetu \u015al\u0105skiego w Katowicach z dnia 9 pa\u017adziernika 2023r w sprawie powo\u0142ania Rady Dydaktycznej kierunk\u00f3w: Przedsi\u0119biorczo\u015b\u0107, International Business Law and Arbitration, Administrowanie \u015arodowiskiem Wydzia\u0142u Prawa i Administracji Uniwersytetu \u015al\u0105skiego w Katowicach<\/a><\/p>\n<p><a href=\"https:\/\/us.edu.pl\/wydzial\/wpia\/wp-content\/uploads\/sites\/19\/Bez-kategorii\/Zarzadzenie-nr-11-2023.pdf\" class=\"mtli_attachment mtli_pdf\" data-mtli=\"mtli_filesize377,60kB\" class=\"mtli_attachment mtli_pdf\" data-mtli=\"mtli_filesize377,60kB\">Zarz\u0105dzenie nr 11 2023 Dziekana Wydzia\u0142u Prawa i Administracji Uniwersytetu \u015al\u0105skiego w Katowicach z dnia 18 pa\u017adziernika 2023 r w sprawie powo\u0142ania zespo\u0142\u00f3w do spraw opracowania program\u00f3w studi\u00f3w dla kierunk\u00f3w: Administracja i Przedsi\u0119biorczo\u015b\u0107 prowadzonych na Wydziale Prawa i Administracji Uniwersytetu \u015al\u0105skiego w Katowicach<\/a><\/p>\n<style type=\"text\/css\">a[data-mtli~=\"mtli_filesize453,39kB\"]:after {content:\" (453,39 kB)\"}a[data-mtli~=\"mtli_filesize1,82MB\"]:after {content:\" (1,82 MB)\"}a[data-mtli~=\"mtli_filesize2,19MB\"]:after {content:\" (2,19 MB)\"}a[data-mtli~=\"mtli_filesize428,04kB\"]:after {content:\" (428,04 kB)\"}a[data-mtli~=\"mtli_filesize450,69kB\"]:after {content:\" (450,69 kB)\"}a[data-mtli~=\"mtli_filesize444,01kB\"]:after {content:\" (444,01 kB)\"}a[data-mtli~=\"mtli_filesize342,02kB\"]:after {content:\" (342,02 kB)\"}a[data-mtli~=\"mtli_filesize342,75kB\"]:after {content:\" (342,75 kB)\"}a[data-mtli~=\"mtli_filesize335,79kB\"]:after {content:\" (335,79 kB)\"}a[data-mtli~=\"mtli_filesize360,99kB\"]:after {content:\" (360,99 kB)\"}a[data-mtli~=\"mtli_filesize377,60kB\"]:after {content:\" (377,60 kB)\"}<\/style><\/div>\r\n                    <\/div>\r\n                <\/div>[\/vc_column][\/vc_row]<\/p>\n<style type=\"text\/css\">a[data-mtli~=\"mtli_filesize453,39kB\"]:after {content:\" (453,39 kB)\"}a[data-mtli~=\"mtli_filesize1,82MB\"]:after {content:\" (1,82 MB)\"}a[data-mtli~=\"mtli_filesize2,19MB\"]:after {content:\" (2,19 MB)\"}a[data-mtli~=\"mtli_filesize428,04kB\"]:after {content:\" (428,04 kB)\"}a[data-mtli~=\"mtli_filesize450,69kB\"]:after {content:\" (450,69 kB)\"}a[data-mtli~=\"mtli_filesize444,01kB\"]:after {content:\" (444,01 kB)\"}a[data-mtli~=\"mtli_filesize342,02kB\"]:after {content:\" (342,02 kB)\"}a[data-mtli~=\"mtli_filesize342,75kB\"]:after {content:\" (342,75 kB)\"}a[data-mtli~=\"mtli_filesize335,79kB\"]:after {content:\" (335,79 kB)\"}a[data-mtli~=\"mtli_filesize360,99kB\"]:after {content:\" (360,99 kB)\"}a[data-mtli~=\"mtli_filesize377,60kB\"]:after {content:\" (377,60 kB)\"}<\/style>","protected":false},"excerpt":{"rendered":"<p>[vc_row][vc_column][\/vc_column][\/vc_row] [&#8230;]<\/p>\n<p><a class=\"btn btn-secondary understrap-read-more-link\" href=\"https:\/\/us.edu.pl\/wydzial\/wpia\/wydzial\/akty-prawa-wewnetrznego\/zarzadzenia-dziekana\/zarzadzenia-dziekana-2023\/\">Read More&#8230;<\/a><\/p>\n","protected":false},"author":107,"featured_media":0,"parent":3573,"menu_order":1,"comment_status":"closed","ping_status":"closed","template":"page-templates\/inner-page.php","meta":{"_expiration-date-status":"","_expiration-date":0,"_expiration-date-type":"","_expiration-date-categories":[],"_expiration-date-options":[]},"acf":[],"_links":{"self":[{"href":"https:\/\/us.edu.pl\/wydzial\/wpia\/wp-json\/wp\/v2\/pages\/165484"}],"collection":[{"href":"https:\/\/us.edu.pl\/wydzial\/wpia\/wp-json\/wp\/v2\/pages"}],"about":[{"href":"https:\/\/us.edu.pl\/wydzial\/wpia\/wp-json\/wp\/v2\/types\/page"}],"author":[{"embeddable":true,"href":"https:\/\/us.edu.pl\/wydzial\/wpia\/wp-json\/wp\/v2\/users\/107"}],"replies":[{"embeddable":true,"href":"https:\/\/us.edu.pl\/wydzial\/wpia\/wp-json\/wp\/v2\/comments?post=165484"}],"version-history":[{"count":10,"href":"https:\/\/us.edu.pl\/wydzial\/wpia\/wp-json\/wp\/v2\/pages\/165484\/revisions"}],"predecessor-version":[{"id":167734,"href":"https:\/\/us.edu.pl\/wydzial\/wpia\/wp-json\/wp\/v2\/pages\/165484\/revisions\/167734"}],"up":[{"embeddable":true,"href":"https:\/\/us.edu.pl\/wydzial\/wpia\/wp-json\/wp\/v2\/pages\/3573"}],"wp:attachment":[{"href":"https:\/\/us.edu.pl\/wydzial\/wpia\/wp-json\/wp\/v2\/media?parent=165484"}],"curies":[{"name":"wp","href":"https:\/\/api.w.org\/{rel}","templated":true}]}}