{"id":1671,"date":"2019-12-18T12:20:44","date_gmt":"2019-12-18T11:20:44","guid":{"rendered":"https:\/\/us.edu.pl\/wydzial\/wpia\/?page_id=1671"},"modified":"2025-11-21T14:04:17","modified_gmt":"2025-11-21T13:04:17","slug":"informacje-ogolne","status":"publish","type":"page","link":"https:\/\/us.edu.pl\/wydzial\/wpia\/wspolpraca\/wspolpraca-miedzynarodowa\/erasmus\/informacje-ogolne\/","title":{"rendered":"Informacje og\u00f3lne"},"content":{"rendered":"<p>[vc_row][vc_column]\r\n                <div class=\"text-modules\">\r\n                    <div class=\"container\">\r\n                        <h3 class=\"page-title text__title\">Informacje og\u00f3lne<\/h3>\r\n                        <div class=\"text-modules__content\"><p>Na stronie tej znajd\u0105 Pa\u0144stwo informacje o\u00a0mo\u017cliwo\u015bciach uczestnictwa w\u00a0Programie Unii Europejskiej ERASMUS realizowanym przez Wydzia\u0142 Prawa i Administracji U\u015a. Z mo\u017cliwo\u015bci \u00a0tych korzysta\u0107 mog\u0105 zar\u00f3wno Pracownicy i Studenci Wydzia\u0142u, jak i Pracownicy oraz Studenci uczelni partnerskich, z kt\u00f3rymi Wydzia\u0142 Prawa i Administracji U\u015a zawar\u0142 umowy bilateralne dotycz\u0105ce wsp\u00f3\u0142pracy w ramach Programu Erasmus.<\/p>\n<p>Studenci mog\u0105 bra\u0107 udzia\u0142 w\u00a0Programie Erasmus Plus zar\u00f3wno w celu realizacji cz\u0119\u015bci \u00a0studi\u00f3w na zagranicznej uczelni partnerskiej, jak i w celu odbycia praktyki w wybranej instytucji lub kancelarii prawnej znajduj\u0105cej si\u0119 na terenie kraju uczestnicz\u0105cego w Programie Erasmus.<\/p>\n<p>Wydzia\u0142 Prawa i Administracji U\u015a od kilku lat aktywnie uczestniczy w realizacji Programu Erasmus \u00a0pomagaj\u0105c swoim Pracownikom i Studentom w organizacji wyjazdu na studia, praktyk\u0119 \u00a0lub w celu przeprowadzenia zaj\u0119\u0107 dydaktycznych na zagranicznej uczelni partnerskiej.<\/p>\n<p>Od kilku lat studia na Wydziale Prawa i Administracji U\u015a ciesz\u0105 si\u0119 tak\u017ce coraz wi\u0119ksz\u0105 popularno\u015bci\u0105 w\u015br\u00f3d student\u00f3w zagranicznych. \u00a0Wydzia\u0142 proponuje im przede wszystkim ciekaw\u0105 i zr\u00f3\u017cnicowan\u0105 tematycznie ofert\u0119 zaj\u0119\u0107 prowadzonych w j\u0119zyku angielskim, a tak\u017ce mo\u017cliwo\u015b\u0107 studiowania w dynamicznie rozwijaj\u0105cym si\u0119 i\u00a0jednym z najwi\u0119kszych miast Polski, b\u0119d\u0105cym dodatkowo doskona\u0142ym europejskim w\u0119z\u0142em komunikacyjnym.<\/p>\n<p>W ramach Programu Erasmus Wydzia\u0142 Prawa i Administracji U\u015a ma aktualnie zawartych ponad siedemdziesi\u0105t um\u00f3w bilateralnych z uczelniami partnerskimi z pa\u0144stw Unii Europejskiej \u2013 m.in. z Niemiec, Francji, W\u0142och, Hiszpanii, Portugalii, Wielkiej Brytanii, Czech i S\u0142owacji, a tak\u017ce z wieloma uczelniami z Turcji.<\/p>\n<p>Strona g\u0142\u00f3wna Programu Erasmus: <a href=\"https:\/\/erasmusplus.org.pl\/\">https:\/\/erasmusplus.org.pl\/<\/a><\/p>\n<p>Wszelkich informacji i\u00a0pomocy w\u00a0kwestii rekrutacji realizacji Programu Erasmus na Wydziale Prawa i\u00a0Administracji U\u015a , mo\u017cliwo\u015bci uczestnictwa w tym Programie, poszerzania wsp\u00f3\u0142pracy itp. udzielaj\u0105:<\/p>\n<p><strong>Pe\u0142nomocnik Dziekana ds. Programu Erasmus<\/strong><\/p>\n<p><strong>dr Karolina Pra\u017cmowska-Marcinowska<\/strong><strong><br \/>\n<\/strong>tel. 032 359 12 40; pok.1.14 Bankowa 11 b<br \/>\n<a href=\"mailto:erasmus.wpia@us.edu.pl\">erasmus.wpia@us.edu.pl<\/a><\/p>\n<p><strong>mgr Ewa Niedurny<\/strong><br \/>\n<a href=\"mailto:ewa.niedurny@us.edu.pl\">ewa.niedurny@us.edu.pl<\/a><\/p>\n<p>tel. 032 359 20 65; pok. 1.26 Bankowa 11 B Dziekanat Prawo Stacjonarne<\/p>\n<\/div>\r\n                    <\/div>\r\n                <\/div>[\/vc_column][\/vc_row]<\/p>","protected":false},"excerpt":{"rendered":"<p>[vc_row][vc_column][\/vc_column][\/vc_row] [&#8230;]<\/p>\n<p><a class=\"btn btn-secondary understrap-read-more-link\" href=\"https:\/\/us.edu.pl\/wydzial\/wpia\/wspolpraca\/wspolpraca-miedzynarodowa\/erasmus\/informacje-ogolne\/\">Read More&#8230;<\/a><\/p>\n","protected":false},"author":108,"featured_media":0,"parent":1556,"menu_order":0,"comment_status":"closed","ping_status":"closed","template":"page-templates\/page-with-sidebar-and-bookmarks.php","meta":{"_expiration-date-status":"","_expiration-date":0,"_expiration-date-type":"","_expiration-date-categories":[],"_expiration-date-options":[]},"acf":[],"_links":{"self":[{"href":"https:\/\/us.edu.pl\/wydzial\/wpia\/wp-json\/wp\/v2\/pages\/1671"}],"collection":[{"href":"https:\/\/us.edu.pl\/wydzial\/wpia\/wp-json\/wp\/v2\/pages"}],"about":[{"href":"https:\/\/us.edu.pl\/wydzial\/wpia\/wp-json\/wp\/v2\/types\/page"}],"author":[{"embeddable":true,"href":"https:\/\/us.edu.pl\/wydzial\/wpia\/wp-json\/wp\/v2\/users\/108"}],"replies":[{"embeddable":true,"href":"https:\/\/us.edu.pl\/wydzial\/wpia\/wp-json\/wp\/v2\/comments?post=1671"}],"version-history":[{"count":10,"href":"https:\/\/us.edu.pl\/wydzial\/wpia\/wp-json\/wp\/v2\/pages\/1671\/revisions"}],"predecessor-version":[{"id":194745,"href":"https:\/\/us.edu.pl\/wydzial\/wpia\/wp-json\/wp\/v2\/pages\/1671\/revisions\/194745"}],"up":[{"embeddable":true,"href":"https:\/\/us.edu.pl\/wydzial\/wpia\/wp-json\/wp\/v2\/pages\/1556"}],"wp:attachment":[{"href":"https:\/\/us.edu.pl\/wydzial\/wpia\/wp-json\/wp\/v2\/media?parent=1671"}],"curies":[{"name":"wp","href":"https:\/\/api.w.org\/{rel}","templated":true}]}}