{"id":170414,"date":"2024-04-29T13:28:36","date_gmt":"2024-04-29T11:28:36","guid":{"rendered":"https:\/\/us.edu.pl\/wydzial\/wpia\/?page_id=170414"},"modified":"2026-03-16T10:35:54","modified_gmt":"2026-03-16T09:35:54","slug":"prawo-w-biznesie","status":"publish","type":"page","link":"https:\/\/us.edu.pl\/wydzial\/wpia\/kandydat\/kierunki-studiow\/prawo-w-biznesie\/","title":{"rendered":"Prawo w biznesie"},"content":{"rendered":"<p>[vc_row][vc_column]\r\n                <div class=\"text-modules\">\r\n                    <div class=\"container\">\r\n                        \r\n                        <div class=\"text-modules__content\"><\/p>\n<h2>Prawo w biznesie<\/h2>\n<p>\n<\/div>\r\n                    <\/div>\r\n                <\/div>\r\n                <div class=\"text-modules reverse\">\r\n                    <div class=\"container\">\r\n                         \r\n                        <div class=\"row m-0\">\r\n                            <div class=\"text-modules__content\">\r\n                                <\/p>\n<p align=\"justify\">Utworzone w 2024 roku innowacyjne\u00a0 studia interdyscyplinarne, kt\u00f3re \u0142\u0105cz\u0105 wiedz\u0119 prawnicz\u0105 i ekonomiczn\u0105, z naciskiem na wymiar praktyczny, bez przesadnej teorii. To propozycja dla os\u00f3b chc\u0105cych pog\u0142\u0119bi\u0107 swoj\u0105 wiedz\u0119 praktyczn\u0105 w zakresie prowadzenia dzia\u0142alno\u015bci gospodarczej.<\/p>\n<p align=\"justify\">Skierowane s\u0105 zar\u00f3wno do absolwentek i absolwent\u00f3w prowadzonego na WPiA U\u015a kierunku Przedsi\u0119biorczo\u015b\u0107 (I stopie\u0144), jak i absolwentek i absolwent\u00f3w innych kierunk\u00f3w studi\u00f3w na innych uczelniach. To oferta dla os\u00f3b, kt\u00f3re chc\u0105 odnie\u015b\u0107 sukces jako przedsi\u0119biorca XXI wieku.<\/p>\n<p align=\"justify\">Celem studi\u00f3w jest przygotowanie do samodzielnego prowadzenia dzia\u0142alno\u015bci gospodarczej oraz przygotowanie do pe\u0142nienia funkcji menad\u017cera \u015bredniego lub wy\u017cszego szczebla. Osoby po uko\u0144czeniu tych studi\u00f3w b\u0119d\u0105 dysponowa\u0107 pog\u0142\u0119bion\u0105 wiedz\u0105 o zarz\u0105dzaniu przedsi\u0119biorstwem oraz aspektach prawnych i ekonomicznych oraz specyfice funkcjonowania przedsi\u0119biorstwa na rynku.<\/p>\n<div class=\"mt-3\"><\/div>\r\n                            <\/div>\r\n                            \r\n                            <div class=\"text-modules__img\"><img src=\"https:\/\/us.edu.pl\/wydzial\/wpia\/wp-content\/uploads\/sites\/19\/Bez-kategorii\/prawo_w_biznesie.jpg\" alt=\"img\"><\/div>\r\n                        <\/div>\r\n                    <\/div>\r\n                <\/div>[vc_empty_space][\/vc_column][\/vc_row][vc_row css=&#8221;.vc_custom_1652684520526{padding-right: 20px !important;padding-left: 20px !important;background-color: #f2f2f2 !important;}&#8221;][vc_column css=&#8221;.vc_custom_1652684540318{padding-right: 0px !important;padding-left: 0px !important;}&#8221;]\r\n                <div class=\"text-modules\">\r\n                    <div class=\"container\">\r\n                        \r\n                        <div class=\"text-modules__content\"><\/p>\n<h3 class=\"western\">Zapisz si\u0119 na studia<\/h3>\n<p align=\"left\"><span style=\"color: #339966;\"><strong>(rekrutacja rozpoczyna si\u0119 1 czerwca)<\/strong><\/span><\/p>\n<p>\n<\/div>\r\n                    <\/div>\r\n                <\/div>[vc_btn title=&#8221;Internetowa rejestracja dla kandydat\u00f3w&#8221; style=&#8221;outline-custom&#8221; outline_custom_color=&#8221;#002e5a&#8221; outline_custom_hover_background=&#8221;#002e5a&#8221; outline_custom_hover_text=&#8221;#ffffff&#8221; shape=&#8221;square&#8221; size=&#8221;lg&#8221; el_class=&#8221;link&#8221; link=&#8221;url:https%3A%2F%2Firk.us.edu.pl%2Fpl%2Foffer%2FSW-2025-Z%2Fprogramme%2FW5-S2LB24%2F%3Ffrom%3Dfield%3ALB&#8221;][\/vc_column][\/vc_row][vc_row disable_element=&#8221;yes&#8221; css=&#8221;.vc_custom_1652684454894{background-color: #f2f2f2 !important;}&#8221;][vc_column]\r\n                <div class='sidebar_moduls sidebar_one_header' style='color:#002E5A;background-color: #EBEBEB'>\r\n                    <a href='https:\/\/us.edu.pl' class='link'>przejd\u017a: do internetowej rejestracji dla kandydat\u00f3w<\/a>\r\n                <\/div>\r\n                <div class='sidebar_moduls sidebar_button' style=\"background-color: #EBEBEB; color: #002E5A\">\r\n                    <h3>Zapisz si\u0119 na studia<\/h3>\r\n                    <div class='link-button-wrap'><a style=\"background-color: #002E5A!important; color: #FFFFFF!important\" href='https:\/\/irk.us.edu.pl' class='link-button'>przejd\u017a: do internetowej rejestracji dla kandydat\u00f3w<\/a><\/div>\r\n                <\/div>[\/vc_column][\/vc_row]<\/p>","protected":false},"excerpt":{"rendered":"<p>[vc_row][vc_column][vc_empty_space][\/vc_column][\/vc_row][vc_row css=&#8221;.vc_custom_1652684520526{padding-right: 20px !important;padding-left: 20px !important;background-color: #f2f2f2 !important;}&#8221;][vc_column css=&#8221;.vc_custom_1652684540318{padding-right: 0px !important;padding-left: 0px !important;}&#8221;][vc_btn title=&#8221;Internetowa rejestracja dla kandydat\u00f3w&#8221; style=&#8221;outline-custom&#8221; outline_custom_color=&#8221;#002e5a&#8221; outline_custom_hover_background=&#8221;#002e5a&#8221; outline_custom_hover_text=&#8221;#ffffff&#8221; shape=&#8221;square&#8221; size=&#8221;lg&#8221; el_class=&#8221;link&#8221; link=&#8221;url:https%3A%2F%2Firk.us.edu.pl%2Fpl%2Foffer%2FSW-2025-Z%2Fprogramme%2FW5-S2LB24%2F%3Ffrom%3Dfield%3ALB&#8221;][\/vc_column][\/vc_row][vc_row disable_element=&#8221;yes&#8221; css=&#8221;.vc_custom_1652684454894{background-color: #f2f2f2 !important;}&#8221;][vc_column][\/vc_column][\/vc_row] [&#8230;]<\/p>\n<p><a class=\"btn btn-secondary understrap-read-more-link\" href=\"https:\/\/us.edu.pl\/wydzial\/wpia\/kandydat\/kierunki-studiow\/prawo-w-biznesie\/\">Read More&#8230;<\/a><\/p>\n","protected":false},"author":107,"featured_media":0,"parent":156046,"menu_order":0,"comment_status":"closed","ping_status":"closed","template":"page-templates\/page-with-sidebar-and-bookmarks.php","meta":{"_expiration-date-status":"","_expiration-date":0,"_expiration-date-type":"","_expiration-date-categories":[],"_expiration-date-options":[]},"acf":[],"_links":{"self":[{"href":"https:\/\/us.edu.pl\/wydzial\/wpia\/wp-json\/wp\/v2\/pages\/170414"}],"collection":[{"href":"https:\/\/us.edu.pl\/wydzial\/wpia\/wp-json\/wp\/v2\/pages"}],"about":[{"href":"https:\/\/us.edu.pl\/wydzial\/wpia\/wp-json\/wp\/v2\/types\/page"}],"author":[{"embeddable":true,"href":"https:\/\/us.edu.pl\/wydzial\/wpia\/wp-json\/wp\/v2\/users\/107"}],"replies":[{"embeddable":true,"href":"https:\/\/us.edu.pl\/wydzial\/wpia\/wp-json\/wp\/v2\/comments?post=170414"}],"version-history":[{"count":11,"href":"https:\/\/us.edu.pl\/wydzial\/wpia\/wp-json\/wp\/v2\/pages\/170414\/revisions"}],"predecessor-version":[{"id":196956,"href":"https:\/\/us.edu.pl\/wydzial\/wpia\/wp-json\/wp\/v2\/pages\/170414\/revisions\/196956"}],"up":[{"embeddable":true,"href":"https:\/\/us.edu.pl\/wydzial\/wpia\/wp-json\/wp\/v2\/pages\/156046"}],"wp:attachment":[{"href":"https:\/\/us.edu.pl\/wydzial\/wpia\/wp-json\/wp\/v2\/media?parent=170414"}],"curies":[{"name":"wp","href":"https:\/\/api.w.org\/{rel}","templated":true}]}}