{"id":195551,"date":"2026-01-13T11:58:40","date_gmt":"2026-01-13T10:58:40","guid":{"rendered":"https:\/\/us.edu.pl\/wydzial\/wpia\/?page_id=195551"},"modified":"2026-03-24T14:13:46","modified_gmt":"2026-03-24T13:13:46","slug":"podstawowe-informacje","status":"publish","type":"page","link":"https:\/\/us.edu.pl\/wydzial\/wpia\/polsko-czesko-slowacka-konferencja-naukowa-prawa-ochrony-srodowiska\/podstawowe-informacje\/","title":{"rendered":"Podstawowe informacje"},"content":{"rendered":"<p>[vc_row][vc_column]\r\n                <div class=\"text-modules\">\r\n                    <div class=\"container\">\r\n                        <h3 class=\"page-title text__title\">Skuteczno\u015b\u0107 instrument\u00f3w prawa ochrony \u015brodowiska<\/h3>\r\n                        <div class=\"text-modules__content\"><p><img class=\"alignright wp-image-195554 size-medium\" src=\"https:\/\/us.edu.pl\/wydzial\/wpia\/wp-content\/uploads\/sites\/19\/naukakonferencje\/2026\/nowe-logo-500x333.png\" alt=\"\" width=\"500\" height=\"333\" srcset=\"https:\/\/us.edu.pl\/wydzial\/wpia\/wp-content\/uploads\/sites\/19\/naukakonferencje\/2026\/nowe-logo-500x333.png 500w, https:\/\/us.edu.pl\/wydzial\/wpia\/wp-content\/uploads\/sites\/19\/naukakonferencje\/2026\/nowe-logo-1024x683.png 1024w, https:\/\/us.edu.pl\/wydzial\/wpia\/wp-content\/uploads\/sites\/19\/naukakonferencje\/2026\/nowe-logo-768x512.png 768w, https:\/\/us.edu.pl\/wydzial\/wpia\/wp-content\/uploads\/sites\/19\/naukakonferencje\/2026\/nowe-logo-575x383.png 575w, https:\/\/us.edu.pl\/wydzial\/wpia\/wp-content\/uploads\/sites\/19\/naukakonferencje\/2026\/nowe-logo.png 1536w\" sizes=\"(max-width: 500px) 100vw, 500px\" \/><a href=\"https:\/\/us.edu.pl\/wydzial\/wpia\/polsko-czesko-slowacka-konferencja-naukowa-prawa-ochrony-srodowiska\/podstawowe-informacje\/#eng\">English version<\/a><\/p>\n<p align=\"justify\">Zesp\u00f3\u0142 studi\u00f3w nad prawem g\u00f3rniczym i ochrony \u015brodowiska Wydzia\u0142u Prawa i Administracji Uniwersytetu \u015al\u0105skiego wraz z Fundacj\u0105 Wydzia\u0142u Prawa i Administracji Uniwersytetu \u015al\u0105skiego \u201eFacultas Iuridica&#8221; zapraszaj\u0105 na organizowan\u0105 w dniach <span style=\"color: #339966;\">9-11 wrze\u015bnia 2026 r.<\/span> 27. czesko-polsko-s\u0142owack\u0105 konferencj\u0119 naukow\u0105 prawa ochrony \u015brodowiska.<\/p>\n<p align=\"justify\">Tematem tegorocznego spotkania b\u0119dzie problematyka skuteczno\u015bci instrument\u00f3w szeroko rozumianego prawa \u015brodowiskowego. Mo\u017cna tu wskaza\u0107 dwa g\u0142\u00f3wne zakresy, na kt\u00f3rych mog\u0105 skupia\u0107 si\u0119 wyst\u0105pienia. Pierwszy z nich to ocena skuteczno\u015bci istniej\u0105cych rozwi\u0105za\u0144, zar\u00f3wno na poziomie europejskim, jak i krajowym. Drugim proponowanym do dyskusji zagadnieniem s\u0105 propozycje zmian w powy\u017cszym zakresie. Mog\u0105 by\u0107 to zar\u00f3wno propozycje de lege ferenda, jak r\u00f3wnie\u017c koncepcje i kierunki, w kt\u00f3rych zdaniem uczestnik\u00f3w konferencji, powinny nast\u0119powa\u0107 zmiany legislacyjne.<\/p>\n<p align=\"justify\">Konferencja ma charakter mi\u0119dzynarodowy \u2013 obok przedstawicieli Czech, Polski i S\u0142owacji zaproszeni zostali r\u00f3wnie\u017c eksperci z innych pa\u0144stw regionu, dla kt\u00f3rych problem skuteczno\u015bci regulacji \u015brodowiskowych pozostaje aktualnym i istotnym wyzwaniem.<\/p>\n<p align=\"justify\">Organizatorzy maj\u0105 nadziej\u0119, \u017ce konferencja, jak co roku, b\u0119dzie stanowi\u0107 forum wymiany pogl\u0105d\u00f3w i do\u015bwiadcze\u0144 naukowc\u00f3w, praktyk\u00f3w oraz przedstawicieli administracji publicznej z pa\u0144stw Europy \u015arodkowo-Wschodniej.<\/p>\n<hr \/>\n<p align=\"justify\"><span lang=\"en-US\"><a id=\"eng\"><\/a>The Research Group on Mining Law and Environmental Protection of the Faculty of Law and Administration of the University of Silesia, together with the Foundation of the Faculty of Law and Administration of the University of Silesia <\/span><span lang=\"en-US\">Facultas Iuridica<\/span><span lang=\"en-US\">, hereby invite participants to the <\/span><span lang=\"en-US\">27th Czech\u2013Polish\u2013Slovak Scientific Conference on Environmental Law<\/span><span lang=\"en-US\">,<\/span><span lang=\"en-US\"> to be held <\/span><span lang=\"en-US\">on<\/span><span lang=\"en-US\" style=\"color: #339966;\"> 9\u201311 September 2026<\/span><span lang=\"en-US\">.<\/span><\/p>\n<p align=\"justify\"><span lang=\"en-US\">The theme of this year\u2019s conference will focus <\/span><span style=\"color: #339966;\"><span lang=\"en-US\">on the<\/span> <span lang=\"en-US\">effectiveness of instruments within broadly understood environmental law<\/span><\/span><span lang=\"en-US\">.<\/span><span lang=\"en-US\"> Two principal thematic areas may be identified for conference contributions. The first concerns the assessment of the effectiveness of existing legal solutions, both at the European and the national levels. The second area proposed for discussion encompasses suggestions for change in this field, including both <\/span><span lang=\"en-US\">de lege ferenda<\/span><span lang=\"en-US\"> proposals and broader concepts or directions in which, in the opinion of conference participants, legislative developments should proceed.<\/span><\/p>\n<p align=\"justify\"><span lang=\"en-US\">The conference will have an international character. In addition to representatives from the Czech Republic, Poland, and Slovakia, experts from other countries in the region have also been invited, for whom the effectiveness of environmental regulation remains a current and significant challenge.<\/span><\/p>\n<p align=\"justify\"><span lang=\"en-US\">The organizers hope that, as in previous years, the conference will provide a forum for the exchange of views and experiences among scholars, practitioners, and representatives of public administration from Central and Eastern European countries.<\/span><\/p>\n<p style=\"text-align: center;\">Kontakt z organizatorem<\/p>\n<p style=\"text-align: center;\">Uniwersytet \u015al\u0105ski w Katowicach<br \/>\nZesp\u00f3\u0142 Prawa G\u00f3rniczego i Ochrony \u015arodowiska<br \/>\nWydzia\u0142 Prawa i Administracji<br \/>\nul. Bankowa 11B, 40 &#8211; 007 Katowice<br \/>\ne-mail: <a href=\"mailto:filip.nawrot@us.edu.pl\">filip.nawrot@us.edu.pl<\/a>\u00a0, <a href=\"mailto:ewa.radecka@us.edu.pl\">ewa.radecka@us.edu.pl<\/a><\/p>\n<p><center><img class=\"aligncenter wp-image-195553 size-medium\" src=\"https:\/\/us.edu.pl\/wydzial\/wpia\/wp-content\/uploads\/sites\/19\/naukakonferencje\/2026\/LOGO-FUNDACJA-500x117.png\" alt=\"\" width=\"500\" height=\"117\" srcset=\"https:\/\/us.edu.pl\/wydzial\/wpia\/wp-content\/uploads\/sites\/19\/naukakonferencje\/2026\/LOGO-FUNDACJA-500x117.png 500w, https:\/\/us.edu.pl\/wydzial\/wpia\/wp-content\/uploads\/sites\/19\/naukakonferencje\/2026\/LOGO-FUNDACJA-1024x239.png 1024w, https:\/\/us.edu.pl\/wydzial\/wpia\/wp-content\/uploads\/sites\/19\/naukakonferencje\/2026\/LOGO-FUNDACJA-768x179.png 768w, https:\/\/us.edu.pl\/wydzial\/wpia\/wp-content\/uploads\/sites\/19\/naukakonferencje\/2026\/LOGO-FUNDACJA-1536x358.png 1536w, https:\/\/us.edu.pl\/wydzial\/wpia\/wp-content\/uploads\/sites\/19\/naukakonferencje\/2026\/LOGO-FUNDACJA-575x134.png 575w, https:\/\/us.edu.pl\/wydzial\/wpia\/wp-content\/uploads\/sites\/19\/naukakonferencje\/2026\/LOGO-FUNDACJA.png 1772w\" sizes=\"(max-width: 500px) 100vw, 500px\" \/><\/center><center><\/center><center><img class=\"alignnone wp-image-197092 size-full\" src=\"https:\/\/us.edu.pl\/wydzial\/wpia\/wp-content\/uploads\/sites\/19\/Strona-glowna\/logo\/202603logotypy.png\" alt=\"\" width=\"1998\" height=\"1016\" srcset=\"https:\/\/us.edu.pl\/wydzial\/wpia\/wp-content\/uploads\/sites\/19\/Strona-glowna\/logo\/202603logotypy.png 1998w, https:\/\/us.edu.pl\/wydzial\/wpia\/wp-content\/uploads\/sites\/19\/Strona-glowna\/logo\/202603logotypy-500x254.png 500w, https:\/\/us.edu.pl\/wydzial\/wpia\/wp-content\/uploads\/sites\/19\/Strona-glowna\/logo\/202603logotypy-1024x521.png 1024w, https:\/\/us.edu.pl\/wydzial\/wpia\/wp-content\/uploads\/sites\/19\/Strona-glowna\/logo\/202603logotypy-768x391.png 768w, https:\/\/us.edu.pl\/wydzial\/wpia\/wp-content\/uploads\/sites\/19\/Strona-glowna\/logo\/202603logotypy-1536x781.png 1536w, https:\/\/us.edu.pl\/wydzial\/wpia\/wp-content\/uploads\/sites\/19\/Strona-glowna\/logo\/202603logotypy-575x292.png 575w\" sizes=\"(max-width: 1998px) 100vw, 1998px\" \/><\/center><\/p>\n<\/div>\r\n                    <\/div>\r\n                <\/div>[\/vc_column][\/vc_row]<\/p>","protected":false},"excerpt":{"rendered":"<p>[vc_row][vc_column][\/vc_column][\/vc_row] [&#8230;]<\/p>\n<p><a class=\"btn btn-secondary understrap-read-more-link\" href=\"https:\/\/us.edu.pl\/wydzial\/wpia\/polsko-czesko-slowacka-konferencja-naukowa-prawa-ochrony-srodowiska\/podstawowe-informacje\/\">Read More&#8230;<\/a><\/p>\n","protected":false},"author":107,"featured_media":0,"parent":195536,"menu_order":0,"comment_status":"closed","ping_status":"closed","template":"","meta":{"_expiration-date-status":"","_expiration-date":0,"_expiration-date-type":"","_expiration-date-categories":[],"_expiration-date-options":[]},"acf":[],"_links":{"self":[{"href":"https:\/\/us.edu.pl\/wydzial\/wpia\/wp-json\/wp\/v2\/pages\/195551"}],"collection":[{"href":"https:\/\/us.edu.pl\/wydzial\/wpia\/wp-json\/wp\/v2\/pages"}],"about":[{"href":"https:\/\/us.edu.pl\/wydzial\/wpia\/wp-json\/wp\/v2\/types\/page"}],"author":[{"embeddable":true,"href":"https:\/\/us.edu.pl\/wydzial\/wpia\/wp-json\/wp\/v2\/users\/107"}],"replies":[{"embeddable":true,"href":"https:\/\/us.edu.pl\/wydzial\/wpia\/wp-json\/wp\/v2\/comments?post=195551"}],"version-history":[{"count":10,"href":"https:\/\/us.edu.pl\/wydzial\/wpia\/wp-json\/wp\/v2\/pages\/195551\/revisions"}],"predecessor-version":[{"id":197094,"href":"https:\/\/us.edu.pl\/wydzial\/wpia\/wp-json\/wp\/v2\/pages\/195551\/revisions\/197094"}],"up":[{"embeddable":true,"href":"https:\/\/us.edu.pl\/wydzial\/wpia\/wp-json\/wp\/v2\/pages\/195536"}],"wp:attachment":[{"href":"https:\/\/us.edu.pl\/wydzial\/wpia\/wp-json\/wp\/v2\/media?parent=195551"}],"curies":[{"name":"wp","href":"https:\/\/api.w.org\/{rel}","templated":true}]}}