{"id":197604,"date":"2026-04-30T12:27:16","date_gmt":"2026-04-30T10:27:16","guid":{"rendered":"https:\/\/us.edu.pl\/wydzial\/wpia\/?page_id=197604"},"modified":"2026-05-04T18:10:53","modified_gmt":"2026-05-04T16:10:53","slug":"patronka-konferencji","status":"publish","type":"page","link":"https:\/\/us.edu.pl\/wydzial\/wpia\/nauka\/konferencje\/vi-slaskie-forum-polityki-kryminalnej\/patronka-konferencji\/","title":{"rendered":"Patronka konferencji"},"content":{"rendered":"<p>[vc_row][vc_column][vc_single_image img_size=&#8221;full&#8221; alignment=&#8221;center&#8221; style=&#8221;vc_box_shadow_3d&#8221;][\/vc_column][\/vc_row][vc_row][vc_column]\r\n                <div class=\"text-modules\">\r\n                    <div class=\"container\">\r\n                        \r\n                        <div class=\"text-modules__content\"><\/p>\n<h4><span style=\"font-size: 14pt;\"><strong>W tym roku przypada setna rocznica urodzin Profesor Oktawii G\u00f3rniok, kt\u00f3ra patronuje naszej Konferencji<\/strong><\/span><\/h4>\n<p>\n<\/div>\r\n                    <\/div>\r\n                <\/div>[\/vc_column][\/vc_row][vc_row][vc_column]<div class=\"container\"><div class=\"separator\" style=\"background-color: #EBEBEB\"><\/div><\/div>[\/vc_column][\/vc_row][vc_row][vc_column]\r\n                <div class=\"text-modules\">\r\n                    <div class=\"container\">\r\n                        \r\n                        <div class=\"text-modules__content\"><p><strong>Prof. Oktawia G\u00f3rniok<\/strong> by\u0142a wybitn\u0105 polsk\u0105 prawniczk\u0105, specjalistk\u0105 w zakresie prawa karnego gospodarczego, a tak\u017ce wieloletni\u0105 badaczk\u0105 oraz nauczycielk\u0105 akademick\u0105 zwi\u0105zan\u0105 przede wszystkim z Uniwersytetem \u015al\u0105skim w Katowicach. Jej dorobek naukowy odegra\u0142 istotn\u0105 rol\u0119 w rozwoju bada\u0144 nad przest\u0119pczo\u015bci\u0105 gospodarcz\u0105 oraz w kszta\u0142towaniu praktyki stosowania prawa karnego w Polsce.<\/p>\n<p>Po zako\u0144czeniu II wojny \u015bwiatowej, zmuszona do opuszczenia rodzinnych Brod\u00f3w, przyby\u0142a wraz z matk\u0105 i ciotk\u0105 do Wroc\u0142awia. Tam uko\u0144czy\u0142a liceum humanistyczne, zda\u0142a egzamin maturalny i wkr\u00f3tce podj\u0119\u0142a prac\u0119 administracyjn\u0105 w prokuraturze. R\u00f3wnocze\u015bnie rozpocz\u0119\u0142a studia na Wydziale Prawno-Administracyjnym Uniwersytetu Wroc\u0142awskiego, kt\u00f3re uko\u0144czy\u0142a w 1949 r. Po odbyciu aplikacji s\u0105dowej kontynuowa\u0142a prac\u0119 w organach prokuratury, awansuj\u0105c na kolejne stanowiska, w tym wiceprokuratora wojew\u00f3dzkiego. Z prokuratur\u0105 zwi\u0105zana by\u0142a do 1971 r., pracuj\u0105c r\u00f3wnie\u017c w O\u015brodku Bada\u0144 Przest\u0119pczo\u015bci Prokuratury Generalnej.<\/p>\n<p>R\u00f3wnolegle rozwija\u0142a karier\u0119 naukow\u0105. Ju\u017c w 1958 r., pod kierunkiem Witolda \u015awidy, rozpocz\u0119\u0142a prac\u0119 na Wydziale Prawa Uniwersytetu Wroc\u0142awskiego jako m\u0142odszy asystent. W 1966 r. uzyska\u0142a stopie\u0144 doktora nauk prawnych na podstawie rozprawy po\u015bwi\u0119conej problematyce znikomego spo\u0142ecznego niebezpiecze\u0144stwa czynu. Kilka lat p\u00f3\u017aniej opublikowa\u0142a monografi\u0119 <em>Przest\u0119pstwa przeciwko dzia\u0142alno\u015bci instytucji pa\u0144stwowych i spo\u0142ecznych<\/em>, kt\u00f3ra w 1971 r. sta\u0142a si\u0119 podstaw\u0105 do nadania jej stopnia doktora habilitowanego nauk prawnych. W tym okresie skutecznie \u0142\u0105czy\u0142a intensywn\u0105 prac\u0119 zawodow\u0105 w prokuraturze z dzia\u0142alno\u015bci\u0105 naukow\u0105 i dydaktyczn\u0105, wykorzystuj\u0105c do\u015bwiadczenie praktyczne w badaniach naukowych oraz w pracy ze studentami.<\/p>\n<p>W 1971 r. przenios\u0142a si\u0119 wraz z rodzin\u0105 do Katowic, gdzie rozpocz\u0119\u0142a prac\u0119 na stanowisku docenta na Wydziale Prawa i Administracji Uniwersytetu \u015al\u0105skiego w Katowicach. Z uczelni\u0105 t\u0105 zwi\u0105za\u0142a si\u0119 na kolejne dekady swojej dzia\u0142alno\u015bci akademickiej. W 1980 r. uzyska\u0142a tytu\u0142 profesora nadzwyczajnego, a w 1989 r. profesora zwyczajnego. Pracowa\u0142a w Katedrze Prawa Karnego i Kryminologii, kt\u00f3rej kierownictwo sprawowa\u0142a, na przemian z prof. Leonem Tyszkiewiczem, a\u017c do 2004 r.<\/p>\n<p>Obok pracy naukowej i dydaktycznej podejmowa\u0142a r\u00f3wnie\u017c liczne obowi\u0105zki organizacyjne i administracyjne. W latach 1980\u20131981 pe\u0142ni\u0142a funkcj\u0119 prodziekana, a nast\u0119pnie w trudnym okresie 1982\u20131983 by\u0142a dziekanem Wydzia\u0142u Prawa i Administracji Uniwersytetu \u015al\u0105skiego. Uczestniczy\u0142a tak\u017ce w pracach wielu gremi\u00f3w naukowych i eksperckich, by\u0142a m.in. cz\u0142onkiem Kolegium Najwy\u017cszej Izby Kontroli, prezesem Towarzystwa Naukowego Nauk Prawnych oraz cz\u0142onkiem komitetu redakcyjnego czasopisma<em> Pa\u0144stwo i Prawo<\/em>.<\/p>\n<p>Profesor Oktawia G\u00f3rniok by\u0142a uznawana za jedn\u0105 z najwybitniejszych polskich specjalistek w dziedzinie przest\u0119pczo\u015bci gospodarczej i prawa karnego gospodarczego. Jej badania dotyczy\u0142y m.in. spo\u0142ecznego niebezpiecze\u0144stwa czynu, przest\u0119pstw przeciwko dzia\u0142alno\u015bci instytucji pa\u0144stwowych i spo\u0142ecznych, przest\u0119pstw przeciwko mieniu, a tak\u017ce europejskiego prawa karnego. Zmiany spo\u0142eczno-gospodarcze zachodz\u0105ce w Polsce w drugiej po\u0142owie XX wieku sprawi\u0142y, \u017ce jej analizy i publikacje zyska\u0142y szczeg\u00f3lne znaczenie zar\u00f3wno dla procesu legislacyjnego, jak i dla praktyki stosowania prawa. W swojej dzia\u0142alno\u015bci eksperckiej uczestniczy\u0142a w opracowywaniu komentarzy do prawa karnego, przygotowywaniu ekspertyz oraz szkoleniu s\u0119dzi\u00f3w i prokurator\u00f3w.<\/p>\n<\/div>\r\n                    <\/div>\r\n                <\/div>[\/vc_column][\/vc_row][vc_row][vc_column]<div class=\"container\"><div class=\"separator\" style=\"background-color: #ebebeb\"><\/div><\/div>[\/vc_column][\/vc_row][vc_row full_width=&#8221;stretch_row_content_no_spaces&#8221;][vc_column width=&#8221;1\/4&#8243;]\r\n                <div class=\"text-modules\">\r\n                    <div class=\"container\">\r\n                        \r\n                        <div class=\"text-modules__content\"><\/p>\n<p style=\"text-align: right;\"><strong>\u0179r\u00f3d\u0142a<\/strong><\/p>\n<p>\n<\/div>\r\n                    <\/div>\r\n                <\/div>[\/vc_column][vc_column width=&#8221;3\/4&#8243;]\r\n                <div class=\"text-modules\">\r\n                    <div class=\"container\">\r\n                        \r\n                        <div class=\"text-modules__content\"><\/p>\n<ul>\n<li><a href=\"https:\/\/jubileusz.wpae.uni.wroc.pl\/kalendarium\/67-gorniok-oktawia\">https:\/\/jubileusz.wpae.uni.wroc.pl\/kalendarium\/67-gorniok-oktawia<\/a><\/li>\n<li><a href=\"https:\/\/pl.wikipedia.org\/wiki\/Oktawia_G\u00f3rniok\">https:\/\/pl.wikipedia.org\/wiki\/Oktawia_G%C3%B3rniok<\/a><\/li>\n<li><a href=\"https:\/\/opus.us.edu.pl\/info\/affiliation\/USL000000?r=publication&amp;ps=20&amp;tab=&amp;title=University+of+Silesia&amp;lang=pl&amp;pn=1&amp;cid=276310\">https:\/\/opus.us.edu.pl\/info\/affiliation\/USL000000?r=publication&amp;ps=20&amp;tab=&amp;title=University+of+Silesia&amp;lang=pl&amp;pn=1&amp;cid=276310<\/a><\/li>\n<\/ul>\n<p>\n<\/div>\r\n                    <\/div>\r\n                <\/div>[\/vc_column][\/vc_row]<\/p>","protected":false},"excerpt":{"rendered":"<p>[vc_row][vc_column][vc_single_image img_size=&#8221;full&#8221; alignment=&#8221;center&#8221; style=&#8221;vc_box_shadow_3d&#8221;][\/vc_column][\/vc_row][vc_row][vc_column][\/vc_column][\/vc_row][vc_row][vc_column][\/vc_column][\/vc_row][vc_row][vc_column][\/vc_column][\/vc_row][vc_row][vc_column][\/vc_column][\/vc_row][vc_row full_width=&#8221;stretch_row_content_no_spaces&#8221;][vc_column width=&#8221;1\/4&#8243;][\/vc_column][vc_column width=&#8221;3\/4&#8243;][\/vc_column][\/vc_row] [&#8230;]<\/p>\n<p><a class=\"btn btn-secondary understrap-read-more-link\" href=\"https:\/\/us.edu.pl\/wydzial\/wpia\/nauka\/konferencje\/vi-slaskie-forum-polityki-kryminalnej\/patronka-konferencji\/\">Read More&#8230;<\/a><\/p>\n","protected":false},"author":107,"featured_media":0,"parent":197596,"menu_order":0,"comment_status":"closed","ping_status":"closed","template":"","meta":{"_expiration-date-status":"","_expiration-date":0,"_expiration-date-type":"","_expiration-date-categories":[],"_expiration-date-options":[]},"acf":[],"_links":{"self":[{"href":"https:\/\/us.edu.pl\/wydzial\/wpia\/wp-json\/wp\/v2\/pages\/197604"}],"collection":[{"href":"https:\/\/us.edu.pl\/wydzial\/wpia\/wp-json\/wp\/v2\/pages"}],"about":[{"href":"https:\/\/us.edu.pl\/wydzial\/wpia\/wp-json\/wp\/v2\/types\/page"}],"author":[{"embeddable":true,"href":"https:\/\/us.edu.pl\/wydzial\/wpia\/wp-json\/wp\/v2\/users\/107"}],"replies":[{"embeddable":true,"href":"https:\/\/us.edu.pl\/wydzial\/wpia\/wp-json\/wp\/v2\/comments?post=197604"}],"version-history":[{"count":3,"href":"https:\/\/us.edu.pl\/wydzial\/wpia\/wp-json\/wp\/v2\/pages\/197604\/revisions"}],"predecessor-version":[{"id":197648,"href":"https:\/\/us.edu.pl\/wydzial\/wpia\/wp-json\/wp\/v2\/pages\/197604\/revisions\/197648"}],"up":[{"embeddable":true,"href":"https:\/\/us.edu.pl\/wydzial\/wpia\/wp-json\/wp\/v2\/pages\/197596"}],"wp:attachment":[{"href":"https:\/\/us.edu.pl\/wydzial\/wpia\/wp-json\/wp\/v2\/media?parent=197604"}],"curies":[{"name":"wp","href":"https:\/\/api.w.org\/{rel}","templated":true}]}}