{"id":2149,"date":"2020-01-13T10:24:53","date_gmt":"2020-01-13T09:24:53","guid":{"rendered":"https:\/\/us.edu.pl\/wydzial\/wpia\/?page_id=2149"},"modified":"2025-02-26T12:13:22","modified_gmt":"2025-02-26T11:13:22","slug":"dostepnosc","status":"publish","type":"page","link":"https:\/\/us.edu.pl\/wydzial\/wpia\/student\/dostepnosc\/","title":{"rendered":"Wsparcie w procesie kszta\u0142cenia"},"content":{"rendered":"<p>[vc_row][vc_column]\r\n                <div class=\"text-modules\">\r\n                    <div class=\"container\">\r\n                        <h3 class=\"page-title text__title\">Wsparcie w procesie kszta\u0142cenia<\/h3>\r\n                        <div class=\"text-modules__content\"><\/div>\r\n                    <\/div>\r\n                <\/div>\r\n                <div class=\"tiles-section\" style=\"background: \">\r\n                    <div class=\"container\">\r\n                        <h3 class=\"page-title\"><\/h3>\r\n                        <div class=\"tiles tiles-2\">\r\n                            <a href=\"https:\/\/us.edu.pl\/student\/kariera-i-rozwoj\/planowanie-kariery\/doradztwo-kariery\/\" class=\"tile tile_ justify-content-center\" style=\"background-color: #002E5A; font-weight: bold; color: #ffffff;  \">\r\n                                \r\n                                   \r\n                               \r\n                                <div class=\"tile__name\">Doradztwo kariery<\/div>\r\n                            <\/a>\r\n                            <a href=\"https:\/\/us.edu.pl\/student\/kariera-i-rozwoj\/rozwoj-osobisty\/coaching-kariery\/\" class=\"tile tile_ justify-content-center\" style=\"background-color: #002E5A; font-weight: bold; color: #ffffff;  \">\r\n                                \r\n                                   \r\n                               \r\n                                <div class=\"tile__name\">Coaching kariery<\/div>\r\n                            <\/a>\r\n                            <a href=\"https:\/\/us.edu.pl\/wydzial\/wpia\/pomoc-psychologiczna\/\" class=\"tile tile_ justify-content-center\" style=\"background-color: #002E5A; font-weight: bold; color: #ffffff;  \">\r\n                                \r\n                                   \r\n                               \r\n                                <div class=\"tile__name\">Pomoc psychologiczna<\/div>\r\n                            <\/a>\r\n                            <a href=\"https:\/\/us.edu.pl\/student\/wsparcie-i-fundusze\/dostosowanie-do-specjalnych-potrzeb\/\" class=\"tile tile_ justify-content-center\" style=\"background-color: #002E5A; font-weight: bold; color: #ffffff;  \">\r\n                                \r\n                                   \r\n                               \r\n                                <div class=\"tile__name\">Osoby ze szczeg\u00f3lnymi potrzebami<\/div>\r\n                            <\/a><\/div>\r\n                    <\/div>\r\n                <\/div>\r\n                <div class=\"text-modules\">\r\n                    <div class=\"container\">\r\n                        \r\n                        <div class=\"text-modules__content\"><p><span style=\"font-size: 12pt;\"><strong>Wydzia\u0142owe koordynatorki ds. dostosowania studi\u00f3w:<\/strong><\/span><\/p>\n<p><span style=\"font-size: 12pt;\">dr hab. Agnieszka Bielska \u2013 Brodziak, prof. U\u015a<\/span><\/p>\n<p><span style=\"font-size: 12pt;\">e-mail:\u00a0<a href=\"mailto:agnieszka.bielska-brodziak@us.edu.pl\">agnieszka.bielska-brodziak@us.edu.pl<\/a><\/span><\/p>\n<p><span style=\"font-size: 12pt;\">dy\u017cur: \u015broda godz. 13:00-13:45<\/span><\/p>\n<p><span style=\"font-size: 12pt;\">p.2.42.<\/span><\/p>\n<p>&nbsp;<\/p>\n<p><span style=\"font-size: 12pt;\">dr Urszula Torbus<\/span><\/p>\n<p><span style=\"font-size: 12pt;\">e-mail:\u00a0<a href=\"mailto:urszula.torbus@us.edu.pl\">urszula.torbus@us.edu.pl<\/a><\/span><\/p>\n<p><span style=\"font-size: 12pt;\">dy\u017cur: poniedzia\u0142ek, godz. 14:30-16:00<\/span><\/p>\n<p><span style=\"font-size: 12pt;\">p.1.9<\/span><\/p>\n<p>&nbsp;<\/p>\n<p><span style=\"font-size: 12pt;\"><strong>Wydzia\u0142owa Koordynatorka ds. organizacyjnego wsparcia os\u00f3b z niepe\u0142nosprawno\u015bci\u0105\/os\u00f3b ze szczeg\u00f3lnymi potrzebami:<\/strong><\/span><\/p>\n<p><span style=\"font-size: 12pt;\">mgr Ma\u0142gorzata Szaniewska<\/span><\/p>\n<p><span style=\"font-size: 12pt;\">e-mail:\u00a0<a href=\"mailto:malgorzata.szaniewska@us.edu.pl\">malgorzata.szaniewska@us.edu.pl<\/a><\/span><\/p>\n<p><span style=\"font-size: 12pt;\">godz. 07:00-15:00<\/span><\/p>\n<p><span style=\"font-size: 12pt;\">p.1.15<\/span><\/p>\n<\/div>\r\n                    <\/div>\r\n                <\/div>\r\n\t\t\t\t<div class='container'>\r\n\t\t\t\t\t<div class='list-links list-links_'>\r\n\t\t\t\t\t\t  \r\n\t\t\t\t\t\t  <ul>\r\n\t\t\t\t\t\t\t\t<li><a href='https:\/\/us.edu.pl\/deklaracja-dostepnosci\/#KatowiceBankowa11b'><p>Deklaracja dost\u0119pno\u015bci<\/p><\/a><\/li>\r\n\t\t\t\t\t\t\t\t<li><a href='https:\/\/us.edu.pl\/student\/wsparcie-i-fundusze\/dostosowanie-do-specjalnych-potrzeb\/program-student-buddy-support\/'><p>Program Student Buddy Support<\/p><\/a><\/li><\/ul>\r\n\t\t\t\t\t<\/div>\r\n\t\t\t\t<\/div>   \r\n\t\t\t\t\t[\/vc_column][\/vc_row]<\/p>","protected":false},"excerpt":{"rendered":"<p>[vc_row][vc_column][\/vc_column][\/vc_row] [&#8230;]<\/p>\n<p><a class=\"btn btn-secondary understrap-read-more-link\" href=\"https:\/\/us.edu.pl\/wydzial\/wpia\/student\/dostepnosc\/\">Read More&#8230;<\/a><\/p>\n","protected":false},"author":107,"featured_media":0,"parent":286,"menu_order":13,"comment_status":"closed","ping_status":"closed","template":"page-templates\/inner-page.php","meta":{"_expiration-date-status":"","_expiration-date":0,"_expiration-date-type":"","_expiration-date-categories":[],"_expiration-date-options":[]},"acf":[],"_links":{"self":[{"href":"https:\/\/us.edu.pl\/wydzial\/wpia\/wp-json\/wp\/v2\/pages\/2149"}],"collection":[{"href":"https:\/\/us.edu.pl\/wydzial\/wpia\/wp-json\/wp\/v2\/pages"}],"about":[{"href":"https:\/\/us.edu.pl\/wydzial\/wpia\/wp-json\/wp\/v2\/types\/page"}],"author":[{"embeddable":true,"href":"https:\/\/us.edu.pl\/wydzial\/wpia\/wp-json\/wp\/v2\/users\/107"}],"replies":[{"embeddable":true,"href":"https:\/\/us.edu.pl\/wydzial\/wpia\/wp-json\/wp\/v2\/comments?post=2149"}],"version-history":[{"count":10,"href":"https:\/\/us.edu.pl\/wydzial\/wpia\/wp-json\/wp\/v2\/pages\/2149\/revisions"}],"predecessor-version":[{"id":183172,"href":"https:\/\/us.edu.pl\/wydzial\/wpia\/wp-json\/wp\/v2\/pages\/2149\/revisions\/183172"}],"up":[{"embeddable":true,"href":"https:\/\/us.edu.pl\/wydzial\/wpia\/wp-json\/wp\/v2\/pages\/286"}],"wp:attachment":[{"href":"https:\/\/us.edu.pl\/wydzial\/wpia\/wp-json\/wp\/v2\/media?parent=2149"}],"curies":[{"name":"wp","href":"https:\/\/api.w.org\/{rel}","templated":true}]}}