{"id":3573,"date":"2020-11-19T12:35:40","date_gmt":"2020-11-19T11:35:40","guid":{"rendered":"https:\/\/us.edu.pl\/wydzial\/wpia\/?page_id=3573"},"modified":"2026-01-29T07:54:20","modified_gmt":"2026-01-29T06:54:20","slug":"zarzadzenia-dziekana","status":"publish","type":"page","link":"https:\/\/us.edu.pl\/wydzial\/wpia\/wydzial\/akty-prawa-wewnetrznego\/zarzadzenia-dziekana\/","title":{"rendered":"Zarz\u0105dzenia Dziekana"},"content":{"rendered":"<p>[vc_row][vc_column]\r\n                <div class=\"text-modules\">\r\n                    <div class=\"container\">\r\n                        <h3 class=\"page-title text__title\">Zarz\u0105dzenia Dziekana<\/h3>\r\n                        <div class=\"text-modules__content\"><p><strong>Zapraszamy do zapoznania si\u0119 z Zarz\u0105dzeniami Dziekana WPiA U\u015a<\/strong><\/p>\n<\/div>\r\n                    <\/div>\r\n                <\/div>\r\n                <div class=\"tiles-section\" style=\"background: \">\r\n                    <div class=\"container\">\r\n                        <h3 class=\"page-title\"><\/h3>\r\n                        <div class=\"tiles tiles-3\">\r\n                            <a href=\"https:\/\/us.edu.pl\/wydzial\/wpia\/wydzial\/akty-prawa-wewnetrznego\/zarzadzenia-dziekana\/zarzadzenia-dziekana-2026\/\" class=\"tile tile_ justify-content-center\" style=\"background-color: #002E5A; font-weight: bold; color: #ffffff;  \">\r\n                                \r\n                                   \r\n                               \r\n                                <div class=\"tile__name\">2026<\/div>\r\n                            <\/a>\r\n                            <a href=\"https:\/\/us.edu.pl\/wydzial\/wpia\/wydzial\/akty-prawa-wewnetrznego\/zarzadzenia-dziekana\/zarzadzenia-dziekana-2025\/\" class=\"tile tile_ justify-content-center\" style=\"background-color: #002E5A; font-weight: bold; color: #ffffff;  \">\r\n                                \r\n                                   \r\n                               \r\n                                <div class=\"tile__name\">2025<\/div>\r\n                            <\/a>\r\n                            <a href=\"https:\/\/us.edu.pl\/wydzial\/wpia\/wydzial\/akty-prawa-wewnetrznego\/zarzadzenia-dziekana\/zarzadzenia-dziekana-2024\/\" class=\"tile tile_ justify-content-center\" style=\"background-color: #002E5A; font-weight: bold; color: #ffffff;  \">\r\n                                \r\n                                   \r\n                               \r\n                                <div class=\"tile__name\">2024<\/div>\r\n                            <\/a>\r\n                            <a href=\"https:\/\/us.edu.pl\/wydzial\/wpia\/wydzial\/akty-prawa-wewnetrznego\/zarzadzenia-dziekana\/zarzadzenia-dziekana-2023\/\" class=\"tile tile_ justify-content-center\" style=\"background-color: #002E5A; font-weight: bold; color: #ffffff;  \">\r\n                                \r\n                                   \r\n                               \r\n                                <div class=\"tile__name\">2023<\/div>\r\n                            <\/a>\r\n                            <a href=\"https:\/\/us.edu.pl\/wydzial\/wpia\/wydzial\/akty-prawa-wewnetrznego\/zarzadzenia-dziekana\/zarzadzenia-dziekana-2022\/\" class=\"tile tile_ justify-content-center\" style=\"background-color: #002E5A; font-weight: bold; color: #ffffff;  \">\r\n                                \r\n                                   \r\n                               \r\n                                <div class=\"tile__name\">2022<\/div>\r\n                            <\/a>\r\n                            <a href=\"https:\/\/us.edu.pl\/wydzial\/wpia\/wydzial\/akty-prawa-wewnetrznego\/zarzadzenia-dziekana\/zarzadzenia-dziekana-2021\/\" class=\"tile tile_ justify-content-center\" style=\"background-color: #002E5A; font-weight: bold; color: #ffffff;  \">\r\n                                \r\n                                   \r\n                               \r\n                                <div class=\"tile__name\">2021<\/div>\r\n                            <\/a>\r\n                            <a href=\"https:\/\/us.edu.pl\/wydzial\/wpia\/wydzial\/akty-prawa-wewnetrznego\/zarzadzenia-dziekana\/zarzadzenia-dziekana-2020\/\" class=\"tile tile_ justify-content-center\" style=\"background-color: #002E5A; font-weight: bold; color: #ffffff;  \">\r\n                                \r\n                                   \r\n                               \r\n                                <div class=\"tile__name\">2020<\/div>\r\n                            <\/a>\r\n                            <a href=\"https:\/\/us.edu.pl\/wydzial\/wpia\/wydzial\/akty-prawa-wewnetrznego\/zarzadzenia-dziekana\/wczesniejsze-zarzadzenia-dziekana\/\" class=\"tile tile_ justify-content-center\" style=\"background-color: #002E5A; font-weight: bold; color: #ffffff;  \">\r\n                                \r\n                                   \r\n                               \r\n                                <div class=\"tile__name\">Wcze\u015bniejsze Zarz\u0105dzenia Dziekana<\/div>\r\n                            <\/a><\/div>\r\n                    <\/div>\r\n                <\/div>[\/vc_column][\/vc_row]<\/p>","protected":false},"excerpt":{"rendered":"<p>[vc_row][vc_column][\/vc_column][\/vc_row] [&#8230;]<\/p>\n<p><a class=\"btn btn-secondary understrap-read-more-link\" href=\"https:\/\/us.edu.pl\/wydzial\/wpia\/wydzial\/akty-prawa-wewnetrznego\/zarzadzenia-dziekana\/\">Read More&#8230;<\/a><\/p>\n","protected":false},"author":107,"featured_media":0,"parent":3571,"menu_order":0,"comment_status":"closed","ping_status":"closed","template":"page-templates\/inner-page.php","meta":{"_expiration-date-status":"","_expiration-date":0,"_expiration-date-type":"","_expiration-date-categories":[],"_expiration-date-options":[]},"acf":[],"_links":{"self":[{"href":"https:\/\/us.edu.pl\/wydzial\/wpia\/wp-json\/wp\/v2\/pages\/3573"}],"collection":[{"href":"https:\/\/us.edu.pl\/wydzial\/wpia\/wp-json\/wp\/v2\/pages"}],"about":[{"href":"https:\/\/us.edu.pl\/wydzial\/wpia\/wp-json\/wp\/v2\/types\/page"}],"author":[{"embeddable":true,"href":"https:\/\/us.edu.pl\/wydzial\/wpia\/wp-json\/wp\/v2\/users\/107"}],"replies":[{"embeddable":true,"href":"https:\/\/us.edu.pl\/wydzial\/wpia\/wp-json\/wp\/v2\/comments?post=3573"}],"version-history":[{"count":11,"href":"https:\/\/us.edu.pl\/wydzial\/wpia\/wp-json\/wp\/v2\/pages\/3573\/revisions"}],"predecessor-version":[{"id":195918,"href":"https:\/\/us.edu.pl\/wydzial\/wpia\/wp-json\/wp\/v2\/pages\/3573\/revisions\/195918"}],"up":[{"embeddable":true,"href":"https:\/\/us.edu.pl\/wydzial\/wpia\/wp-json\/wp\/v2\/pages\/3571"}],"wp:attachment":[{"href":"https:\/\/us.edu.pl\/wydzial\/wpia\/wp-json\/wp\/v2\/media?parent=3573"}],"curies":[{"name":"wp","href":"https:\/\/api.w.org\/{rel}","templated":true}]}}

Zarządzenia Dziekana

<p>[vc_row][vc_column]
                <div class="text-modules">
                    <div class="container">
                        <h3 class="page-title text__title">Zarządzenia Dziekana</h3>
                        <div class="text-modules__content"><p><strong>Zapraszamy do zapoznania się z Zarządzeniami Dziekana WPiA UŚ</strong></p>
</div>
                    </div>
                </div>
                <div class="tiles-section" style="background: ">
                    <div class="container">
                        <h3 class="page-title"></h3>
                        <div class="tiles tiles-3">
                            <a href="https://us.edu.pl/wydzial/wpia/wydzial/akty-prawa-wewnetrznego/zarzadzenia-dziekana/zarzadzenia-dziekana-2026/" class="tile tile_ justify-content-center" style="background-color: #002E5A; font-weight: bold; color: #ffffff;  ">
                                
                                   
                               
                                <div class="tile__name">2026</div>
                            </a>
                            <a href="https://us.edu.pl/wydzial/wpia/wydzial/akty-prawa-wewnetrznego/zarzadzenia-dziekana/zarzadzenia-dziekana-2025/" class="tile tile_ justify-content-center" style="background-color: #002E5A; font-weight: bold; color: #ffffff;  ">
                                
                                   
                               
                                <div class="tile__name">2025</div>
                            </a>
                            <a href="https://us.edu.pl/wydzial/wpia/wydzial/akty-prawa-wewnetrznego/zarzadzenia-dziekana/zarzadzenia-dziekana-2024/" class="tile tile_ justify-content-center" style="background-color: #002E5A; font-weight: bold; color: #ffffff;  ">
                                
                                   
                               
                                <div class="tile__name">2024</div>
                            </a>
                            <a href="https://us.edu.pl/wydzial/wpia/wydzial/akty-prawa-wewnetrznego/zarzadzenia-dziekana/zarzadzenia-dziekana-2023/" class="tile tile_ justify-content-center" style="background-color: #002E5A; font-weight: bold; color: #ffffff;  ">
                                
                                   
                               
                                <div class="tile__name">2023</div>
                            </a>
                            <a href="https://us.edu.pl/wydzial/wpia/wydzial/akty-prawa-wewnetrznego/zarzadzenia-dziekana/zarzadzenia-dziekana-2022/" class="tile tile_ justify-content-center" style="background-color: #002E5A; font-weight: bold; color: #ffffff;  ">
                                
                                   
                               
                                <div class="tile__name">2022</div>
                            </a>
                            <a href="https://us.edu.pl/wydzial/wpia/wydzial/akty-prawa-wewnetrznego/zarzadzenia-dziekana/zarzadzenia-dziekana-2021/" class="tile tile_ justify-content-center" style="background-color: #002E5A; font-weight: bold; color: #ffffff;  ">
                                
                                   
                               
                                <div class="tile__name">2021</div>
                            </a>
                            <a href="https://us.edu.pl/wydzial/wpia/wydzial/akty-prawa-wewnetrznego/zarzadzenia-dziekana/zarzadzenia-dziekana-2020/" class="tile tile_ justify-content-center" style="background-color: #002E5A; font-weight: bold; color: #ffffff;  ">
                                
                                   
                               
                                <div class="tile__name">2020</div>
                            </a>
                            <a href="https://us.edu.pl/wydzial/wpia/wydzial/akty-prawa-wewnetrznego/zarzadzenia-dziekana/wczesniejsze-zarzadzenia-dziekana/" class="tile tile_ justify-content-center" style="background-color: #002E5A; font-weight: bold; color: #ffffff;  ">
                                
                                   
                               
                                <div class="tile__name">Wcześniejsze Zarządzenia Dziekana</div>
                            </a></div>
                    </div>
                </div>[/vc_column][/vc_row]</p>
