{"id":7905,"date":"2022-01-20T09:58:16","date_gmt":"2022-01-20T08:58:16","guid":{"rendered":"https:\/\/us.edu.pl\/wydzial\/wpia\/?page_id=7905"},"modified":"2022-01-25T11:36:16","modified_gmt":"2022-01-25T10:36:16","slug":"komunikaty","status":"publish","type":"page","link":"https:\/\/us.edu.pl\/wydzial\/wpia\/komunikaty-wszystko\/komunikaty\/","title":{"rendered":"Komunikaty"},"content":{"rendered":"<p>[vc_row][vc_column][\/vc_column][\/vc_row][vc_row][vc_column]  <div class=\"announcements-wrap\"> \r\n\t\t\t\t\t\t\t\t\t<div class=\"announcements announcements_1\" style=\"background-color:\">\r\n                                <div class=\"section-title\">Komunikaty<\/div>\r\n                                \r\n                                <style>.gkzuwb.angle-list > li::before{color:  !important}<\/style><div class=\"d-flex flex-wrap\"><ul class=\"angle-list gkzuwb\" ><li > <a href = \"https:\/\/us.edu.pl\/wydzial\/wpia\/komunikaty\/dr-hab-jaroslaw-zagrodnik-prof-us-ekspertem-podczas-spotkania-z-przedstawicielami-komisji-weneckiej-oraz-reprezentantem-krajowej-rady-radcow-prawnych-na-posiedzeniu-komisji-sprawiedliwosci-i-praw-c\/\" style=\"color:\"> Dr hab. Jaros\u0142aw Zagrodnik, prof. U\u015a ekspertem podczas spotkania z przedstawicielami Komisji Weneckiej oraz reprezentantem Krajowej Rady Radc\u00f3w Prawnych na posiedzeniu Komisji Sprawiedliwo\u015bci i Praw Cz\u0142owieka <\/a > <\/li > <li > <a href = \"https:\/\/us.edu.pl\/wydzial\/wpia\/komunikaty\/dr-blazej-madrzycki-reprezentantem-ministra-wlasciwego-do-spraw-szkolnictwa-wyzszego-i-nauki-w-radzie-naukowej-instytutu-medycyny-pracy-im-prof-dra-jerzego-nofera\/\" style=\"color:\"> Dr B\u0142a\u017cej M\u0105drzycki reprezentantem ministra w\u0142a\u015bciwego do spraw szkolnictwa wy\u017cszego i nauki w Radzie Naukowej Instytutu Medycyny Pracy im. prof. dra Jerzego Nofera <\/a > <\/li > <li > <a href = \"https:\/\/us.edu.pl\/wydzial\/wpia\/komunikaty\/dr-hab-monika-jagielska-prof-us-czlonkinia-komisji-kodyfikacyjnej-prawa-cywilnego\/\" style=\"color:\"> Dr hab. Monika Jagielska, prof. U\u015a cz\u0142onkini\u0105 zespo\u0142u problemowego Komisji Kodyfikacyjnej Prawa Cywilnego <\/a > <\/li > <li > <a href = \"https:\/\/us.edu.pl\/wydzial\/wpia\/komunikaty\/nagroda-naukowa-grupy-polskiej-stowarzyszenia-prawa-miedzynarodowego-ila-grupa-polska\/\" style=\"color:\"> Nagroda Naukowa Grupy Polskiej Stowarzyszenia Prawa Mi\u0119dzynarodowego (ILA Grupa Polska) <\/a > <\/li > <li > <a href = \"https:\/\/us.edu.pl\/wydzial\/wpia\/komunikaty\/linki-i-kody-do-zajec-prowadzonych-w-formie-zdalnej\/\" style=\"color:\"> Linki i kody do zaj\u0119\u0107 prowadzonych w formie zdalnej <\/a > <\/li > <li > <a href = \"https:\/\/us.edu.pl\/wydzial\/wpia\/komunikaty\/podania-wnioski-w-indywidualnych-sprawach-studenckich\/\" style=\"color:\"> Podania\/wnioski w indywidualnych sprawach studenckich <\/a > <\/li > <li > <a href = \"https:\/\/us.edu.pl\/wydzial\/wpia\/komunikaty\/przeniesienia-do-grup\/\" style=\"color:\"> Przeniesienia do grup <\/a > <\/li > <\/ul><\/div><a href = \"https:\/\/us.edu.pl\/wydzial\/wpia\/komunikaty\/\" class=\"link-button\">Wszystko<\/a>\r\n\t\t\t\t\t\t\t\t\t<\/div>\r\n\t\t\t\t\t\t\t\t<\/div>[\/vc_column][\/vc_row]<\/p>","protected":false},"excerpt":{"rendered":"<p>[vc_row][vc_column][\/vc_column][\/vc_row][vc_row][vc_column][\/vc_column][\/vc_row] [&#8230;]<\/p>\n<p><a class=\"btn btn-secondary understrap-read-more-link\" href=\"https:\/\/us.edu.pl\/wydzial\/wpia\/komunikaty-wszystko\/komunikaty\/\">Read More&#8230;<\/a><\/p>\n","protected":false},"author":3414,"featured_media":0,"parent":3410,"menu_order":0,"comment_status":"closed","ping_status":"closed","template":"page-templates\/inner-page.php","meta":{"_expiration-date-status":"saved","_expiration-date":0,"_expiration-date-type":"","_expiration-date-categories":[],"_expiration-date-options":[]},"acf":[],"_links":{"self":[{"href":"https:\/\/us.edu.pl\/wydzial\/wpia\/wp-json\/wp\/v2\/pages\/7905"}],"collection":[{"href":"https:\/\/us.edu.pl\/wydzial\/wpia\/wp-json\/wp\/v2\/pages"}],"about":[{"href":"https:\/\/us.edu.pl\/wydzial\/wpia\/wp-json\/wp\/v2\/types\/page"}],"author":[{"embeddable":true,"href":"https:\/\/us.edu.pl\/wydzial\/wpia\/wp-json\/wp\/v2\/users\/3414"}],"replies":[{"embeddable":true,"href":"https:\/\/us.edu.pl\/wydzial\/wpia\/wp-json\/wp\/v2\/comments?post=7905"}],"version-history":[{"count":8,"href":"https:\/\/us.edu.pl\/wydzial\/wpia\/wp-json\/wp\/v2\/pages\/7905\/revisions"}],"predecessor-version":[{"id":8232,"href":"https:\/\/us.edu.pl\/wydzial\/wpia\/wp-json\/wp\/v2\/pages\/7905\/revisions\/8232"}],"up":[{"embeddable":true,"href":"https:\/\/us.edu.pl\/wydzial\/wpia\/wp-json\/wp\/v2\/pages\/3410"}],"wp:attachment":[{"href":"https:\/\/us.edu.pl\/wydzial\/wpia\/wp-json\/wp\/v2\/media?parent=7905"}],"curies":[{"name":"wp","href":"https:\/\/api.w.org\/{rel}","templated":true}]}}