{"id":8074,"date":"2022-01-24T11:34:36","date_gmt":"2022-01-24T10:34:36","guid":{"rendered":"https:\/\/us.edu.pl\/wydzial\/wpia\/?page_id=8074"},"modified":"2024-09-23T16:12:12","modified_gmt":"2024-09-23T14:12:12","slug":"kontakt","status":"publish","type":"page","link":"https:\/\/us.edu.pl\/wydzial\/wpia\/wspolpraca\/wspolpraca-miedzynarodowa\/szkoly-praw-obcych\/szkola-prawa-hiszpanskiego-i-prawa-krajow-ameryki-lacinskiej\/kontakt\/","title":{"rendered":"Kontakt"},"content":{"rendered":"<p>[vc_row][vc_column][vc_single_image image=&#8221;8126&#8243; img_size=&#8221;full&#8221; alignment=&#8221;center&#8221; style=&#8221;vc_box_shadow_3d&#8221; onclick=&#8221;custom_link&#8221; link=&#8221;https:\/\/us.edu.pl\/wydzial\/wpia\/wspolpraca\/wspolpraca-miedzynarodowa\/studenci\/szkoly-praw-obcych\/szkola-prawa-hiszpanskiego-i-prawa-krajow-ameryki-lacinskiej\/&#8221;][\/vc_column][\/vc_row][vc_row][vc_column width=&#8221;1\/4&#8243;]\r\n                <div class=\"text-modules\">\r\n                    <div class=\"container\">\r\n                        \r\n                        <div class=\"text-modules__content\"><p><strong><span style=\"font-size: 14pt;\">dr Mauro Arturo Rivera<\/span><\/strong><\/p>\n<\/div>\r\n                    <\/div>\r\n                <\/div>[\/vc_column][vc_column width=&#8221;3\/4&#8243;]\r\n                <div class=\"text-modules\">\r\n                    <div class=\"container\">\r\n                        \r\n                        <div class=\"text-modules__content\"><p>Dyrektor Szko\u0142y Prawa Hiszpa\u0144skiego i Praw Kraj\u00f3w Ameryki \u0141aci\u0144skiej<\/p>\n<p><a href=\"mailto:mauro_arturo.rivera-leon@us.edu.pl\">mauro_arturo.rivera-leon@us.edu.pl<\/a><\/p>\n<\/div>\r\n                    <\/div>\r\n                <\/div>[\/vc_column][\/vc_row][vc_row][vc_column]<div class=\"container\"><div class=\"separator\" style=\"background-color: #002E5A\"><\/div><\/div>[\/vc_column][\/vc_row][vc_row][vc_column width=&#8221;1\/4&#8243;]\r\n                <div class=\"text-modules\">\r\n                    <div class=\"container\">\r\n                        \r\n                        <div class=\"text-modules__content\"><p><strong><span style=\"font-size: 14pt;\">dr Paulina Konca<\/span><\/strong><\/p>\n<\/div>\r\n                    <\/div>\r\n                <\/div>[\/vc_column][vc_column width=&#8221;3\/4&#8243;]\r\n                <div class=\"text-modules\">\r\n                    <div class=\"container\">\r\n                        \r\n                        <div class=\"text-modules__content\"><p>Zast\u0119pczyni Dyrektora Szko\u0142y Prawa Hiszpa\u0144skiego i Praw Kraj\u00f3w Ameryki \u0141aci\u0144skiej<\/p>\n<p><a href=\"mailto:paulinakonca@gmail.com\">paulinakonca@gmail.com<\/a><\/p>\n<\/div>\r\n                    <\/div>\r\n                <\/div>[\/vc_column][\/vc_row][vc_row][vc_column]<div class=\"container\"><div class=\"separator\" style=\"background-color: #002E5A\"><\/div><\/div>[\/vc_column][\/vc_row][vc_row][vc_column]<div class=\"container\"><div class=\"separator\" style=\"background-color: #002E5A\"><\/div><\/div>[\/vc_column][\/vc_row][vc_row][vc_column width=&#8221;1\/4&#8243;]\r\n                <div class=\"text-modules\">\r\n                    <div class=\"container\">\r\n                        \r\n                        <div class=\"text-modules__content\"><p><strong><span style=\"font-size: 14pt;\">\u00a0<\/span><\/strong><\/p>\n<p><strong><span style=\"font-size: 14pt;\">\u00a0<\/span><\/strong><\/p>\n<\/div>\r\n                    <\/div>\r\n                <\/div>[\/vc_column][vc_column width=&#8221;3\/4&#8243;]\r\n                <div class=\"text-modules\">\r\n                    <div class=\"container\">\r\n                        \r\n                        <div class=\"text-modules__content\"><p>Zapraszamy do \u015bledzenia <a href=\"https:\/\/www.facebook.com\/Szko%C5%82a-Prawa-Hiszpa%C5%84skiego-i-Prawa-Kraj%C3%B3w-Ameryki-%C5%81aci%C5%84skiej-U%C5%9A-106942455225474\/\">Fanpejd\u017ca Szko\u0142y<\/a>!<\/p>\n<p>&nbsp;<\/p>\n<p>\n<\/div>\r\n                    <\/div>\r\n                <\/div>[\/vc_column][\/vc_row][vc_row][vc_column]<div class=\"container\"><div class=\"separator\" style=\"background-color: #002E5A\"><\/div><\/div>[\/vc_column][\/vc_row]<\/p>","protected":false},"excerpt":{"rendered":"<p>[vc_row][vc_column][vc_single_image image=&#8221;8126&#8243; img_size=&#8221;full&#8221; alignment=&#8221;center&#8221; style=&#8221;vc_box_shadow_3d&#8221; onclick=&#8221;custom_link&#8221; link=&#8221;https:\/\/us.edu.pl\/wydzial\/wpia\/wspolpraca\/wspolpraca-miedzynarodowa\/studenci\/szkoly-praw-obcych\/szkola-prawa-hiszpanskiego-i-prawa-krajow-ameryki-lacinskiej\/&#8221;][\/vc_column][\/vc_row][vc_row][vc_column width=&#8221;1\/4&#8243;][\/vc_column][vc_column width=&#8221;3\/4&#8243;][\/vc_column][\/vc_row][vc_row][vc_column][\/vc_column][\/vc_row][vc_row][vc_column width=&#8221;1\/4&#8243;][\/vc_column][vc_column width=&#8221;3\/4&#8243;][\/vc_column][\/vc_row][vc_row][vc_column][\/vc_column][\/vc_row][vc_row][vc_column][\/vc_column][\/vc_row][vc_row][vc_column width=&#8221;1\/4&#8243;][\/vc_column][vc_column width=&#8221;3\/4&#8243;][\/vc_column][\/vc_row][vc_row][vc_column][\/vc_column][\/vc_row] [&#8230;]<\/p>\n<p><a class=\"btn btn-secondary understrap-read-more-link\" href=\"https:\/\/us.edu.pl\/wydzial\/wpia\/wspolpraca\/wspolpraca-miedzynarodowa\/szkoly-praw-obcych\/szkola-prawa-hiszpanskiego-i-prawa-krajow-ameryki-lacinskiej\/kontakt\/\">Read More&#8230;<\/a><\/p>\n","protected":false},"author":3414,"featured_media":0,"parent":8023,"menu_order":4,"comment_status":"closed","ping_status":"closed","template":"page-templates\/inner-page.php","meta":{"_expiration-date-status":"","_expiration-date":0,"_expiration-date-type":"","_expiration-date-categories":[],"_expiration-date-options":[]},"acf":[],"_links":{"self":[{"href":"https:\/\/us.edu.pl\/wydzial\/wpia\/wp-json\/wp\/v2\/pages\/8074"}],"collection":[{"href":"https:\/\/us.edu.pl\/wydzial\/wpia\/wp-json\/wp\/v2\/pages"}],"about":[{"href":"https:\/\/us.edu.pl\/wydzial\/wpia\/wp-json\/wp\/v2\/types\/page"}],"author":[{"embeddable":true,"href":"https:\/\/us.edu.pl\/wydzial\/wpia\/wp-json\/wp\/v2\/users\/3414"}],"replies":[{"embeddable":true,"href":"https:\/\/us.edu.pl\/wydzial\/wpia\/wp-json\/wp\/v2\/comments?post=8074"}],"version-history":[{"count":8,"href":"https:\/\/us.edu.pl\/wydzial\/wpia\/wp-json\/wp\/v2\/pages\/8074\/revisions"}],"predecessor-version":[{"id":173658,"href":"https:\/\/us.edu.pl\/wydzial\/wpia\/wp-json\/wp\/v2\/pages\/8074\/revisions\/173658"}],"up":[{"embeddable":true,"href":"https:\/\/us.edu.pl\/wydzial\/wpia\/wp-json\/wp\/v2\/pages\/8023"}],"wp:attachment":[{"href":"https:\/\/us.edu.pl\/wydzial\/wpia\/wp-json\/wp\/v2\/media?parent=8074"}],"curies":[{"name":"wp","href":"https:\/\/api.w.org\/{rel}","templated":true}]}}

<p>[vc_row][vc_column][vc_single_image image=&#8221;8126&#8243; img_size=&#8221;full&#8221; alignment=&#8221;center&#8221; style=&#8221;vc_box_shadow_3d&#8221; onclick=&#8221;custom_link&#8221; link=&#8221;https://us.edu.pl/wydzial/wpia/wspolpraca/wspolpraca-miedzynarodowa/studenci/szkoly-praw-obcych/szkola-prawa-hiszpanskiego-i-prawa-krajow-ameryki-lacinskiej/&#8221;][/vc_column][/vc_row][vc_row][vc_column width=&#8221;1/4&#8243;]
                <div class="text-modules">
                    <div class="container">
                        
                        <div class="text-modules__content"><p><strong><span style="font-size: 14pt;">dr Mauro Arturo Rivera</span></strong></p>
</div>
                    </div>
                </div>[/vc_column][vc_column width=&#8221;3/4&#8243;]
                <div class="text-modules">
                    <div class="container">
                        
                        <div class="text-modules__content"><p>Dyrektor Szkoły Prawa Hiszpańskiego i Praw Krajów Ameryki Łacińskiej</p>
<p><a href="mailto:mauro_arturo.rivera-leon@us.edu.pl">mauro_arturo.rivera-leon@us.edu.pl</a></p>
</div>
                    </div>
                </div>[/vc_column][/vc_row][vc_row][vc_column]<div class="container"><div class="separator" style="background-color: #002E5A"></div></div>[/vc_column][/vc_row][vc_row][vc_column width=&#8221;1/4&#8243;]
                <div class="text-modules">
                    <div class="container">
                        
                        <div class="text-modules__content"><p><strong><span style="font-size: 14pt;">dr Paulina Konca</span></strong></p>
</div>
                    </div>
                </div>[/vc_column][vc_column width=&#8221;3/4&#8243;]
                <div class="text-modules">
                    <div class="container">
                        
                        <div class="text-modules__content"><p>Zastępczyni Dyrektora Szkoły Prawa Hiszpańskiego i Praw Krajów Ameryki Łacińskiej</p>
<p><a href="mailto:paulinakonca@gmail.com">paulinakonca@gmail.com</a></p>
</div>
                    </div>
                </div>[/vc_column][/vc_row][vc_row][vc_column]<div class="container"><div class="separator" style="background-color: #002E5A"></div></div>[/vc_column][/vc_row][vc_row][vc_column]<div class="container"><div class="separator" style="background-color: #002E5A"></div></div>[/vc_column][/vc_row][vc_row][vc_column width=&#8221;1/4&#8243;]
                <div class="text-modules">
                    <div class="container">
                        
                        <div class="text-modules__content"><p><strong><span style="font-size: 14pt;"> </span></strong></p>
<p><strong><span style="font-size: 14pt;"> </span></strong></p>
</div>
                    </div>
                </div>[/vc_column][vc_column width=&#8221;3/4&#8243;]
                <div class="text-modules">
                    <div class="container">
                        
                        <div class="text-modules__content"><p>Zapraszamy do śledzenia <a href="https://www.facebook.com/Szko%C5%82a-Prawa-Hiszpa%C5%84skiego-i-Prawa-Kraj%C3%B3w-Ameryki-%C5%81aci%C5%84skiej-U%C5%9A-106942455225474/">Fanpejdża Szkoły</a>!</p>
<p>&nbsp;</p>
<p>
</div>
                    </div>
                </div>[/vc_column][/vc_row][vc_row][vc_column]<div class="container"><div class="separator" style="background-color: #002E5A"></div></div>[/vc_column][/vc_row]</p>
