{"id":1227,"date":"2019-12-20T11:32:07","date_gmt":"2019-12-20T10:32:07","guid":{"rendered":"https:\/\/us.edu.pl\/wydzial\/wsne\/?page_id=1227"},"modified":"2025-11-17T11:00:41","modified_gmt":"2025-11-17T10:00:41","slug":"seria-e-learning","status":"publish","type":"page","link":"https:\/\/us.edu.pl\/wydzial\/wsne\/nauka-i-badania\/serie-wydawnicze\/seria-e-learning\/","title":{"rendered":"Seria \u201eE-learning\u201d"},"content":{"rendered":"<p><\/p>\n<ul>\n<li>\n<h4><span style=\"font-size: 14pt;\"><strong><a href=\"https:\/\/us.edu.pl\/wydzial\/wsne\/nauka-i-badania\/serie-wydawnicze\/seria-e-learning\/\">Publications E-learning Series<\/a><\/strong><\/span><\/h4>\n<\/li>\n<li>\n<h4><span style=\"font-size: 14pt;\"><strong><a href=\"https:\/\/us.edu.pl\/wydzial\/wsne\/scientific-programme-committee\/\">Scientific Programme Committee<\/a><\/strong><\/span><\/h4>\n<\/li>\n<li>\n<h4><span style=\"font-size: 14pt;\"><strong><a href=\"https:\/\/us.edu.pl\/wydzial\/wsne\/editorial-board\/\">Editorial Board<\/a><\/strong><\/span><\/h4>\n<\/li>\n<li>\n<h4><span style=\"font-size: 14pt;\"><strong><a href=\"https:\/\/us.edu.pl\/wydzial\/wsne\/ethics-policy-and-norm\/\">Ethics Policy and Norm<\/a><\/strong><\/span><\/h4>\n<\/li>\n<li>\n<h4><span style=\"font-size: 14pt;\"><strong><a href=\"https:\/\/us.edu.pl\/wydzial\/wsne\/for-authors\/\">For Authors<\/a><\/strong><\/span><\/h4>\n<\/li>\n<li><span style=\"font-size: 14pt;\"><a href=\"https:\/\/us.edu.pl\/wydzial\/wsne\/reviewing-procedure\/\"><strong>Reviewing Procedure<\/strong><\/a><\/span><\/li>\n<li>\n<h4><span style=\"font-size: 14pt;\"><strong><a href=\"https:\/\/us.edu.pl\/wydzial\/wsne\/publishing-house\/\">Publishing house<\/a><\/strong><\/span><\/h4>\n<\/li>\n<\/ul>\n<p>&nbsp;<\/p>\n<p><strong>E-learning Series<\/strong><\/p>\n<p><strong>ISSN\u00a0 2451-3644 (print edition) ISSN 2451-3652 (digital edition)<\/strong><\/p>\n<p><strong>E-learning Series is Indexed in :<\/strong><\/p>\n<p><strong>&#8211; Web of Science Core Collection, 9th vol. 2017, 10th vol. 2018, 11th vol. 2019, 12th vol. 2020 and 13th vol. 2021.<b><img class=\"alignnone wp-image-5031\" src=\"https:\/\/us.edu.pl\/wydzial\/wsne\/wp-content\/uploads\/sites\/20\/Nieprzypisane\/WebofScience-1-300x225.png\" alt=\"Logo WebofScience\" width=\"120\" height=\"90\" srcset=\"https:\/\/us.edu.pl\/wydzial\/wsne\/wp-content\/uploads\/sites\/20\/Nieprzypisane\/WebofScience-1-300x225.png 300w, https:\/\/us.edu.pl\/wydzial\/wsne\/wp-content\/uploads\/sites\/20\/Nieprzypisane\/WebofScience-1-575x431.png 575w, https:\/\/us.edu.pl\/wydzial\/wsne\/wp-content\/uploads\/sites\/20\/Nieprzypisane\/WebofScience-1.png 640w\" sizes=\"(max-width: 120px) 100vw, 120px\" \/><\/b><\/strong><\/p>\n<p><strong>&#8211;\u00a0<a href=\"http:\/\/www.journalfactor.org\/\">Journal Factor\u00a0<\/a>\u00a0<a href=\"http:\/\/www.journalfactor.org\/\" target=\"PJOnWTR4JSVyL1pGkbW5Vw3\" rel=\"noopener noreferrer\">http:\/\/www.journalfactor.org\/<\/a><\/strong><\/p>\n<p><strong>&#8211;\u00a0<a href=\"https:\/\/www.researchbib.com\/\">Academic Research Index<\/a><\/strong>\u00a0<a href=\"https:\/\/www.researchbib.com\/\" target=\"h2ScV-1yZE6CWKJrXmUnKQ1\" rel=\"noopener noreferrer\">https:\/\/www.researchbib.com\/<\/a><\/p>\n<p>&#8211;\u00a0<a href=\"http:\/\/weinoe.us.edu.pl\/nauka\/serie-wydawnicze\/seria-e-learning\/seria-e-learning\">JIFACTOR.ORG<\/a><\/p>\n<p>&#8211;\u00a0<a href=\"http:\/\/weinoe.us.edu.pl\/nauka\/serie-wydawnicze\/seria-e-learning\/seria-e-learning\" target=\"_blank\" rel=\"noopener noreferrer\">ceon.pl<\/a><\/p>\n<p><strong>&#8211;\u00a0<a href=\"https:\/\/pbn.nauka.gov.pl\/\">Polska Bibliografia Naukowa<\/a>\u00a0<a href=\"https:\/\/pbn.nauka.gov.pl\/\">https:\/\/pbn.nauka.gov.pl<\/a><\/strong><\/p>\n<p><strong>&#8211;\u00a0<\/strong><strong>Google Scholar<\/strong><\/p>\n<p>&#8211; <strong>datacite.org<\/strong><\/p>\n<p>&nbsp;<\/p>\n<p>Elektroniczne wersje monografii dost\u0119pne tak\u017ce w \u015al\u0105skiej Bibliotece Cyfrowej (<a href=\"http:\/\/www.sbc.org.pl\/\" target=\"RyThImRUVkybgymplhdG6g1\" rel=\"noopener noreferrer\">http:\/\/www.sbc.org.pl<\/a>)<br \/>\nElectronical versions of the monographs available in the Silesian Digital Library (<a href=\"http:\/\/www.sbc.org.pl\/\" target=\"RyThImRUVkybgymplhdG6g1\" rel=\"noopener noreferrer\">http:\/\/www.sbc.org.pl<\/a>)<\/p>\n<p>Tomy E-learning Series s\u0105 dodane do bazy Polskiej Bibliografii Naukowej <a href=\"https:\/\/pbn.nauka.gov.pl\/\" target=\"-M46-Z8LWVMqF9y3aUfIVA8\" rel=\"noopener noreferrer\">https:\/\/pbn.nauka.gov.pl<\/a><br \/>\nVolumes and manusctripts of the series of E-learning are added to the Polish Scientific Bibliography database\u00a0<a href=\"https:\/\/pbn.nauka.gov.pl\/\" target=\"-M46-Z8LWVMqF9y3aUfIVA8\" rel=\"noopener noreferrer\">https:\/\/pbn.nauka.gov.pl<\/a><\/p>\n<p>&nbsp;<\/p>\n<p><strong>Dotychczas w serii ukaza\u0142y si\u0119 nast\u0119puj\u0105ce publikacje:<\/strong><\/p>\n<p>So far in the series appeared in the following publications:<\/p>","protected":false},"excerpt":{"rendered":"<p>Publications E-learning Series Scientific Programme Committee Editorial Board Ethics Policy and Norm For Authors Reviewing Procedure Publishing house &nbsp; E-learning Series ISSN\u00a0 2451-3644 (print edition) ISSN 2451-3652 (digital edition) E-learning Series is Indexed in : &#8211; Web of Science Core Collection, 9th vol. 2017, 10th vol. 2018, 11th vol. 2019, 12th vol. 2020 and 13th [&#8230;]<\/p>\n<p><a class=\"btn btn-secondary understrap-read-more-link\" href=\"https:\/\/us.edu.pl\/wydzial\/wsne\/nauka-i-badania\/serie-wydawnicze\/seria-e-learning\/\">Read More&#8230;<\/a><\/p>\n","protected":false},"author":110,"featured_media":0,"parent":780,"menu_order":0,"comment_status":"closed","ping_status":"closed","template":"page-templates\/page-with-sidebar-and-bookmarks.php","meta":{"_expiration-date-status":"","_expiration-date":0,"_expiration-date-type":"","_expiration-date-categories":[],"_expiration-date-options":[]},"acf":[],"_links":{"self":[{"href":"https:\/\/us.edu.pl\/wydzial\/wsne\/wp-json\/wp\/v2\/pages\/1227"}],"collection":[{"href":"https:\/\/us.edu.pl\/wydzial\/wsne\/wp-json\/wp\/v2\/pages"}],"about":[{"href":"https:\/\/us.edu.pl\/wydzial\/wsne\/wp-json\/wp\/v2\/types\/page"}],"author":[{"embeddable":true,"href":"https:\/\/us.edu.pl\/wydzial\/wsne\/wp-json\/wp\/v2\/users\/110"}],"replies":[{"embeddable":true,"href":"https:\/\/us.edu.pl\/wydzial\/wsne\/wp-json\/wp\/v2\/comments?post=1227"}],"version-history":[{"count":10,"href":"https:\/\/us.edu.pl\/wydzial\/wsne\/wp-json\/wp\/v2\/pages\/1227\/revisions"}],"predecessor-version":[{"id":172480,"href":"https:\/\/us.edu.pl\/wydzial\/wsne\/wp-json\/wp\/v2\/pages\/1227\/revisions\/172480"}],"up":[{"embeddable":true,"href":"https:\/\/us.edu.pl\/wydzial\/wsne\/wp-json\/wp\/v2\/pages\/780"}],"wp:attachment":[{"href":"https:\/\/us.edu.pl\/wydzial\/wsne\/wp-json\/wp\/v2\/media?parent=1227"}],"curies":[{"name":"wp","href":"https:\/\/api.w.org\/{rel}","templated":true}]}}