{"id":1259,"date":"2019-12-23T12:11:52","date_gmt":"2019-12-23T11:11:52","guid":{"rendered":"https:\/\/us.edu.pl\/wydzial\/wsne\/?page_id=1259"},"modified":"2019-12-23T12:11:52","modified_gmt":"2019-12-23T11:11:52","slug":"kolo-4ma","status":"publish","type":"page","link":"https:\/\/us.edu.pl\/wydzial\/wsne\/ksztalcenie\/student-wydzialu\/organizacje-studenckie\/kolo-4ma\/","title":{"rendered":"Ko\u0142o 4ma"},"content":{"rendered":"<p>Ko\u0142o 4ma<\/p>\n<p>&nbsp;<\/p>\n<p><a href=\"https:\/\/www.facebook.com\/Ko%C5%82o-Ceramik%C3%B3w-4MA-Instytut-Sztuki-Cieszyn-265801550992205\/\">https:\/\/www.facebook.com\/Ko%C5%82o-Ceramik%C3%B3w-4MA-Instytut-Sztuki-Cieszyn-265801550992205\/<\/a><\/p>\n<p>&nbsp;<\/p>\n<p>Siedziba: pracownia ceramiki ISP<\/p>\n<p>Opiekun: dr hab. Ma\u0142gorzata Ska\u0142uba-Krentowicz, prof. U\u015a<\/p>","protected":false},"excerpt":{"rendered":"<p>Ko\u0142o 4ma &nbsp; https:\/\/www.facebook.com\/Ko%C5%82o-Ceramik%C3%B3w-4MA-Instytut-Sztuki-Cieszyn-265801550992205\/ &nbsp; Siedziba: pracownia ceramiki ISP Opiekun: dr hab. Ma\u0142gorzata Ska\u0142uba-Krentowicz, prof. U\u015a [&#8230;]<\/p>\n<p><a class=\"btn btn-secondary understrap-read-more-link\" href=\"https:\/\/us.edu.pl\/wydzial\/wsne\/ksztalcenie\/student-wydzialu\/organizacje-studenckie\/kolo-4ma\/\">Read More&#8230;<\/a><\/p>\n","protected":false},"author":110,"featured_media":0,"parent":259,"menu_order":0,"comment_status":"closed","ping_status":"closed","template":"page-templates\/inner-page-with-bookmarks.php","meta":{"_expiration-date-status":"saved","_expiration-date":0,"_expiration-date-type":"","_expiration-date-categories":[],"_expiration-date-options":[]},"acf":[],"_links":{"self":[{"href":"https:\/\/us.edu.pl\/wydzial\/wsne\/wp-json\/wp\/v2\/pages\/1259"}],"collection":[{"href":"https:\/\/us.edu.pl\/wydzial\/wsne\/wp-json\/wp\/v2\/pages"}],"about":[{"href":"https:\/\/us.edu.pl\/wydzial\/wsne\/wp-json\/wp\/v2\/types\/page"}],"author":[{"embeddable":true,"href":"https:\/\/us.edu.pl\/wydzial\/wsne\/wp-json\/wp\/v2\/users\/110"}],"replies":[{"embeddable":true,"href":"https:\/\/us.edu.pl\/wydzial\/wsne\/wp-json\/wp\/v2\/comments?post=1259"}],"version-history":[{"count":1,"href":"https:\/\/us.edu.pl\/wydzial\/wsne\/wp-json\/wp\/v2\/pages\/1259\/revisions"}],"predecessor-version":[{"id":1260,"href":"https:\/\/us.edu.pl\/wydzial\/wsne\/wp-json\/wp\/v2\/pages\/1259\/revisions\/1260"}],"up":[{"embeddable":true,"href":"https:\/\/us.edu.pl\/wydzial\/wsne\/wp-json\/wp\/v2\/pages\/259"}],"wp:attachment":[{"href":"https:\/\/us.edu.pl\/wydzial\/wsne\/wp-json\/wp\/v2\/media?parent=1259"}],"curies":[{"name":"wp","href":"https:\/\/api.w.org\/{rel}","templated":true}]}}