{"id":156225,"date":"2022-06-14T13:15:27","date_gmt":"2022-06-14T11:15:27","guid":{"rendered":"https:\/\/us.edu.pl\/wydzial\/wsne\/?page_id=156225"},"modified":"2026-03-05T10:48:23","modified_gmt":"2026-03-05T09:48:23","slug":"strona-kierunku-edukacja-kulturalna","status":"publish","type":"page","link":"https:\/\/us.edu.pl\/wydzial\/wsne\/strona-kierunku-edukacja-kulturalna\/","title":{"rendered":"strona kierunku: Edukacja kulturalna"},"content":{"rendered":"<p>[vc_row][vc_column][vc_empty_space]\r\n                <div class=\"text-modules\">\r\n                    <div class=\"container\">\r\n                        \r\n                        <div class=\"text-modules__content\"><\/p>\n<h2><strong>Edukacja kulturalna<\/strong><\/h2>\n<h2><span style=\"font-size: 14pt;\"><strong>studia stacjonarne II stopnia<\/strong><\/span><\/h2>\n<h2><span style=\"font-size: 14pt;\"><strong>na Wydziale U\u015a w Cieszynie<\/strong><\/span><\/h2>\n<p>\n<\/div>\r\n                    <\/div>\r\n                <\/div>\r\n                <div class=\"text-modules\">\r\n                    <div class=\"container\">\r\n                        \r\n                        <div class=\"text-modules__content\"><p>Kierunek<strong> edukacja kulturalna <\/strong>powsta\u0142, by kszta\u0142ci\u0107<strong> lider\u00f3w nowej generacji \u2013 profesjonalist\u00f3w, kt\u00f3rzy potrafi\u0105 zarz\u0105dza\u0107 kreatywno\u015bci\u0105, budowa\u0107 spo\u0142eczno\u015bci i mediowa\u0107 sensy tam, gdzie inni widz\u0105 tylko bariery.\u00a0 <\/strong>Po dyplomie stajesz si\u0119 specjalist\u0105, kt\u00f3ry sprawnie \u0142\u0105czy<strong> \u015bwiat sztuki, psychologi\u0119 grupy, pedagogik\u0119 tw\u00f3rczo\u015bci i zarz\u0105dzanie kreatywne. <\/strong><\/p>\n<\/div>\r\n                    <\/div>\r\n                <\/div>[\/vc_column][\/vc_row][vc_row disable_element=&#8221;yes&#8221; css=&#8221;.vc_custom_1698311679725{padding-right: 20px !important;padding-left: 20px !important;background-color: #f2f2f2 !important;}&#8221;][vc_column css=&#8221;.vc_custom_1652684540318{padding-right: 0px !important;padding-left: 0px !important;}&#8221;]\r\n                <div class=\"text-modules\">\r\n                    <div class=\"container\">\r\n                        \r\n                        <div class=\"text-modules__content\"><\/p>\n<h3><strong>Zapisz si\u0119 na studia<\/strong><\/h3>\n<p><span style=\"font-size: 9pt; color: #000080;\"><strong>\u201eRekrutacja rozpoczyna si\u0119 1-go czerwca\u201d<\/strong><\/span><\/p>\n<\/div>\r\n                    <\/div>\r\n                <\/div>[vc_btn title=&#8221;przejd\u017a do internetowej rejestracji dla kandydat\u00f3w&#8221; style=&#8221;outline-custom&#8221; outline_custom_color=&#8221;#002e5a&#8221; outline_custom_hover_background=&#8221;#002e5a&#8221; outline_custom_hover_text=&#8221;#ffffff&#8221; shape=&#8221;square&#8221; size=&#8221;lg&#8221; el_class=&#8221;link&#8221; link=&#8221;url:https%3A%2F%2Firk2.us.edu.pl%2Fpl%2F&#8221;][\/vc_column][\/vc_row][vc_row css=&#8221;.vc_custom_1698311701877{background-color: #f2f2f2 !important;}&#8221;][vc_column]\r\n                <div class='sidebar_moduls sidebar_one_header' style='color:#002E5A;background-color: #EBEBEB'>\r\n                    <a href='https:\/\/us.edu.pl\/kandydat\/wp-content\/uploads\/sites\/13\/Kandydat\/Kryteria-2026-2027\/zal_do_195_2026_2_Wydzial_Sztuki_i_Nauk_o_Edukacji.pdf' class=\"mtli_attachment mtli_pdf\" class='link'>Oferta kierunk\u00f3w studi\u00f3w oraz kryteria przyj\u0119\u0107 na rok akademicki 2026\/2027<\/a>\r\n                <\/div>[\/vc_column][\/vc_row]<\/p>","protected":false},"excerpt":{"rendered":"<p>[vc_row][vc_column][vc_empty_space][\/vc_column][\/vc_row][vc_row disable_element=&#8221;yes&#8221; css=&#8221;.vc_custom_1698311679725{padding-right: 20px !important;padding-left: 20px !important;background-color: #f2f2f2 !important;}&#8221;][vc_column css=&#8221;.vc_custom_1652684540318{padding-right: 0px !important;padding-left: 0px !important;}&#8221;][vc_btn title=&#8221;przejd\u017a do internetowej rejestracji dla kandydat\u00f3w&#8221; style=&#8221;outline-custom&#8221; outline_custom_color=&#8221;#002e5a&#8221; outline_custom_hover_background=&#8221;#002e5a&#8221; outline_custom_hover_text=&#8221;#ffffff&#8221; shape=&#8221;square&#8221; size=&#8221;lg&#8221; el_class=&#8221;link&#8221; link=&#8221;url:https%3A%2F%2Firk2.us.edu.pl%2Fpl%2F&#8221;][\/vc_column][\/vc_row][vc_row css=&#8221;.vc_custom_1698311701877{background-color: #f2f2f2 !important;}&#8221;][vc_column][\/vc_column][\/vc_row] [&#8230;]<\/p>\n<p><a class=\"btn btn-secondary understrap-read-more-link\" href=\"https:\/\/us.edu.pl\/wydzial\/wsne\/strona-kierunku-edukacja-kulturalna\/\">Read More&#8230;<\/a><\/p>\n","protected":false},"author":110,"featured_media":0,"parent":0,"menu_order":0,"comment_status":"closed","ping_status":"closed","template":"page-templates\/page-with-sidebar-and-bookmarks.php","meta":{"_expiration-date-status":"","_expiration-date":0,"_expiration-date-type":"","_expiration-date-categories":[],"_expiration-date-options":[]},"acf":[],"_links":{"self":[{"href":"https:\/\/us.edu.pl\/wydzial\/wsne\/wp-json\/wp\/v2\/pages\/156225"}],"collection":[{"href":"https:\/\/us.edu.pl\/wydzial\/wsne\/wp-json\/wp\/v2\/pages"}],"about":[{"href":"https:\/\/us.edu.pl\/wydzial\/wsne\/wp-json\/wp\/v2\/types\/page"}],"author":[{"embeddable":true,"href":"https:\/\/us.edu.pl\/wydzial\/wsne\/wp-json\/wp\/v2\/users\/110"}],"replies":[{"embeddable":true,"href":"https:\/\/us.edu.pl\/wydzial\/wsne\/wp-json\/wp\/v2\/comments?post=156225"}],"version-history":[{"count":10,"href":"https:\/\/us.edu.pl\/wydzial\/wsne\/wp-json\/wp\/v2\/pages\/156225\/revisions"}],"predecessor-version":[{"id":173917,"href":"https:\/\/us.edu.pl\/wydzial\/wsne\/wp-json\/wp\/v2\/pages\/156225\/revisions\/173917"}],"wp:attachment":[{"href":"https:\/\/us.edu.pl\/wydzial\/wsne\/wp-json\/wp\/v2\/media?parent=156225"}],"curies":[{"name":"wp","href":"https:\/\/api.w.org\/{rel}","templated":true}]}}

<p>[vc_row][vc_column][vc_empty_space]
                <div class="text-modules">
                    <div class="container">
                        
                        <div class="text-modules__content"></p>
<h2><strong>Edukacja kulturalna</strong></h2>
<h2><span style="font-size: 14pt;"><strong>studia stacjonarne II stopnia</strong></span></h2>
<h2><span style="font-size: 14pt;"><strong>na Wydziale UŚ w Cieszynie</strong></span></h2>
<p>
</div>
                    </div>
                </div>
                <div class="text-modules">
                    <div class="container">
                        
                        <div class="text-modules__content"><p>Kierunek<strong> edukacja kulturalna </strong>powstał, by kształcić<strong> liderów nowej generacji – profesjonalistów, którzy potrafią zarządzać kreatywnością, budować społeczności i mediować sensy tam, gdzie inni widzą tylko bariery.  </strong>Po dyplomie stajesz się specjalistą, który sprawnie łączy<strong> świat sztuki, psychologię grupy, pedagogikę twórczości i zarządzanie kreatywne. </strong></p>
</div>
                    </div>
                </div>[/vc_column][/vc_row][vc_row disable_element=&#8221;yes&#8221; css=&#8221;.vc_custom_1698311679725{padding-right: 20px !important;padding-left: 20px !important;background-color: #f2f2f2 !important;}&#8221;][vc_column css=&#8221;.vc_custom_1652684540318{padding-right: 0px !important;padding-left: 0px !important;}&#8221;]
                <div class="text-modules">
                    <div class="container">
                        
                        <div class="text-modules__content"></p>
<h3><strong>Zapisz się na studia</strong></h3>
<p><span style="font-size: 9pt; color: #000080;"><strong>„Rekrutacja rozpoczyna się 1-go czerwca”</strong></span></p>
</div>
                    </div>
                </div>[vc_btn title=&#8221;przejdź do internetowej rejestracji dla kandydatów&#8221; style=&#8221;outline-custom&#8221; outline_custom_color=&#8221;#002e5a&#8221; outline_custom_hover_background=&#8221;#002e5a&#8221; outline_custom_hover_text=&#8221;#ffffff&#8221; shape=&#8221;square&#8221; size=&#8221;lg&#8221; el_class=&#8221;link&#8221; link=&#8221;url:https%3A%2F%2Firk2.us.edu.pl%2Fpl%2F&#8221;][/vc_column][/vc_row][vc_row css=&#8221;.vc_custom_1698311701877{background-color: #f2f2f2 !important;}&#8221;][vc_column]
                <div class='sidebar_moduls sidebar_one_header' style='color:#002E5A;background-color: #EBEBEB'>
                    <a href='https://us.edu.pl/kandydat/wp-content/uploads/sites/13/Kandydat/Kryteria-2026-2027/zal_do_195_2026_2_Wydzial_Sztuki_i_Nauk_o_Edukacji.pdf' class="mtli_attachment mtli_pdf" class='link'>Oferta kierunków studiów oraz kryteria przyjęć na rok akademicki 2026/2027</a>
                </div>[/vc_column][/vc_row]</p>

<p>[vc_row][vc_column][vc_empty_space][/vc_column][/vc_row][vc_row disable_element=&#8221;yes&#8221; css=&#8221;.vc_custom_1698311679725{padding-right: 20px !important;padding-left: 20px !important;background-color: #f2f2f2 !important;}&#8221;][vc_column css=&#8221;.vc_custom_1652684540318{padding-right: 0px !important;padding-left: 0px !important;}&#8221;][vc_btn title=&#8221;przejdź do internetowej rejestracji dla kandydatów&#8221; style=&#8221;outline-custom&#8221; outline_custom_color=&#8221;#002e5a&#8221; outline_custom_hover_background=&#8221;#002e5a&#8221; outline_custom_hover_text=&#8221;#ffffff&#8221; shape=&#8221;square&#8221; size=&#8221;lg&#8221; el_class=&#8221;link&#8221; link=&#8221;url:https%3A%2F%2Firk2.us.edu.pl%2Fpl%2F&#8221;][/vc_column][/vc_row][vc_row css=&#8221;.vc_custom_1698311701877{background-color: #f2f2f2 !important;}&#8221;][vc_column][/vc_column][/vc_row] [&#8230;]</p>
<p><a class="btn btn-secondary understrap-read-more-link" href="https://us.edu.pl/wydzial/wsne/strona-kierunku-edukacja-kulturalna/">Read More&#8230;</a></p>
