{"id":156399,"date":"2022-06-14T13:28:58","date_gmt":"2022-06-14T11:28:58","guid":{"rendered":"https:\/\/us.edu.pl\/wydzial\/wsne\/?page_id=156399"},"modified":"2026-03-03T10:40:55","modified_gmt":"2026-03-03T09:40:55","slug":"strona-kierunku-eiak","status":"publish","type":"page","link":"https:\/\/us.edu.pl\/wydzial\/wsne\/strona-kierunku-eiak\/","title":{"rendered":"strona kierunku: Etnologia i antropologia kulturowa"},"content":{"rendered":"<p>[vc_row][vc_column][vc_empty_space]\r\n                <div class=\"text-modules\">\r\n                    <div class=\"container\">\r\n                        \r\n                        <div class=\"text-modules__content\"><\/p>\n<h2><strong>Etnologia i antropologia kulturowa <\/strong><\/h2>\n<h2><strong><span style=\"font-size: 14pt;\">studia stacjonarne I i II stopnia<\/span><\/strong><\/h2>\n<h2><strong><span style=\"font-size: 14pt;\">na Wydziale U\u015a w Cieszynie<\/span><\/strong><\/h2>\n<p>\n<\/div>\r\n                    <\/div>\r\n                <\/div>\r\n                <div class=\"text-modules\">\r\n                    <div class=\"container\">\r\n                        \r\n                        <div class=\"text-modules__content\"><p><strong>Etnologia i antropologia kulturowa<\/strong> to nauka zajmuj\u0105ca si\u0119 badaniem cz\u0142owieka w kontek\u015bcie jego kultury i ukazuj\u0105ca r\u00f3\u017cnorodno\u015b\u0107 ludzk\u0105 w skali lokalnej i globalnej.<\/p>\n<p>Osoby studiuj\u0105ce szukaj\u0105 odpowiedzi na pytanie:\u00a0<strong>ile jest sposob\u00f3w bycia cz\u0142owiekiem<\/strong>, a czyni\u0105 to w odniesieniu do przemian spo\u0142ecznych oraz uk\u0142ad\u00f3w w\u0142adzy, a zw\u0142aszcza proces\u00f3w rozwoju miast, migracji, globalnego znaczenia medi\u00f3w. Kluczowe obszary zainteresowa\u0144 to: j\u0119zyk jako dzia\u0142anie spo\u0142eczne, p\u0142e\u0107 kulturowa, to\u017csamo\u015b\u0107 etniczna i narodowa, religia, dziedzictwo kulturowe, nowe media. Dzi\u0119ki temu\u00a0<strong>etnologia przyczynia si\u0119 do zrozumienia kwestii, takich jak nier\u00f3wno\u015bci spo\u0142eczne, polityka to\u017csamo\u015bci, ekologia<\/strong>. Studenci i studentki poznaj\u0105 funkcjonowanie nie tylko spo\u0142ecze\u0144stw tradycyjnych czy pozaeuropejskich, ale mechanizmy wszystkich kultur. \u0141\u0105czenie historycznej perspektywy oraz zorientowania na wsp\u00f3\u0142czesno\u015b\u0107 sprawia, \u017ce etnolodzy i antropolodzy kulturowi staj\u0105 si\u0119 \u201et\u0142umaczami kultury\u201d.<\/p>\n<p>Etnologia i antropologia kulturowa to kierunek, kt\u00f3ry otworzy przed Tob\u0105 ocean mo\u017cliwo\u015bci. Zainspiruje Ci\u0119 do poszukiwania odpowiedzi na liczne pytania oraz poszerzania swojej wiedzy i umiej\u0119tno\u015bci przydatnych do \u017cycia i pracy we wsp\u00f3\u0142czesnym \u015bwiecie.<\/p>\n<p>Studia odbywaj\u0105 si\u0119\u00a0<strong>stacjonarnie<\/strong>\u00a0na kampusie uniwersyteckim w Cieszynie.<\/p>\n<\/div>\r\n                    <\/div>\r\n                <\/div>[\/vc_column][\/vc_row][vc_row disable_element=&#8221;yes&#8221; css=&#8221;.vc_custom_1698311184037{padding-right: 20px !important;padding-left: 20px !important;background-color: #f2f2f2 !important;}&#8221;][vc_column css=&#8221;.vc_custom_1652684540318{padding-right: 0px !important;padding-left: 0px !important;}&#8221;]\r\n                <div class=\"text-modules\">\r\n                    <div class=\"container\">\r\n                        \r\n                        <div class=\"text-modules__content\"><\/p>\n<h3><strong>Zapisz si\u0119 na studia<\/strong><\/h3>\n<p><span style=\"font-size: 9pt; color: #000080;\"><strong>\u201eRekrutacja rozpoczyna si\u0119 1-go czerwca\u201d<\/strong><\/span><\/p>\n<\/div>\r\n                    <\/div>\r\n                <\/div>[vc_btn title=&#8221;przejd\u017a do internetowej rejestracji dla kandydat\u00f3w-I stopnia stacjonarne&#8221; style=&#8221;outline-custom&#8221; outline_custom_color=&#8221;#002e5a&#8221; outline_custom_hover_background=&#8221;#002e5a&#8221; outline_custom_hover_text=&#8221;#ffffff&#8221; shape=&#8221;square&#8221; size=&#8221;lg&#8221; el_class=&#8221;link&#8221; link=&#8221;url:https%3A%2F%2Firk2.us.edu.pl%2Fpl%2F&#8221;][vc_btn title=&#8221;przejd\u017a do internetowej rejestracji dla kandydat\u00f3w-II stopnia stacjonarne&#8221; style=&#8221;outline-custom&#8221; outline_custom_color=&#8221;#002e5a&#8221; outline_custom_hover_background=&#8221;#002e5a&#8221; outline_custom_hover_text=&#8221;#ffffff&#8221; shape=&#8221;square&#8221; size=&#8221;lg&#8221; el_class=&#8221;link&#8221; link=&#8221;url:https%3A%2F%2Firk2.us.edu.pl%2Fpl%2F&#8221;][\/vc_column][\/vc_row][vc_row css=&#8221;.vc_custom_1698311174385{background-color: #f2f2f2 !important;}&#8221;][vc_column]\r\n                <div class='sidebar_moduls sidebar_one_header' style='color:#002E5A;background-color: #EBEBEB'>\r\n                    <a href='https:\/\/us.edu.pl\/kandydat\/wp-content\/uploads\/sites\/13\/Kandydat\/Kryteria-2026-2027\/zal_do_195_2026_2_Wydzial_Sztuki_i_Nauk_o_Edukacji.pdf#page=2' class=\"mtli_attachment mtli_pdf\" class='link'>Oferta kierunk\u00f3w studi\u00f3w oraz kryteria przyj\u0119\u0107 na rok akademicki 2026\/2027<\/a>\r\n                <\/div>[\/vc_column][\/vc_row]<\/p>","protected":false},"excerpt":{"rendered":"<p>[vc_row][vc_column][vc_empty_space][\/vc_column][\/vc_row][vc_row disable_element=&#8221;yes&#8221; css=&#8221;.vc_custom_1698311184037{padding-right: 20px !important;padding-left: 20px !important;background-color: #f2f2f2 !important;}&#8221;][vc_column css=&#8221;.vc_custom_1652684540318{padding-right: 0px !important;padding-left: 0px !important;}&#8221;][vc_btn title=&#8221;przejd\u017a do internetowej rejestracji dla kandydat\u00f3w-I stopnia stacjonarne&#8221; style=&#8221;outline-custom&#8221; outline_custom_color=&#8221;#002e5a&#8221; outline_custom_hover_background=&#8221;#002e5a&#8221; outline_custom_hover_text=&#8221;#ffffff&#8221; shape=&#8221;square&#8221; size=&#8221;lg&#8221; el_class=&#8221;link&#8221; link=&#8221;url:https%3A%2F%2Firk2.us.edu.pl%2Fpl%2F&#8221;][vc_btn title=&#8221;przejd\u017a do internetowej rejestracji dla kandydat\u00f3w-II stopnia stacjonarne&#8221; style=&#8221;outline-custom&#8221; outline_custom_color=&#8221;#002e5a&#8221; outline_custom_hover_background=&#8221;#002e5a&#8221; outline_custom_hover_text=&#8221;#ffffff&#8221; shape=&#8221;square&#8221; size=&#8221;lg&#8221; el_class=&#8221;link&#8221; link=&#8221;url:https%3A%2F%2Firk2.us.edu.pl%2Fpl%2F&#8221;][\/vc_column][\/vc_row][vc_row css=&#8221;.vc_custom_1698311174385{background-color: #f2f2f2 !important;}&#8221;][vc_column][\/vc_column][\/vc_row] [&#8230;]<\/p>\n<p><a class=\"btn btn-secondary understrap-read-more-link\" href=\"https:\/\/us.edu.pl\/wydzial\/wsne\/strona-kierunku-eiak\/\">Read More&#8230;<\/a><\/p>\n","protected":false},"author":110,"featured_media":0,"parent":0,"menu_order":0,"comment_status":"closed","ping_status":"closed","template":"page-templates\/page-with-sidebar-and-bookmarks.php","meta":{"_expiration-date-status":"","_expiration-date":0,"_expiration-date-type":"","_expiration-date-categories":[],"_expiration-date-options":[]},"acf":[],"_links":{"self":[{"href":"https:\/\/us.edu.pl\/wydzial\/wsne\/wp-json\/wp\/v2\/pages\/156399"}],"collection":[{"href":"https:\/\/us.edu.pl\/wydzial\/wsne\/wp-json\/wp\/v2\/pages"}],"about":[{"href":"https:\/\/us.edu.pl\/wydzial\/wsne\/wp-json\/wp\/v2\/types\/page"}],"author":[{"embeddable":true,"href":"https:\/\/us.edu.pl\/wydzial\/wsne\/wp-json\/wp\/v2\/users\/110"}],"replies":[{"embeddable":true,"href":"https:\/\/us.edu.pl\/wydzial\/wsne\/wp-json\/wp\/v2\/comments?post=156399"}],"version-history":[{"count":10,"href":"https:\/\/us.edu.pl\/wydzial\/wsne\/wp-json\/wp\/v2\/pages\/156399\/revisions"}],"predecessor-version":[{"id":173811,"href":"https:\/\/us.edu.pl\/wydzial\/wsne\/wp-json\/wp\/v2\/pages\/156399\/revisions\/173811"}],"wp:attachment":[{"href":"https:\/\/us.edu.pl\/wydzial\/wsne\/wp-json\/wp\/v2\/media?parent=156399"}],"curies":[{"name":"wp","href":"https:\/\/api.w.org\/{rel}","templated":true}]}}