{"id":156418,"date":"2022-06-14T13:40:28","date_gmt":"2022-06-14T11:40:28","guid":{"rendered":"https:\/\/us.edu.pl\/wydzial\/wsne\/?page_id=156418"},"modified":"2026-07-15T10:46:47","modified_gmt":"2026-07-15T08:46:47","slug":"strona-kierunku-ppiw","status":"publish","type":"page","link":"https:\/\/us.edu.pl\/wydzial\/wsne\/strona-kierunku-ppiw\/","title":{"rendered":"strona kierunku: PPiW"},"content":{"rendered":"<p>[vc_row][vc_column][vc_empty_space]\r\n                <div class=\"text-modules\">\r\n                    <div class=\"container\">\r\n                        \r\n                        <div class=\"text-modules__content\"><\/p>\n<h2><strong>Pedagogika przedszkolna i wczesnoszkolna<\/strong><\/h2>\n<p><strong><span style=\"font-size: 14pt;\">studia stacjonarne i niestacjonarne, jednolite magisterskie<\/span><\/strong><\/p>\n<p><strong><span style=\"font-size: 14pt;\">na Wydziale U\u015a w Cieszynie<\/span><\/strong><\/p>\n<\/div>\r\n                    <\/div>\r\n                <\/div>\r\n                <div class=\"text-modules\">\r\n                    <div class=\"container\">\r\n                        \r\n                        <div class=\"text-modules__content\"><p>Studia s\u0105 kierowane do os\u00f3b zainteresowanych prac\u0105:<\/p>\n<ul>\n<li>w charakterze nauczyciela przedszkola lub klas I-III w szko\u0142ach podstawowych, szko\u0142ach sanatoryjnych i prewentoryjnych w systemie szkolnictwa publicznego i niepublicznego,<\/li>\n<li>w firmach specjalizuj\u0105cych si\u0119 w opiece, wychowaniu i edukacji dzieci<\/li>\n<li>we wszelkich przedsi\u0119wzi\u0119ciach zwi\u0105zanych z edukacj\u0105 i wychowaniem na poziomie przedszkolnym i wczesnoszkolnym.<\/li>\n<\/ul>\n<p>Program kszta\u0142cenia na kierunku <strong>pedagogika przedszkolna i wczesnoszkolna <\/strong>spe\u0142nia wymagania umo\u017cliwiaj\u0105ce absolwentom uzyska\u0107 przygotowanie do wykonywania zawodu nauczyciela w przedszkolu i w klasach I-III szko\u0142y podstawowej.\u00a0<strong>Tego typ uprawnie\u0144 nie mo\u017cna uzyska\u0107 na innych kierunkach studi\u00f3w, ani w ramach studi\u00f3w podyplomowych.<\/strong><\/p>\n<p><strong>Na rynku pracy s\u0105 poszukiwani i jest du\u017co ofert zatrudnienia dla nauczycieli w przedszkolach i klasach I-III szk\u00f3\u0142 podstawowych. <\/strong><\/p>\n<\/div>\r\n                    <\/div>\r\n                <\/div>[\/vc_column][\/vc_row][vc_row disable_element=&#8221;yes&#8221; css=&#8221;.vc_custom_1698310622141{padding-right: 20px !important;padding-left: 20px !important;background-color: #f2f2f2 !important;}&#8221;][vc_column css=&#8221;.vc_custom_1652684540318{padding-right: 0px !important;padding-left: 0px !important;}&#8221;]\r\n                <div class=\"text-modules\">\r\n                    <div class=\"container\">\r\n                        \r\n                        <div class=\"text-modules__content\"><\/p>\n<h3><strong>Zapisz si\u0119 na studia<\/strong><\/h3>\n<p><span style=\"font-size: 9pt; color: #000080;\"><strong>\u201eRekrutacja rozpoczyna si\u0119 1-go czerwca\u201d<\/strong><\/span><\/p>\n<\/div>\r\n                    <\/div>\r\n                <\/div>[vc_btn title=&#8221;przejd\u017a do internetowej rejestracji dla kandydat\u00f3w-jednolite magisterskie stacjonarne&#8221; style=&#8221;outline-custom&#8221; outline_custom_color=&#8221;#002e5a&#8221; outline_custom_hover_background=&#8221;#002e5a&#8221; outline_custom_hover_text=&#8221;#ffffff&#8221; shape=&#8221;square&#8221; size=&#8221;lg&#8221; el_class=&#8221;link&#8221; link=&#8221;url:https%3A%2F%2Firk2.us.edu.pl%2Fpl%2F&#8221;][vc_btn title=&#8221;przejd\u017a do internetowej rejestracji dla kandydat\u00f3w-jednolite magisterskie niestacjonarne&#8221; style=&#8221;outline-custom&#8221; outline_custom_color=&#8221;#002e5a&#8221; outline_custom_hover_background=&#8221;#002e5a&#8221; outline_custom_hover_text=&#8221;#ffffff&#8221; shape=&#8221;square&#8221; size=&#8221;lg&#8221; el_class=&#8221;link&#8221; link=&#8221;url:https%3A%2F%2Firk2.us.edu.pl%2Fpl%2F&#8221;][\/vc_column][\/vc_row][vc_row][vc_column][vc_raw_html]JTNDZGl2JTIwY2xhc3MlM0QlMjJzaWRlYmFyX21vZHVscyUyMHNpZGViYXJfb25lX2hlYWRlciUyMiUyMHN0eWxlJTNEJTIyY29sb3IlM0ElMjMwMDJFNUElM0JiYWNrZ3JvdW5kLWNvbG9yJTNBJTIwJTIzRUJFQkVCJTIyJTNFJTIwJTIwJTIwJTIwJTIwJTIwJTIwJTIwJTIwJTIwJTIwJTIwJTIwJTIwJTIwJTIwJTIwJTIwJTIwJTBBJTNDYSUyMGhyZWYlM0QlMjJodHRwcyUzQSUyRiUyRnVzLmVkdS5wbCUyRmthbmR5ZGF0JTJGd3AtY29udGVudCUyRnVwbG9hZHMlMkZzaXRlcyUyRjEzJTJGS2FuZHlkYXQlMkZLcnl0ZXJpYS0yMDI2LTIwMjclMkZ6YWxfZG9fMTk1XzIwMjZfMl9XeWR6aWFsX1N6dHVraV9pX05hdWtfb19FZHVrYWNqaS5wZGYlMjNwYWdlJTNEMTMlMjIlMjBjbGFzcyUzRCUyMm10bGlfYXR0YWNobWVudCUyMG10bGlfcGRmJTIyJTNFS3J5dGVyaWElMjByZWtydXRhY2ppJTIwbmElMjByb2slMjBha2FkZW1pY2tpJTIwMjAyNiUyRjIwMjclM0MlMkZhJTNFJTBBJTNDYnIlM0UlMEElM0NhJTIwaHJlZiUzRCUyMmh0dHBzJTNBJTJGJTJGdXMuZWR1LnBsJTJGd3lkemlhbCUyRndzbmUlMkZ3cC1jb250ZW50JTJGdXBsb2FkcyUyRnNpdGVzJTJGMjAlMkZCZXota2F0ZWdvcmlpJTJGemFsX2RvXzI2MV8yMDI2XzZfV3lkemlhbF9TenR1a2lfaV9OYXVrX29fRWR1a2FjamkucGRmJTIzcGFnZSUzRDEzJTIyJTIwY2xhc3MlM0QlMjJtdGxpX2F0dGFjaG1lbnQlMjBtdGxpX3BkZiUyMiUzRUtyeXRlcmlhJTIwcmVrcnV0YWNqaSUyMG5hJTIwcm9rJTIwYWthZGVtaWNraSUyMDIwMjclMkYyMDI4JTNDJTJGYSUzRSUwQSUzQyUyRmRpdiUzRQ==[\/vc_raw_html][\/vc_column][\/vc_row]<\/p>","protected":false},"excerpt":{"rendered":"<p>[vc_row][vc_column][vc_empty_space][\/vc_column][\/vc_row][vc_row disable_element=&#8221;yes&#8221; css=&#8221;.vc_custom_1698310622141{padding-right: 20px !important;padding-left: 20px !important;background-color: #f2f2f2 !important;}&#8221;][vc_column css=&#8221;.vc_custom_1652684540318{padding-right: 0px !important;padding-left: 0px !important;}&#8221;][vc_btn title=&#8221;przejd\u017a do internetowej rejestracji dla kandydat\u00f3w-jednolite magisterskie stacjonarne&#8221; style=&#8221;outline-custom&#8221; outline_custom_color=&#8221;#002e5a&#8221; outline_custom_hover_background=&#8221;#002e5a&#8221; outline_custom_hover_text=&#8221;#ffffff&#8221; shape=&#8221;square&#8221; size=&#8221;lg&#8221; el_class=&#8221;link&#8221; link=&#8221;url:https%3A%2F%2Firk2.us.edu.pl%2Fpl%2F&#8221;][vc_btn title=&#8221;przejd\u017a do internetowej rejestracji dla kandydat\u00f3w-jednolite magisterskie niestacjonarne&#8221; style=&#8221;outline-custom&#8221; outline_custom_color=&#8221;#002e5a&#8221; outline_custom_hover_background=&#8221;#002e5a&#8221; outline_custom_hover_text=&#8221;#ffffff&#8221; shape=&#8221;square&#8221; size=&#8221;lg&#8221; el_class=&#8221;link&#8221; link=&#8221;url:https%3A%2F%2Firk2.us.edu.pl%2Fpl%2F&#8221;][\/vc_column][\/vc_row][vc_row][vc_column][vc_raw_html]JTNDZGl2JTIwY2xhc3MlM0QlMjJzaWRlYmFyX21vZHVscyUyMHNpZGViYXJfb25lX2hlYWRlciUyMiUyMHN0eWxlJTNEJTIyY29sb3IlM0ElMjMwMDJFNUElM0JiYWNrZ3JvdW5kLWNvbG9yJTNBJTIwJTIzRUJFQkVCJTIyJTNFJTIwJTIwJTIwJTIwJTIwJTIwJTIwJTIwJTIwJTIwJTIwJTIwJTIwJTIwJTIwJTIwJTIwJTIwJTIwJTBBJTNDYSUyMGhyZWYlM0QlMjJodHRwcyUzQSUyRiUyRnVzLmVkdS5wbCUyRmthbmR5ZGF0JTJGd3AtY29udGVudCUyRnVwbG9hZHMlMkZzaXRlcyUyRjEzJTJGS2FuZHlkYXQlMkZLcnl0ZXJpYS0yMDI2LTIwMjclMkZ6YWxfZG9fMTk1XzIwMjZfMl9XeWR6aWFsX1N6dHVraV9pX05hdWtfb19FZHVrYWNqaS5wZGYlMjNwYWdlJTNEMTMlMjIlMjBjbGFzcyUzRCUyMm10bGlfYXR0YWNobWVudCUyMG10bGlfcGRmJTIyJTNFS3J5dGVyaWElMjByZWtydXRhY2ppJTIwbmElMjByb2slMjBha2FkZW1pY2tpJTIwMjAyNiUyRjIwMjclM0MlMkZhJTNFJTBBJTNDYnIlM0UlMEElM0NhJTIwaHJlZiUzRCUyMmh0dHBzJTNBJTJGJTJGdXMuZWR1LnBsJTJGd3lkemlhbCUyRndzbmUlMkZ3cC1jb250ZW50JTJGdXBsb2FkcyUyRnNpdGVzJTJGMjAlMkZCZXota2F0ZWdvcmlpJTJGemFsX2RvXzI2MV8yMDI2XzZfV3lkemlhbF9TenR1a2lfaV9OYXVrX29fRWR1a2FjamkucGRmJTIzcGFnZSUzRDEzJTIyJTIwY2xhc3MlM0QlMjJtdGxpX2F0dGFjaG1lbnQlMjBtdGxpX3BkZiUyMiUzRUtyeXRlcmlhJTIwcmVrcnV0YWNqaSUyMG5hJTIwcm9rJTIwYWthZGVtaWNraSUyMDIwMjclMkYyMDI4JTNDJTJGYSUzRSUwQSUzQyUyRmRpdiUzRQ==[\/vc_raw_html][\/vc_column][\/vc_row] [&#8230;]<\/p>\n<p><a class=\"btn btn-secondary understrap-read-more-link\" href=\"https:\/\/us.edu.pl\/wydzial\/wsne\/strona-kierunku-ppiw\/\">Read More&#8230;<\/a><\/p>\n","protected":false},"author":110,"featured_media":0,"parent":0,"menu_order":0,"comment_status":"closed","ping_status":"closed","template":"page-templates\/page-with-sidebar-and-bookmarks.php","meta":{"_expiration-date-status":"","_expiration-date":0,"_expiration-date-type":"","_expiration-date-categories":[],"_expiration-date-options":[]},"acf":[],"_links":{"self":[{"href":"https:\/\/us.edu.pl\/wydzial\/wsne\/wp-json\/wp\/v2\/pages\/156418"}],"collection":[{"href":"https:\/\/us.edu.pl\/wydzial\/wsne\/wp-json\/wp\/v2\/pages"}],"about":[{"href":"https:\/\/us.edu.pl\/wydzial\/wsne\/wp-json\/wp\/v2\/types\/page"}],"author":[{"embeddable":true,"href":"https:\/\/us.edu.pl\/wydzial\/wsne\/wp-json\/wp\/v2\/users\/110"}],"replies":[{"embeddable":true,"href":"https:\/\/us.edu.pl\/wydzial\/wsne\/wp-json\/wp\/v2\/comments?post=156418"}],"version-history":[{"count":10,"href":"https:\/\/us.edu.pl\/wydzial\/wsne\/wp-json\/wp\/v2\/pages\/156418\/revisions"}],"predecessor-version":[{"id":175476,"href":"https:\/\/us.edu.pl\/wydzial\/wsne\/wp-json\/wp\/v2\/pages\/156418\/revisions\/175476"}],"wp:attachment":[{"href":"https:\/\/us.edu.pl\/wydzial\/wsne\/wp-json\/wp\/v2\/media?parent=156418"}],"curies":[{"name":"wp","href":"https:\/\/api.w.org\/{rel}","templated":true}]}}

<p>[vc_row][vc_column][vc_empty_space]
                <div class="text-modules">
                    <div class="container">
                        
                        <div class="text-modules__content"></p>
<h2><strong>Pedagogika przedszkolna i wczesnoszkolna</strong></h2>
<p><strong><span style="font-size: 14pt;">studia stacjonarne i niestacjonarne, jednolite magisterskie</span></strong></p>
<p><strong><span style="font-size: 14pt;">na Wydziale UŚ w Cieszynie</span></strong></p>
</div>
                    </div>
                </div>
                <div class="text-modules">
                    <div class="container">
                        
                        <div class="text-modules__content"><p>Studia są kierowane do osób zainteresowanych pracą:</p>
<ul>
<li>w charakterze nauczyciela przedszkola lub klas I-III w szkołach podstawowych, szkołach sanatoryjnych i prewentoryjnych w systemie szkolnictwa publicznego i niepublicznego,</li>
<li>w firmach specjalizujących się w opiece, wychowaniu i edukacji dzieci</li>
<li>we wszelkich przedsięwzięciach związanych z edukacją i wychowaniem na poziomie przedszkolnym i wczesnoszkolnym.</li>
</ul>
<p>Program kształcenia na kierunku <strong>pedagogika przedszkolna i wczesnoszkolna </strong>spełnia wymagania umożliwiające absolwentom uzyskać przygotowanie do wykonywania zawodu nauczyciela w przedszkolu i w klasach I-III szkoły podstawowej. <strong>Tego typ uprawnień nie można uzyskać na innych kierunkach studiów, ani w ramach studiów podyplomowych.</strong></p>
<p><strong>Na rynku pracy są poszukiwani i jest dużo ofert zatrudnienia dla nauczycieli w przedszkolach i klasach I-III szkół podstawowych. </strong></p>
</div>
                    </div>
                </div>[/vc_column][/vc_row][vc_row disable_element=&#8221;yes&#8221; css=&#8221;.vc_custom_1698310622141{padding-right: 20px !important;padding-left: 20px !important;background-color: #f2f2f2 !important;}&#8221;][vc_column css=&#8221;.vc_custom_1652684540318{padding-right: 0px !important;padding-left: 0px !important;}&#8221;]
                <div class="text-modules">
                    <div class="container">
                        
                        <div class="text-modules__content"></p>
<h3><strong>Zapisz się na studia</strong></h3>
<p><span style="font-size: 9pt; color: #000080;"><strong>„Rekrutacja rozpoczyna się 1-go czerwca”</strong></span></p>
</div>
                    </div>
                </div>[vc_btn title=&#8221;przejdź do internetowej rejestracji dla kandydatów-jednolite magisterskie stacjonarne&#8221; style=&#8221;outline-custom&#8221; outline_custom_color=&#8221;#002e5a&#8221; outline_custom_hover_background=&#8221;#002e5a&#8221; outline_custom_hover_text=&#8221;#ffffff&#8221; shape=&#8221;square&#8221; size=&#8221;lg&#8221; el_class=&#8221;link&#8221; link=&#8221;url:https%3A%2F%2Firk2.us.edu.pl%2Fpl%2F&#8221;][vc_btn title=&#8221;przejdź do internetowej rejestracji dla kandydatów-jednolite magisterskie niestacjonarne&#8221; style=&#8221;outline-custom&#8221; outline_custom_color=&#8221;#002e5a&#8221; outline_custom_hover_background=&#8221;#002e5a&#8221; outline_custom_hover_text=&#8221;#ffffff&#8221; shape=&#8221;square&#8221; size=&#8221;lg&#8221; el_class=&#8221;link&#8221; link=&#8221;url:https%3A%2F%2Firk2.us.edu.pl%2Fpl%2F&#8221;][/vc_column][/vc_row][vc_row][vc_column][vc_raw_html]JTNDZGl2JTIwY2xhc3MlM0QlMjJzaWRlYmFyX21vZHVscyUyMHNpZGViYXJfb25lX2hlYWRlciUyMiUyMHN0eWxlJTNEJTIyY29sb3IlM0ElMjMwMDJFNUElM0JiYWNrZ3JvdW5kLWNvbG9yJTNBJTIwJTIzRUJFQkVCJTIyJTNFJTIwJTIwJTIwJTIwJTIwJTIwJTIwJTIwJTIwJTIwJTIwJTIwJTIwJTIwJTIwJTIwJTIwJTIwJTIwJTBBJTNDYSUyMGhyZWYlM0QlMjJodHRwcyUzQSUyRiUyRnVzLmVkdS5wbCUyRmthbmR5ZGF0JTJGd3AtY29udGVudCUyRnVwbG9hZHMlMkZzaXRlcyUyRjEzJTJGS2FuZHlkYXQlMkZLcnl0ZXJpYS0yMDI2LTIwMjclMkZ6YWxfZG9fMTk1XzIwMjZfMl9XeWR6aWFsX1N6dHVraV9pX05hdWtfb19FZHVrYWNqaS5wZGYlMjNwYWdlJTNEMTMlMjIlMjBjbGFzcyUzRCUyMm10bGlfYXR0YWNobWVudCUyMG10bGlfcGRmJTIyJTNFS3J5dGVyaWElMjByZWtydXRhY2ppJTIwbmElMjByb2slMjBha2FkZW1pY2tpJTIwMjAyNiUyRjIwMjclM0MlMkZhJTNFJTBBJTNDYnIlM0UlMEElM0NhJTIwaHJlZiUzRCUyMmh0dHBzJTNBJTJGJTJGdXMuZWR1LnBsJTJGd3lkemlhbCUyRndzbmUlMkZ3cC1jb250ZW50JTJGdXBsb2FkcyUyRnNpdGVzJTJGMjAlMkZCZXota2F0ZWdvcmlpJTJGemFsX2RvXzI2MV8yMDI2XzZfV3lkemlhbF9TenR1a2lfaV9OYXVrX29fRWR1a2FjamkucGRmJTIzcGFnZSUzRDEzJTIyJTIwY2xhc3MlM0QlMjJtdGxpX2F0dGFjaG1lbnQlMjBtdGxpX3BkZiUyMiUzRUtyeXRlcmlhJTIwcmVrcnV0YWNqaSUyMG5hJTIwcm9rJTIwYWthZGVtaWNraSUyMDIwMjclMkYyMDI4JTNDJTJGYSUzRSUwQSUzQyUyRmRpdiUzRQ==[/vc_raw_html][/vc_column][/vc_row]</p>

<p>[vc_row][vc_column][vc_empty_space][/vc_column][/vc_row][vc_row disable_element=&#8221;yes&#8221; css=&#8221;.vc_custom_1698310622141{padding-right: 20px !important;padding-left: 20px !important;background-color: #f2f2f2 !important;}&#8221;][vc_column css=&#8221;.vc_custom_1652684540318{padding-right: 0px !important;padding-left: 0px !important;}&#8221;][vc_btn title=&#8221;przejdź do internetowej rejestracji dla kandydatów-jednolite magisterskie stacjonarne&#8221; style=&#8221;outline-custom&#8221; outline_custom_color=&#8221;#002e5a&#8221; outline_custom_hover_background=&#8221;#002e5a&#8221; outline_custom_hover_text=&#8221;#ffffff&#8221; shape=&#8221;square&#8221; size=&#8221;lg&#8221; el_class=&#8221;link&#8221; link=&#8221;url:https%3A%2F%2Firk2.us.edu.pl%2Fpl%2F&#8221;][vc_btn title=&#8221;przejdź do internetowej rejestracji dla kandydatów-jednolite magisterskie niestacjonarne&#8221; style=&#8221;outline-custom&#8221; outline_custom_color=&#8221;#002e5a&#8221; outline_custom_hover_background=&#8221;#002e5a&#8221; outline_custom_hover_text=&#8221;#ffffff&#8221; shape=&#8221;square&#8221; size=&#8221;lg&#8221; el_class=&#8221;link&#8221; link=&#8221;url:https%3A%2F%2Firk2.us.edu.pl%2Fpl%2F&#8221;][/vc_column][/vc_row][vc_row][vc_column][vc_raw_html]JTNDZGl2JTIwY2xhc3MlM0QlMjJzaWRlYmFyX21vZHVscyUyMHNpZGViYXJfb25lX2hlYWRlciUyMiUyMHN0eWxlJTNEJTIyY29sb3IlM0ElMjMwMDJFNUElM0JiYWNrZ3JvdW5kLWNvbG9yJTNBJTIwJTIzRUJFQkVCJTIyJTNFJTIwJTIwJTIwJTIwJTIwJTIwJTIwJTIwJTIwJTIwJTIwJTIwJTIwJTIwJTIwJTIwJTIwJTIwJTIwJTBBJTNDYSUyMGhyZWYlM0QlMjJodHRwcyUzQSUyRiUyRnVzLmVkdS5wbCUyRmthbmR5ZGF0JTJGd3AtY29udGVudCUyRnVwbG9hZHMlMkZzaXRlcyUyRjEzJTJGS2FuZHlkYXQlMkZLcnl0ZXJpYS0yMDI2LTIwMjclMkZ6YWxfZG9fMTk1XzIwMjZfMl9XeWR6aWFsX1N6dHVraV9pX05hdWtfb19FZHVrYWNqaS5wZGYlMjNwYWdlJTNEMTMlMjIlMjBjbGFzcyUzRCUyMm10bGlfYXR0YWNobWVudCUyMG10bGlfcGRmJTIyJTNFS3J5dGVyaWElMjByZWtydXRhY2ppJTIwbmElMjByb2slMjBha2FkZW1pY2tpJTIwMjAyNiUyRjIwMjclM0MlMkZhJTNFJTBBJTNDYnIlM0UlMEElM0NhJTIwaHJlZiUzRCUyMmh0dHBzJTNBJTJGJTJGdXMuZWR1LnBsJTJGd3lkemlhbCUyRndzbmUlMkZ3cC1jb250ZW50JTJGdXBsb2FkcyUyRnNpdGVzJTJGMjAlMkZCZXota2F0ZWdvcmlpJTJGemFsX2RvXzI2MV8yMDI2XzZfV3lkemlhbF9TenR1a2lfaV9OYXVrX29fRWR1a2FjamkucGRmJTIzcGFnZSUzRDEzJTIyJTIwY2xhc3MlM0QlMjJtdGxpX2F0dGFjaG1lbnQlMjBtdGxpX3BkZiUyMiUzRUtyeXRlcmlhJTIwcmVrcnV0YWNqaSUyMG5hJTIwcm9rJTIwYWthZGVtaWNraSUyMDIwMjclMkYyMDI4JTNDJTJGYSUzRSUwQSUzQyUyRmRpdiUzRQ==[/vc_raw_html][/vc_column][/vc_row] [&#8230;]</p>
<p><a class="btn btn-secondary understrap-read-more-link" href="https://us.edu.pl/wydzial/wsne/strona-kierunku-ppiw/">Read More&#8230;</a></p>
