{"id":157662,"date":"2023-02-20T13:08:02","date_gmt":"2023-02-20T12:08:02","guid":{"rendered":"https:\/\/us.edu.pl\/wydzial\/wsne\/?page_id=157662"},"modified":"2023-02-20T13:59:21","modified_gmt":"2023-02-20T12:59:21","slug":"instytut-pedagogiki","status":"publish","type":"page","link":"https:\/\/us.edu.pl\/wydzial\/wsne\/instytut-pedagogiki\/","title":{"rendered":"Instytut Pedagogiki"},"content":{"rendered":"<p>[vc_row][vc_column width=&#8221;1\/2&#8243;]\r\n                <div class=\"text-modules\">\r\n                    <div class=\"container\">\r\n                        \r\n                        <div class=\"text-modules__content\"><\/p>\n<p style=\"text-align: center;\"><img class=\"alignnone size-medium wp-image-157644\" src=\"https:\/\/us.edu.pl\/wydzial\/wsne\/wp-content\/uploads\/sites\/20\/Bez-kategorii\/dni-otwarte_harmonogram-PEDAGOGIKA-757x900.jpg\" alt=\"Plakat-dni otwarte harmonogram PEDAGOGIKA\" width=\"757\" height=\"900\" srcset=\"https:\/\/us.edu.pl\/wydzial\/wsne\/wp-content\/uploads\/sites\/20\/Bez-kategorii\/dni-otwarte_harmonogram-PEDAGOGIKA-757x900.jpg 757w, https:\/\/us.edu.pl\/wydzial\/wsne\/wp-content\/uploads\/sites\/20\/Bez-kategorii\/dni-otwarte_harmonogram-PEDAGOGIKA-1009x1200.jpg 1009w, https:\/\/us.edu.pl\/wydzial\/wsne\/wp-content\/uploads\/sites\/20\/Bez-kategorii\/dni-otwarte_harmonogram-PEDAGOGIKA-768x913.jpg 768w, https:\/\/us.edu.pl\/wydzial\/wsne\/wp-content\/uploads\/sites\/20\/Bez-kategorii\/dni-otwarte_harmonogram-PEDAGOGIKA-1292x1536.jpg 1292w, https:\/\/us.edu.pl\/wydzial\/wsne\/wp-content\/uploads\/sites\/20\/Bez-kategorii\/dni-otwarte_harmonogram-PEDAGOGIKA-1722x2048.jpg 1722w, https:\/\/us.edu.pl\/wydzial\/wsne\/wp-content\/uploads\/sites\/20\/Bez-kategorii\/dni-otwarte_harmonogram-PEDAGOGIKA-484x575.jpg 484w\" sizes=\"(max-width: 757px) 100vw, 757px\" \/><\/p>\n<p>\n<\/div>\r\n                    <\/div>\r\n                <\/div>[\/vc_column][vc_column width=&#8221;1\/2&#8243;]\r\n                <div class=\"text-modules\">\r\n                    <div class=\"container\">\r\n                        \r\n                        <div class=\"text-modules__content\"><p><span style=\"font-size: 12pt;\"><strong>Wydzia\u0142 Sztuki i Nauk o Edukacji U\u015a<\/strong><\/span><br \/>\n<span style=\"font-size: 12pt;\"><strong>Instytut Pedagogiki<\/strong><\/span><\/p>\n<ul>\n<li><span style=\"font-size: 12pt;\">ciekawe warsztaty<\/span><\/li>\n<\/ul>\n<p><span style=\"font-size: 12pt;\">Mo\u017cesz zapisa\u0107 si\u0119 ju\u017c dzi\u015b! <a href=\"https:\/\/l.facebook.com\/l.php?u=https%3A%2F%2Fel.us.edu.pl%2Fankiety%2Findex.php%2F725%3Fnewtest%3DY%26lang%3Dpl&amp;h=AT0oRS4aA5ayXWk1O1Q01y0qXVUFfUWlbUQN-RTMYtfUE_PysL0RFBPSaTy09BvfQdWzWokpXBdCUFw1sQ9ZO7M5zKvq1S-sscPnkpFwBirgsMjldMtsJ-oRRRFawz36Osdyc66aTTamUGhjUKEY&amp;__tn__=R]-R&amp;c[0]=AT1V_oEkOxcHU2Mq0EVT6TgXOEAZhnTciAD7ntelSmqyO3YT_pFWZYQO7KEWsHszLLVM4-G1rNKa_F8abGipKNMxc6z_aceaYOIPOnMt5GIAk0hZeCBut0pTpgQs4Fgzw-ZUJorY6E8y0ckGTU7IBVAgh_7XFjbvDTcCcZtWxZE-zlyn5I4zcI15f0Xb0Bf--W9it-0pqHiSlO2hxR07paxYXZdTch8HH5yX\">Link do formularza rejestracyjnego!<\/a><\/span><\/p>\n<p><span class=\"x193iq5w xeuugli x13faqbe x1vvkbs x1xmvt09 x1lliihq x1s928wv xhkezso x1gmr53x x1cpjm7i x1fgarty x1943h6x xudqn12 x3x7a5m x6prxxf xvq8zen xo1l8bm xzsf02u x1yc453h\" dir=\"auto\" style=\"font-size: 12pt;\"><a class=\"x1i10hfl xjbqb8w x6umtig x1b1mbwd xaqea5y xav7gou x9f619 x1ypdohk xt0psk2 xe8uvvx xdj266r x11i5rnm xat24cr x1mh8g0r xexx8yu x4uap5 x18d9i69 xkhd6sd x16tdsg8 x1hl2dhg xggy1nq x1a2a7pz xt0b8zv x1qq9wsj xo1l8bm\" tabindex=\"0\" role=\"link\" href=\"https:\/\/www.facebook.com\/USmiechnietaPedagogika?__cft__[0]=AZXqNyWI7H3ar7yoEzKyFY-IAd_lwss7XHTgh35vTGUvv9Uk_mkn2w5UMeGz-FmsNoRS-Rm2tVmLSw0WUcv_A9iLXDD7m52mF068cqfw_qkUW3Rmb0vf5eB2Myi1sUWMI9C1z31ncfgTKR3q58SgSyfrL2qTER8ZSw8OdfHh9hGG16MD92j9jnj4Sqx6NNf8hkEiVJqB57nNTXWMHbYzFZpg&amp;__tn__=-]K-R\">Pedagogika Cieszyn-U\u015amiechni\u0119ta Pedagogika<\/a> <\/span><\/p>\n<p>&nbsp;<\/p>\n<p><img class=\"alignnone wp-image-157638 size-large\" src=\"https:\/\/us.edu.pl\/wydzial\/wsne\/wp-content\/uploads\/sites\/20\/Bez-kategorii\/dni-otwarte_grafika-PEDAGOGIKA-1200x807.jpg\" alt=\"Plakat-dni otwarte grafika PEDAGOGIKA\" width=\"640\" height=\"430\" srcset=\"https:\/\/us.edu.pl\/wydzial\/wsne\/wp-content\/uploads\/sites\/20\/Bez-kategorii\/dni-otwarte_grafika-PEDAGOGIKA-1200x807.jpg 1200w, https:\/\/us.edu.pl\/wydzial\/wsne\/wp-content\/uploads\/sites\/20\/Bez-kategorii\/dni-otwarte_grafika-PEDAGOGIKA-900x605.jpg 900w, https:\/\/us.edu.pl\/wydzial\/wsne\/wp-content\/uploads\/sites\/20\/Bez-kategorii\/dni-otwarte_grafika-PEDAGOGIKA-768x517.jpg 768w, https:\/\/us.edu.pl\/wydzial\/wsne\/wp-content\/uploads\/sites\/20\/Bez-kategorii\/dni-otwarte_grafika-PEDAGOGIKA-1536x1033.jpg 1536w, https:\/\/us.edu.pl\/wydzial\/wsne\/wp-content\/uploads\/sites\/20\/Bez-kategorii\/dni-otwarte_grafika-PEDAGOGIKA-2048x1378.jpg 2048w, https:\/\/us.edu.pl\/wydzial\/wsne\/wp-content\/uploads\/sites\/20\/Bez-kategorii\/dni-otwarte_grafika-PEDAGOGIKA-575x387.jpg 575w\" sizes=\"(max-width: 640px) 100vw, 640px\" \/><\/p>\n<\/div>\r\n                    <\/div>\r\n                <\/div>[\/vc_column][\/vc_row]<\/p>","protected":false},"excerpt":{"rendered":"<p>[vc_row][vc_column width=&#8221;1\/2&#8243;][\/vc_column][vc_column width=&#8221;1\/2&#8243;][\/vc_column][\/vc_row] [&#8230;]<\/p>\n<p><a class=\"btn btn-secondary understrap-read-more-link\" href=\"https:\/\/us.edu.pl\/wydzial\/wsne\/instytut-pedagogiki\/\">Read More&#8230;<\/a><\/p>\n","protected":false},"author":110,"featured_media":0,"parent":0,"menu_order":0,"comment_status":"closed","ping_status":"closed","template":"","meta":{"_expiration-date-status":"","_expiration-date":0,"_expiration-date-type":"","_expiration-date-categories":[],"_expiration-date-options":[]},"acf":[],"_links":{"self":[{"href":"https:\/\/us.edu.pl\/wydzial\/wsne\/wp-json\/wp\/v2\/pages\/157662"}],"collection":[{"href":"https:\/\/us.edu.pl\/wydzial\/wsne\/wp-json\/wp\/v2\/pages"}],"about":[{"href":"https:\/\/us.edu.pl\/wydzial\/wsne\/wp-json\/wp\/v2\/types\/page"}],"author":[{"embeddable":true,"href":"https:\/\/us.edu.pl\/wydzial\/wsne\/wp-json\/wp\/v2\/users\/110"}],"replies":[{"embeddable":true,"href":"https:\/\/us.edu.pl\/wydzial\/wsne\/wp-json\/wp\/v2\/comments?post=157662"}],"version-history":[{"count":3,"href":"https:\/\/us.edu.pl\/wydzial\/wsne\/wp-json\/wp\/v2\/pages\/157662\/revisions"}],"predecessor-version":[{"id":157678,"href":"https:\/\/us.edu.pl\/wydzial\/wsne\/wp-json\/wp\/v2\/pages\/157662\/revisions\/157678"}],"wp:attachment":[{"href":"https:\/\/us.edu.pl\/wydzial\/wsne\/wp-json\/wp\/v2\/media?parent=157662"}],"curies":[{"name":"wp","href":"https:\/\/api.w.org\/{rel}","templated":true}]}}

<p>[vc_row][vc_column width=&#8221;1/2&#8243;]
                <div class="text-modules">
                    <div class="container">
                        
                        <div class="text-modules__content"></p>
<p style="text-align: center;"><img class="alignnone size-medium wp-image-157644" src="https://us.edu.pl/wydzial/wsne/wp-content/uploads/sites/20/Bez-kategorii/dni-otwarte_harmonogram-PEDAGOGIKA-757x900.jpg" alt="Plakat-dni otwarte harmonogram PEDAGOGIKA" width="757" height="900" srcset="https://us.edu.pl/wydzial/wsne/wp-content/uploads/sites/20/Bez-kategorii/dni-otwarte_harmonogram-PEDAGOGIKA-757x900.jpg 757w, https://us.edu.pl/wydzial/wsne/wp-content/uploads/sites/20/Bez-kategorii/dni-otwarte_harmonogram-PEDAGOGIKA-1009x1200.jpg 1009w, https://us.edu.pl/wydzial/wsne/wp-content/uploads/sites/20/Bez-kategorii/dni-otwarte_harmonogram-PEDAGOGIKA-768x913.jpg 768w, https://us.edu.pl/wydzial/wsne/wp-content/uploads/sites/20/Bez-kategorii/dni-otwarte_harmonogram-PEDAGOGIKA-1292x1536.jpg 1292w, https://us.edu.pl/wydzial/wsne/wp-content/uploads/sites/20/Bez-kategorii/dni-otwarte_harmonogram-PEDAGOGIKA-1722x2048.jpg 1722w, https://us.edu.pl/wydzial/wsne/wp-content/uploads/sites/20/Bez-kategorii/dni-otwarte_harmonogram-PEDAGOGIKA-484x575.jpg 484w" sizes="(max-width: 757px) 100vw, 757px" /></p>
<p>
</div>
                    </div>
                </div>[/vc_column][vc_column width=&#8221;1/2&#8243;]
                <div class="text-modules">
                    <div class="container">
                        
                        <div class="text-modules__content"><p><span style="font-size: 12pt;"><strong>Wydział Sztuki i Nauk o Edukacji UŚ</strong></span><br />
<span style="font-size: 12pt;"><strong>Instytut Pedagogiki</strong></span></p>
<ul>
<li><span style="font-size: 12pt;">ciekawe warsztaty</span></li>
</ul>
<p><span style="font-size: 12pt;">Możesz zapisać się już dziś! <a href="https://l.facebook.com/l.php?u=https%3A%2F%2Fel.us.edu.pl%2Fankiety%2Findex.php%2F725%3Fnewtest%3DY%26lang%3Dpl&amp;h=AT0oRS4aA5ayXWk1O1Q01y0qXVUFfUWlbUQN-RTMYtfUE_PysL0RFBPSaTy09BvfQdWzWokpXBdCUFw1sQ9ZO7M5zKvq1S-sscPnkpFwBirgsMjldMtsJ-oRRRFawz36Osdyc66aTTamUGhjUKEY&amp;__tn__=R]-R&amp;c[0]=AT1V_oEkOxcHU2Mq0EVT6TgXOEAZhnTciAD7ntelSmqyO3YT_pFWZYQO7KEWsHszLLVM4-G1rNKa_F8abGipKNMxc6z_aceaYOIPOnMt5GIAk0hZeCBut0pTpgQs4Fgzw-ZUJorY6E8y0ckGTU7IBVAgh_7XFjbvDTcCcZtWxZE-zlyn5I4zcI15f0Xb0Bf--W9it-0pqHiSlO2hxR07paxYXZdTch8HH5yX">Link do formularza rejestracyjnego!</a></span></p>
<p><span class="x193iq5w xeuugli x13faqbe x1vvkbs x1xmvt09 x1lliihq x1s928wv xhkezso x1gmr53x x1cpjm7i x1fgarty x1943h6x xudqn12 x3x7a5m x6prxxf xvq8zen xo1l8bm xzsf02u x1yc453h" dir="auto" style="font-size: 12pt;"><a class="x1i10hfl xjbqb8w x6umtig x1b1mbwd xaqea5y xav7gou x9f619 x1ypdohk xt0psk2 xe8uvvx xdj266r x11i5rnm xat24cr x1mh8g0r xexx8yu x4uap5 x18d9i69 xkhd6sd x16tdsg8 x1hl2dhg xggy1nq x1a2a7pz xt0b8zv x1qq9wsj xo1l8bm" tabindex="0" role="link" href="https://www.facebook.com/USmiechnietaPedagogika?__cft__[0]=AZXqNyWI7H3ar7yoEzKyFY-IAd_lwss7XHTgh35vTGUvv9Uk_mkn2w5UMeGz-FmsNoRS-Rm2tVmLSw0WUcv_A9iLXDD7m52mF068cqfw_qkUW3Rmb0vf5eB2Myi1sUWMI9C1z31ncfgTKR3q58SgSyfrL2qTER8ZSw8OdfHh9hGG16MD92j9jnj4Sqx6NNf8hkEiVJqB57nNTXWMHbYzFZpg&amp;__tn__=-]K-R">Pedagogika Cieszyn-UŚmiechnięta Pedagogika</a> </span></p>
<p>&nbsp;</p>
<p><img class="alignnone wp-image-157638 size-large" src="https://us.edu.pl/wydzial/wsne/wp-content/uploads/sites/20/Bez-kategorii/dni-otwarte_grafika-PEDAGOGIKA-1200x807.jpg" alt="Plakat-dni otwarte grafika PEDAGOGIKA" width="640" height="430" srcset="https://us.edu.pl/wydzial/wsne/wp-content/uploads/sites/20/Bez-kategorii/dni-otwarte_grafika-PEDAGOGIKA-1200x807.jpg 1200w, https://us.edu.pl/wydzial/wsne/wp-content/uploads/sites/20/Bez-kategorii/dni-otwarte_grafika-PEDAGOGIKA-900x605.jpg 900w, https://us.edu.pl/wydzial/wsne/wp-content/uploads/sites/20/Bez-kategorii/dni-otwarte_grafika-PEDAGOGIKA-768x517.jpg 768w, https://us.edu.pl/wydzial/wsne/wp-content/uploads/sites/20/Bez-kategorii/dni-otwarte_grafika-PEDAGOGIKA-1536x1033.jpg 1536w, https://us.edu.pl/wydzial/wsne/wp-content/uploads/sites/20/Bez-kategorii/dni-otwarte_grafika-PEDAGOGIKA-2048x1378.jpg 2048w, https://us.edu.pl/wydzial/wsne/wp-content/uploads/sites/20/Bez-kategorii/dni-otwarte_grafika-PEDAGOGIKA-575x387.jpg 575w" sizes="(max-width: 640px) 100vw, 640px" /></p>
</div>
                    </div>
                </div>[/vc_column][/vc_row]</p>
