{"id":157780,"date":"2023-03-08T09:32:56","date_gmt":"2023-03-08T08:32:56","guid":{"rendered":"https:\/\/us.edu.pl\/wydzial\/wsne\/?page_id=157780"},"modified":"2023-03-08T09:34:06","modified_gmt":"2023-03-08T08:34:06","slug":"tomasz-orlow","status":"publish","type":"page","link":"https:\/\/us.edu.pl\/wydzial\/wsne\/tomasz-orlow\/","title":{"rendered":"dr hab. Tomasz Orlow, prof. U\u015a"},"content":{"rendered":"<p>[vc_row][vc_column]\r\n                <div class=\"text-modules reverse\">\r\n                    <div class=\"container\">\r\n                         \r\n                        <div class=\"row m-0\">\r\n                            <div class=\"text-modules__content\">\r\n                                <strong>dr hab. Tomasz Orlow prof. U\u015a<\/strong> \u00a0&#8211; organista, improwizator, organolog i organmistrz.\u00a0 W roku 1998 uko\u0144czy\u0142 studia w Akademii Muzycznej im. Karola Szymanowskiego w Katowicach, w klasie organ\u00f3w prof. J. Gembalskiego, uzyskuj\u0105c dyplom z wyr\u00f3\u017cnieniem i ocen\u0119 celuj\u0105c\u0105 z recitalu dyplomowego. W latach 1999\/2000, jako stypendysta Fundacji Kultury, doskonali\u0142 swoje umiej\u0119tno\u015bci improwizatorskie w Robert-Schumann-Musikhochschule w D\u00fcsseldorf, w klasie improwizacji organowej prof. Wolfganga Seifena. Tomasz Orlow jest zwyci\u0119zc\u0105 III-go Mi\u0119dzynarodowego Konkursu Organowego im. J. P. Sweelincka\u00a0 w Gda\u0144sku w 1997r. oraz laureatem I-go Mi\u0119dzynarodowego Konkursu Organowego w Warszawie w 1997r. W roku 2005 obroni\u0142 rozpraw\u0119 doktorsk\u0105 zatytu\u0142owan\u0105 <em>Improwizacja jako sztuka kreatywna w aspekcie repliki, rekonstrukcji i interpretacji dzie\u0142a muzycznego <\/em>i otrzyma\u0142 tytu\u0142 doktora sztuki muzycznej przyznany przez Akademi\u0119 Muzyczn\u0105 im. Karola Szymanowskiego w Katowicach. Koncert, kt\u00f3ry odby\u0142 si\u0119 w Archikatedrze Chrystusa Kr\u00f3la w Katowicach by\u0142 pierwszym w Polsce w ca\u0142o\u015bci improwizowanym przewodowy recitalem organowym. W roku 2014 otrzyma\u0142 tytu\u0142 doktora habilitowanego. Rozprawa habilitacyjna dotyczy\u0142a analizy zagadnie\u0144 organologicznych, konserwatorskich oraz artystycznych, zwi\u0105zanych z rekonstrukcj\u0105 historycznych organ\u00f3w piszcza\u0142kowych ko\u015bcio\u0142a pw. \u015bw. Doroty w Trzcinicy oraz interpretacj\u0105 europejskiej literatury organowej okresu XVI-XVIII wieku. Tomasz Orlow prowadzi \u017cyw\u0105 dzia\u0142alno\u015b\u0107 koncertow\u0105 i pedagogiczn\u0105 w kraju i za granic\u0105 zwi\u0105zan\u0105 przede wszystkim z upowszechnianiem sztuki improwizacji organowej i fortepianowej (warsztaty improwizacji, referaty na sesjach naukowych, nagrania CD improwizowanych koncert\u00f3w live). Od wielu lat wsp\u00f3\u0142pracuje z Zespo\u0142em \u015apiewak\u00f3w Miasta Katowice <em>Camerata Silesia. <\/em>Od roku 2020 Tomasz Orlow zatrudniony jest na stanowisku profesora Uniwersytetu \u015al\u0105skiego. Prowadzi zaj\u0119cia z improwizacji oraz interpretacji literatury organowej na Wydziale Sztuki i Nauk o Edukacji Uniwersytetu \u015al\u0105skiego w Cieszynie. Wyk\u0142ada interpretacj\u0119 literatury organowej oraz improwizacj\u0119. Autor wyk\u0142ad\u00f3w i publikacji po\u015bwi\u0119conych improwizacji organowej i organologii. Jest autorem projektu i realizatorem rewitalizacji organ\u00f3w piszcza\u0142kowych Uniwersytetu \u015al\u0105skiego. \r\n                                <div class=\"mt-3\"><\/div>\r\n                            <\/div>\r\n                            \r\n                            <div class=\"text-modules__img\"><img src=\"https:\/\/us.edu.pl\/wydzial\/wsne\/wp-content\/uploads\/sites\/20\/Bez-kategorii\/tomasz-orlow-foto-3-scaled.jpg\" alt=\"img\"><\/div>\r\n                        <\/div>\r\n                    <\/div>\r\n                <\/div>[\/vc_column][\/vc_row]<\/p>","protected":false},"excerpt":{"rendered":"<p>[vc_row][vc_column][\/vc_column][\/vc_row] [&#8230;]<\/p>\n<p><a class=\"btn btn-secondary understrap-read-more-link\" href=\"https:\/\/us.edu.pl\/wydzial\/wsne\/tomasz-orlow\/\">Read More&#8230;<\/a><\/p>\n","protected":false},"author":110,"featured_media":0,"parent":0,"menu_order":0,"comment_status":"closed","ping_status":"closed","template":"","meta":{"_expiration-date-status":"","_expiration-date":0,"_expiration-date-type":"","_expiration-date-categories":[],"_expiration-date-options":[]},"acf":[],"_links":{"self":[{"href":"https:\/\/us.edu.pl\/wydzial\/wsne\/wp-json\/wp\/v2\/pages\/157780"}],"collection":[{"href":"https:\/\/us.edu.pl\/wydzial\/wsne\/wp-json\/wp\/v2\/pages"}],"about":[{"href":"https:\/\/us.edu.pl\/wydzial\/wsne\/wp-json\/wp\/v2\/types\/page"}],"author":[{"embeddable":true,"href":"https:\/\/us.edu.pl\/wydzial\/wsne\/wp-json\/wp\/v2\/users\/110"}],"replies":[{"embeddable":true,"href":"https:\/\/us.edu.pl\/wydzial\/wsne\/wp-json\/wp\/v2\/comments?post=157780"}],"version-history":[{"count":1,"href":"https:\/\/us.edu.pl\/wydzial\/wsne\/wp-json\/wp\/v2\/pages\/157780\/revisions"}],"predecessor-version":[{"id":157782,"href":"https:\/\/us.edu.pl\/wydzial\/wsne\/wp-json\/wp\/v2\/pages\/157780\/revisions\/157782"}],"wp:attachment":[{"href":"https:\/\/us.edu.pl\/wydzial\/wsne\/wp-json\/wp\/v2\/media?parent=157780"}],"curies":[{"name":"wp","href":"https:\/\/api.w.org\/{rel}","templated":true}]}}