{"id":1611,"date":"2020-01-15T15:39:45","date_gmt":"2020-01-15T14:39:45","guid":{"rendered":"https:\/\/us.edu.pl\/wydzial\/wsne\/?page_id=1611"},"modified":"2020-04-06T11:44:04","modified_gmt":"2020-04-06T09:44:04","slug":"10-2","status":"publish","type":"page","link":"https:\/\/us.edu.pl\/wydzial\/wsne\/nauka-i-badania\/serie-wydawnicze\/seria-e-learning\/11-e-learning-and-stem-education-articles\/10-2\/","title":{"rendered":"10"},"content":{"rendered":"<p><strong>IMPROVING STUDENTS\u2019 INVOLVEMENT IN TRADITIONAL LECTURES \u2013 STUDENTS AS DESIGNERS OF KNOWLEDGE ASSESSMENT TESTS<\/strong><\/p>\n<p><a href=\"https:\/\/us.edu.pl\/wydzial\/wsne\/wp-content\/uploads\/sites\/20\/Nieprzypisane\/el-2019-11-11-IMPROVING-STUDENTS%E2%80%99.pdf\" class=\"mtli_attachment mtli_pdf\">full-text article<\/a><\/p>\n<p>DOI: 10.34916\/el.2019.11.11<\/p>\n<p><strong>Bart\u0142omiej G\u0142adysz, Izabela Male\u0144czyk<\/strong> Warsaw University of Technology (Poland)<\/p>\n<p><strong>Abstract<\/strong>: The authors present two pilot experiments they conducted to find out possibility of enhancement of traditional lectures with simple tools of electronic tests. The pilot research was performed in two different forms, for different courses and different subjects in order to make preliminary qualitative comparisons of the pros and cons of selected approaches. The described approaches were employed for selected lectures of Management and Production Engineering bachelor and master courses at the Faculty of Production Engineering (Warsaw University of Technology). Qualitative findings from the pilot\u00a0 experiments will serve as a basis for the design of next rounds of experiment. The novelty of the experimental approach lays in application of electronic tests as a driver for students\u201f engagement. The approach is based on an assumption that students are themselves designers of tests for specific lectures. Some questions, after verification by a lecturer, are later a part of an official final examination.<\/p>\n<p><strong>Keywords<\/strong>: educational innovation, traditional lecture, electronic tests<\/p>\n<p><strong>REFERENCES<\/strong><\/p>\n<ul>\n<li>Berrett, D. (2012). How \u2018flipping\u2019 the classroom can improve the traditional lecture. <em>The chronicle of higher education, 12<\/em>(19), 1-3<\/li>\n<li>Bligh, D. (1998). <em>What&#8217;s the use of lectures?<\/em>. Exeter, United Kingdom: Intellect<\/li>\n<li>Chen, C.M., &amp; Wu, C.H. (2015). Effects of different video lecture types on sustained attention, emotion, cognitive load, and learning performance. <em>Computers &amp; Education<\/em>, <em>80<\/em>, 108-121<\/li>\n<li>Dalsgaard, C., &amp; Godsk, M. (2007). Transforming traditional lectures into problem\u2010based blended learning: challenges and experiences. <em>Open Learning: The Journal of Open, Distance and e-Learning<\/em>, <em>22<\/em>(1), 29-42<\/li>\n<li>Evans, C. (2009). The effectiveness of m-learning in the form of podcast revision lectures in higher education.<em> Computers &amp; Education, 50<\/em>(2), 491-498<\/li>\n<li>Gladysz, B., &amp; Malenczyk, I. (2019). Exemplary test for Experiment A and Experiment B. http:\/\/tiny.cc\/DLCC19_Gladysz_Malenczyk (Aug 26th 2019)<\/li>\n<li>Griffin, R.W., &amp; Cashin, W.E. (1989). The lecture and discussion method for management education: Pros and cons. <em>Journal of Management Development<\/em>, <em>8<\/em>(2), 25-32<\/li>\n<li>Hutton, E.L. (2016). <em>Xunzi: The Complete Text<\/em>. Princeton, NJ: Princeton University Press<\/li>\n<li>Miller, H.L. (1927). <em>Creative Learning and Teaching<\/em>. New York, NY: Charles Scribner\u2019s Sons<\/li>\n<li>Wilson, K., &amp; Korn, J.H. (2007). Attention During Lectures: Beyond<br \/>\nTen Minutes. <em>Teaching of Psychology, 34<\/em>(2), 85-89<\/li>\n<\/ul>\n<p><\/p>","protected":false},"excerpt":{"rendered":"<p>IMPROVING STUDENTS\u2019 INVOLVEMENT IN TRADITIONAL LECTURES \u2013 STUDENTS AS DESIGNERS OF KNOWLEDGE ASSESSMENT TESTS full-text article DOI: 10.34916\/el.2019.11.11 Bart\u0142omiej G\u0142adysz, Izabela Male\u0144czyk Warsaw University of Technology (Poland) Abstract: The authors present two pilot experiments they conducted to find out possibility of enhancement of traditional lectures with simple tools of electronic tests. The pilot research was [&#8230;]<\/p>\n<p><a class=\"btn btn-secondary understrap-read-more-link\" href=\"https:\/\/us.edu.pl\/wydzial\/wsne\/nauka-i-badania\/serie-wydawnicze\/seria-e-learning\/11-e-learning-and-stem-education-articles\/10-2\/\">Read More&#8230;<\/a><\/p>\n","protected":false},"author":110,"featured_media":0,"parent":1452,"menu_order":10,"comment_status":"closed","ping_status":"closed","template":"page-templates\/inner-page.php","meta":{"_expiration-date-status":"saved","_expiration-date":0,"_expiration-date-type":"","_expiration-date-categories":[],"_expiration-date-options":[]},"acf":[],"_links":{"self":[{"href":"https:\/\/us.edu.pl\/wydzial\/wsne\/wp-json\/wp\/v2\/pages\/1611"}],"collection":[{"href":"https:\/\/us.edu.pl\/wydzial\/wsne\/wp-json\/wp\/v2\/pages"}],"about":[{"href":"https:\/\/us.edu.pl\/wydzial\/wsne\/wp-json\/wp\/v2\/types\/page"}],"author":[{"embeddable":true,"href":"https:\/\/us.edu.pl\/wydzial\/wsne\/wp-json\/wp\/v2\/users\/110"}],"replies":[{"embeddable":true,"href":"https:\/\/us.edu.pl\/wydzial\/wsne\/wp-json\/wp\/v2\/comments?post=1611"}],"version-history":[{"count":3,"href":"https:\/\/us.edu.pl\/wydzial\/wsne\/wp-json\/wp\/v2\/pages\/1611\/revisions"}],"predecessor-version":[{"id":2539,"href":"https:\/\/us.edu.pl\/wydzial\/wsne\/wp-json\/wp\/v2\/pages\/1611\/revisions\/2539"}],"up":[{"embeddable":true,"href":"https:\/\/us.edu.pl\/wydzial\/wsne\/wp-json\/wp\/v2\/pages\/1452"}],"wp:attachment":[{"href":"https:\/\/us.edu.pl\/wydzial\/wsne\/wp-json\/wp\/v2\/media?parent=1611"}],"curies":[{"name":"wp","href":"https:\/\/api.w.org\/{rel}","templated":true}]}}