{"id":1615,"date":"2020-01-16T14:48:52","date_gmt":"2020-01-16T13:48:52","guid":{"rendered":"https:\/\/us.edu.pl\/wydzial\/wsne\/?page_id=1615"},"modified":"2020-04-06T11:46:23","modified_gmt":"2020-04-06T09:46:23","slug":"12-2","status":"publish","type":"page","link":"https:\/\/us.edu.pl\/wydzial\/wsne\/nauka-i-badania\/serie-wydawnicze\/seria-e-learning\/11-e-learning-and-stem-education-articles\/12-2\/","title":{"rendered":"12"},"content":{"rendered":"<p><strong>EDUCATIONAL AND METHODOLOGICAL ELECTRONIC TEXTBOOK \u201cMETHODS OF TEACHING MATHEMATICAL WORD PROBLEM SOLVING TO PUPILS OF GRADES 1-4\u201d<\/strong><\/p>\n<p><a href=\"https:\/\/us.edu.pl\/wydzial\/wsne\/wp-content\/uploads\/sites\/20\/Nieprzypisane\/el-2019-11-13-EDUCATIONAL-AND-METHODOLOGICAL.pdf\" class=\"mtli_attachment mtli_pdf\" data-mtli=\"mtli_filesize1,29MB\">full-text article<\/a><\/p>\n<p>DOI: 10.34916\/el.2019.11.13<\/p>\n<p><strong>Svitlana Skvortsova, Yana Haievets<\/strong> K. Ushynsky South Ukrainian National Pedagogical University (Ukraine)<br \/>\n<strong>Oksana Onopriienko<\/strong> National Academy of Pedagogical Sciences of Ukraine (Ukraine)<\/p>\n<p><strong>Abstract<\/strong>: The article focuses on the structure and peculiarities of the content filling of the educational and methodological electronic textbook \u201cMethods of teaching mathematical word problem solving to pupils of grades 1-4\u201d. The authors describe the methods of its usage in the process of students\u2019 self-guided work on the course \u201cMethods of teaching mathematics in primary school\u201d. The paper presents the results of the experimental work on introducing this educational and methodological electronic textbook to the process of methodological training of future primary school teachers at the state institution &#8211; the K. Ushynsky South Ukrainian National Pedagogical University.<\/p>\n<p><strong>Keywords<\/strong>: educational and methodological electronic textbook, training of future primary school teachers, course \u201cMethods of teaching mathematics\u201d, teaching mathematical word problem solving.<\/p>\n<p><strong>REFERENCES<\/strong><\/p>\n<ul>\n<li>Androshchuk, I., &amp; Androshchuk, I. (2017). Technology for development of textbook on handicraft methodology. <em>Information Technologies and Learning Tools<\/em>. 61(5). 24-35. ISSN 2076-8184. [in Ukrainian].<\/li>\n<li>Draft order of the Ministry of Education and Science of Ukraine for public discussion (2018). \u201cOn approval of the provisions on the electronic textbook\u201d. Retrieved from https:\/\/mon.gov.ua\/ua\/news\/mon-dlya-gromadskogo-obgovorennya-proekt-nakazu-pro-zatverdzhennya-polozhennya-pro-elektronnij-pidruchnik (accessed 1 July 2019). [in Ukrainian].<\/li>\n<li>Gushchenko, V., &amp; Potsulko, O. (2015). Electronic textbook as a basic element of modern educational environment. <em>Innovative technologies of formation of the personality of the future specialist<\/em> (pp. 273-287). Retrieved from http:\/\/repository.kpi.kharkov.ua\/bitstream\/KhPI-Press\/21626\/1\/Elita_2015_44_Hushchenko_Elektronnyi.pdf (accessed 1 July 2019). [in Ukrainian].<\/li>\n<li>Ivanova, E., &amp; Osmolovskaya, I. (2016). Electronic textbooks: didactic aspect. In S. Ivanova, E. Nikulchev (ed.) International Conference on Education Environment for the Information Age (EEIA-2016) \/ SHS Web of Conferences, Vol. 29. &#8211; CEDEX A: E D P Sciences, 2016. DOI: 10.1051\/shsconf\/20162901055. ISSN 2261-2424.<\/li>\n<li>Petukhova, L. (2007). There are theoretical bases of preparation of primary school teachers in the conditions of information and communication environment: monograph. Kherson: Aylant, 2007. &#8211; 200 p. [in Ukrainian].<\/li>\n<li>Sagan, O., Haran, M., &amp; Liba, O. (2018). Formation of the methodical-informatic competence of primary school teachers. <em>Information Technologies and Learning Tools,<\/em> 65(3), (pp. 304-315). Doi:\u00a0http:\/\/dx.doi.org\/10.33407\/itlt.v65i3.1942\u00a0. ISSN: 2076-8184.<\/li>\n<li>Sheen, KA, &amp; Luximon, Y. (2017). Student perceptions on future component of electronic textbook design. <em>Journal of Computers in Education<\/em>. Springer Berlin Heidelberg\/ 4(4), December 2017. 371\u2013393. DOI: 10.1007\/s40692-017-0092-7. ISSN:\u00a02197-9987 (Print). 2197-9995 (Online).<\/li>\n<li>Skvortsova, S. (Eds.). (2018). Electronic textbook of mathematics for elementary school as a means of teaching children of digital generation: advantages and disadvantages. In O. Czashechnikova (ed.) <em>Development of intellectual abilities and creative abilities of students and students in the process of teaching disciplines of the natural and mathematical cycle ITM + plus &#8211; 2018: materials of the III International scientific and methodical conference (November 8-9, 2018, Sumy). <\/em>2(1). Sumy: Publishing and Production Enterprise &#8222;Mriya&#8221;, 2018 (pp. 267-269). ISBN 978\u2013617\u20137487\u201339\u20134. [in Ukrainian].<\/li>\n<li>Skvortsova, S., &amp; Britskan, T. (2019). Training of Primary School Teachers for the Use of Information Technology Teaching Mathematics. In M. Hruby (ed.) Proceedings of the international conference MITAV 2019 (Matematika, Informa\u010dn\u00ed Technologie a Aplikovan\u00e9 V\u011bdy). (p. 31) Brno (Czech Republic).<\/li>\n<li>Skvortsova, S., &amp; Haievets, Y. (2013). Future primary school teachers\u2019 training for teaching primary school students to solve narrative mathematical problems: monograph. Kharkiv: Ranok-NT, 2013, 332 p. [in Ukrainian].<\/li>\n<li>Skvortsova, S., &amp; Haievets, Y. (2016). Methods of teaching pupils of grades 1-4 solving mathematical word problems: an electronic educational manual for students of pedagogical institutes of higher education and primary school teachers. E-books: 1.12 GB. &#8211; Odesa, South Ukrainian National Pedagogical University named after K.D. Ushynskyi, 2016. &#8211; 1 electronic optical disk (DVD-ROM); 12 cm &#8211; Systems. Requirements: Autoplay Menu Designer 3.6, Microsoft Office PowerPoint 2007, Adobe Flash Player. &#8211; Name from the container. [in Ukrainian].<\/li>\n<li>Skvortsova, S., &amp; Haran, M. (2017). Training for primary school teachers in teaching mathematics using information technologies. In E. Smyrnova-Trybulska, <em>Effective Development of Teachers\u2019 Skills in the Area of ICT and E-learning, \u201c<\/em>E-learning\u201d, 9. Katowice \u2013 Cieszyn: Studio Noa for University of Silesia (\u0440\u0440.419 \u2013 436). ISBN: 978-83-60071-96-0, ISSN: 2451-3644, eISSN: 2451-3652.<\/li>\n<li>Skvortsova, S., &amp; Haran, M. (2018). The constructor of multimedia lecture presentations as a means of studying the discipline &#8222;Methodology of teaching mathematics at primary school&#8221;. In E. Smyrnova-Trybulska, <em>E-learning and Smart Learning Environment for the Preparation of New Generation Specialists. <\/em><em>\u201e<\/em>E-learning\u201d. 10. Katowice \u2013 Cieszyn: Studio Noa for University of Silesia (pp. 531-549). ISBN: 978-83-66055-05-6, ISSN: 2451-3644, eISSN: 2451-3652.<\/li>\n<li>Smyrnova\u2013Trybulska, E., Ogrodzka-Mazur, E., Szafra\u0144ska-Gajdzica, A., Drl\u00edk, M., C\u00e1pay, M., Tomanov\u00e1, J., \u0160vec, P., Morze, N., Makhachashvili, R., Romanyukha, M., Nakazny, M.,Sorokina, L., Issa, Tomayess, &amp; Issa, Theodora (2016). <em>Recommended Applications for Making<\/em> <em>Presentations and Didactic Videos. Some Research Results<\/em>. In: M. Tur\u010d\u00e1ni, Z. Balogh, M.Munk, \u013d. Benko (Eds), DIVAI 2016 \u2013 Distance Learning in Applied Informatics. 11<sup>th<\/sup> International Scientific Conference on Distance Learning in Applied Informatics Conference Proceedings, 2\u20134 May 2016 (pp. 235\u2013246). Constantine the Philosopher University in Nitra, Faculty of Natural Sciences, Department of Informatics, Nitra: Wolters Kluwer. ISBN 978-80-7552-249-8. ISSN 2464-7470 (Print) ISSN 2464-7489 (On-line).<\/li>\n<li>Spivakovsky, O., Petukhova, L., &amp; Kotkova, V. (2011). <em>Information and communication technologies in elementary school:<\/em> Educational and methodical manual for students of the direction of training \u201cPrimary education\u201d. Kherson: KSU, 2011. &#8211; 272 p. [in Ukrainian].<\/li>\n<\/ul>\n<p><\/p>\n<style type=\"text\/css\">a[data-mtli~=\"mtli_filesize1,29MB\"]:after {content:\" (1,29 MB)\"}<\/style>","protected":false},"excerpt":{"rendered":"<p>EDUCATIONAL AND METHODOLOGICAL ELECTRONIC TEXTBOOK \u201cMETHODS OF TEACHING MATHEMATICAL WORD PROBLEM SOLVING TO PUPILS OF GRADES 1-4\u201d full-text article DOI: 10.34916\/el.2019.11.13 Svitlana Skvortsova, Yana Haievets K. Ushynsky South Ukrainian National Pedagogical University (Ukraine) Oksana Onopriienko National Academy of Pedagogical Sciences of Ukraine (Ukraine) Abstract: The article focuses on the structure and peculiarities of the content [&#8230;]<\/p>\n<p><a class=\"btn btn-secondary understrap-read-more-link\" href=\"https:\/\/us.edu.pl\/wydzial\/wsne\/nauka-i-badania\/serie-wydawnicze\/seria-e-learning\/11-e-learning-and-stem-education-articles\/12-2\/\">Read More&#8230;<\/a><\/p>\n","protected":false},"author":110,"featured_media":0,"parent":1452,"menu_order":12,"comment_status":"closed","ping_status":"closed","template":"page-templates\/inner-page.php","meta":{"_expiration-date-status":"saved","_expiration-date":0,"_expiration-date-type":"","_expiration-date-categories":[],"_expiration-date-options":[]},"acf":[],"_links":{"self":[{"href":"https:\/\/us.edu.pl\/wydzial\/wsne\/wp-json\/wp\/v2\/pages\/1615"}],"collection":[{"href":"https:\/\/us.edu.pl\/wydzial\/wsne\/wp-json\/wp\/v2\/pages"}],"about":[{"href":"https:\/\/us.edu.pl\/wydzial\/wsne\/wp-json\/wp\/v2\/types\/page"}],"author":[{"embeddable":true,"href":"https:\/\/us.edu.pl\/wydzial\/wsne\/wp-json\/wp\/v2\/users\/110"}],"replies":[{"embeddable":true,"href":"https:\/\/us.edu.pl\/wydzial\/wsne\/wp-json\/wp\/v2\/comments?post=1615"}],"version-history":[{"count":3,"href":"https:\/\/us.edu.pl\/wydzial\/wsne\/wp-json\/wp\/v2\/pages\/1615\/revisions"}],"predecessor-version":[{"id":2541,"href":"https:\/\/us.edu.pl\/wydzial\/wsne\/wp-json\/wp\/v2\/pages\/1615\/revisions\/2541"}],"up":[{"embeddable":true,"href":"https:\/\/us.edu.pl\/wydzial\/wsne\/wp-json\/wp\/v2\/pages\/1452"}],"wp:attachment":[{"href":"https:\/\/us.edu.pl\/wydzial\/wsne\/wp-json\/wp\/v2\/media?parent=1615"}],"curies":[{"name":"wp","href":"https:\/\/api.w.org\/{rel}","templated":true}]}}