{"id":163334,"date":"2024-10-23T12:33:51","date_gmt":"2024-10-23T10:33:51","guid":{"rendered":"https:\/\/us.edu.pl\/wydzial\/wsne\/?page_id=163334"},"modified":"2024-10-23T13:24:15","modified_gmt":"2024-10-23T11:24:15","slug":"wspolpraca-srodowisk-edukacyjnych","status":"publish","type":"page","link":"https:\/\/us.edu.pl\/wydzial\/wsne\/wspolpraca-srodowisk-edukacyjnych\/","title":{"rendered":"Wsp\u00f3\u0142praca \u015brodowisk edukacyjnych"},"content":{"rendered":"<p>[vc_row][vc_column]\n\t\t\t\t<input type=\"hidden\" name=\"promoted_only\" value=\"\">\n\t\t\t\t<input type=\"hidden\" name=\"order\" value=\"ASC\">\n\t\t\t\t<input type=\"hidden\" name=\"order_by\" value=\"post_modified\">\n\n\t\t\t\t<div class=\"article-loop loop-section  color-blue\" style=\"background: #EBEBEB\">\n\t\t\t\t\t <div class=\"container \">\n\t\t\t\t\t \t<div class=\"col-12 article-loop-gutter-left\">\n\t\t\t\t\t\t  <div class=\"article-loop-top loop-section-top\">\n\t\t\t\t\t\t\t\t<h2 class=\"section-title\">Wsp\u00f3\u0142praca \u015brodowisk edukacyjnych<\/h2><div class=\"article-loop-top_right loop-section-top__right\" >    <a href = \"https:\/\/us.edu.pl\/wydzial\/wsne\/wszystko?title=Wsp%C3%B3%C5%82praca+%C5%9Brodowisk+edukacyjnych&order=ASC&order_by=post_modified&categories%5B0%5D=20-41\" class=\"link-button \" > Wszystko<\/a><\/div>  \n\t\t\t\t\t\t  <\/div>\n\t\t\t\t\t\t  <div class=\"article-loop-main carousel\" data-home-url=\"https:\/\/us.edu.pl\/wydzial\/wsne\" >\n\t\t\t\t\t\t\t\t<a href = \"#\" data-slide = \"prev\" title=\"przesu\u0144 pasek Wsp\u00f3\u0142praca \u015brodowisk edukacyjnychw lewo\" class=\"arrow\" >\n\t\t\t\t\t\t\t\t\t <em class=\"ci ci-arrow-left\" ><\/em >\n\t\t\t\t\t\t\t\t\t <span class=\"d-none\" > arrow<\/span >\n\t\t\t\t\t\t\t\t<\/a>\n\t \n\t\t\t\t\t\t\t\t<a href = \"#\" data-slide = \"next\" title=\"przesu\u0144 pasek Wsp\u00f3\u0142praca \u015brodowisk edukacyjnych w prawo\" class=\"arrow\" >\n\t\t\t\t\t\t\t\t\t <em class=\"ci ci-arrow-right\" ><\/em >\n\t\t\t\t\t\t\t\t\t <span class=\"d-none\" > arrow<\/span >\n\t\t\t\t\t\t\t\t<\/a>\n\t\t\t\t\t\t\t\t<div class=\"row items\" >\n\t\t\t\t\t\t\t\t\t \r\n            <article class=\"article-loop-post carousel-slide\">\r\n                <a href=\"https:\/\/us.edu.pl\/wydzial\/wsne\/2024\/06\/07\/wspolpraca-srodowisk-edukacyjnych-kierunek-nauczyciel\/\" class=\"article-loop-post__thumbnail thumbnail\"\r\n                    style=\"background-image: url(https:\/\/us.edu.pl\/wydzial\/wsne\/wp-content\/uploads\/sites\/20\/Bez-kategorii\/Fot-007-4-900x711.jpg)\">\r\n                    <span>wi\u0119cej<\/span>\r\n                <\/a>\r\n\r\n                <div class=\"article-loop-post__content\">\r\n                    <h3 class=\"article-loop-post__title\">\r\n                        <a href=\"https:\/\/us.edu.pl\/wydzial\/wsne\/2024\/06\/07\/wspolpraca-srodowisk-edukacyjnych-kierunek-nauczyciel\/\">Wsp\u00f3\u0142praca \u015brodowisk edukacyjnych kierunek: nauczyciel<\/a>\r\n                    <\/h3>\r\n            \r\n                    <div class=\"article-loop-post__categories\">\r\n                        <a href=\"https:\/\/us.edu.pl\/wydzial\/wsne\/category\/rodzaj-zawartosci\/informacje\/\">informacje<\/a><a href=\"https:\/\/us.edu.pl\/wydzial\/wsne\/category\/wiadomosci\/\">Wiadomo\u015bci<\/a><a href=\"https:\/\/us.edu.pl\/wydzial\/wsne\/category\/wiadomosci\/wspolpraca-srodowisk-edukacyjnych\/\">Wsp\u00f3\u0142praca \u015brodowisk edukacyjnych<\/a>\r\n                    <\/div>    \r\n                <\/div>\r\n            <\/article>\r\n        \r\n            <article class=\"article-loop-post carousel-slide\">\r\n                <a href=\"https:\/\/us.edu.pl\/wydzial\/wsne\/2023\/05\/18\/fotorelacja-z-konferencji-metodyczno-naukowej-pt-wspolpraca-srodowisk-edukacyjnych-kierunek-dziecko\/\" class=\"article-loop-post__thumbnail thumbnail\"\r\n                    style=\"background-image: url(https:\/\/us.edu.pl\/wydzial\/wsne\/wp-content\/uploads\/sites\/20\/Bez-kategorii\/konferencja_obrazek_wyr-niaj\u00a6ucy1-900x606.jpg)\">\r\n                    <span>wi\u0119cej<\/span>\r\n                <\/a>\r\n\r\n                <div class=\"article-loop-post__content\">\r\n                    <h3 class=\"article-loop-post__title\">\r\n                        <a href=\"https:\/\/us.edu.pl\/wydzial\/wsne\/2023\/05\/18\/fotorelacja-z-konferencji-metodyczno-naukowej-pt-wspolpraca-srodowisk-edukacyjnych-kierunek-dziecko\/\">Fotorelacja z konferencji metodyczno &#8211; naukowej pt. &#8222;Wsp\u00f3\u0142praca \u015brodowisk edukacyjnych. Kierunek: Dziecko&#8221;<\/a>\r\n                    <\/h3>\r\n            \r\n                    <div class=\"article-loop-post__categories\">\r\n                        <a href=\"https:\/\/us.edu.pl\/wydzial\/wsne\/category\/rodzaj-zawartosci\/informacje\/\">informacje<\/a><a href=\"https:\/\/us.edu.pl\/wydzial\/wsne\/category\/wiadomosci\/\">Wiadomo\u015bci<\/a><a href=\"https:\/\/us.edu.pl\/wydzial\/wsne\/category\/wiadomosci\/wspolpraca-srodowisk-edukacyjnych\/\">Wsp\u00f3\u0142praca \u015brodowisk edukacyjnych<\/a>\r\n                    <\/div>    \r\n                <\/div>\r\n            <\/article>\r\n        \r\n            <article class=\"article-loop-post carousel-slide\">\r\n                <a href=\"https:\/\/us.edu.pl\/wydzial\/wsne\/2023\/05\/16\/wspolpraca-srodowisk-edukacyjnych-konferencja-metodyczno-naukowa\/\" class=\"article-loop-post__thumbnail thumbnail\"\r\n                    style=\"background-image: url(https:\/\/us.edu.pl\/wydzial\/wsne\/wp-content\/uploads\/sites\/20\/Bez-kategorii\/Wspolpraca-srodowisk-edukacyjnych-1.jpg)\">\r\n                    <span>wi\u0119cej<\/span>\r\n                <\/a>\r\n\r\n                <div class=\"article-loop-post__content\">\r\n                    <h3 class=\"article-loop-post__title\">\r\n                        <a href=\"https:\/\/us.edu.pl\/wydzial\/wsne\/2023\/05\/16\/wspolpraca-srodowisk-edukacyjnych-konferencja-metodyczno-naukowa\/\">Wsp\u00f3\u0142praca \u015brodowisk edukacyjnych &#8211; Konferencja metodyczno-naukowa<\/a>\r\n                    <\/h3>\r\n            \r\n                    <div class=\"article-loop-post__categories\">\r\n                        <a href=\"https:\/\/us.edu.pl\/wydzial\/wsne\/category\/rodzaj-zawartosci\/informacje\/\">informacje<\/a><a href=\"https:\/\/us.edu.pl\/wydzial\/wsne\/category\/wiadomosci\/\">Wiadomo\u015bci<\/a><a href=\"https:\/\/us.edu.pl\/wydzial\/wsne\/category\/wiadomosci\/wspolpraca-srodowisk-edukacyjnych\/\">Wsp\u00f3\u0142praca \u015brodowisk edukacyjnych<\/a>\r\n                    <\/div>    \r\n                <\/div>\r\n            <\/article>\r\n        \n\t\t\t\t\t\t\t\t<\/div>\n\t\t\t\t\t\t  <\/div>\n\t\t\t\t\t <\/div>\n\t\t\t\t\t <\/div>\n\t\t\t\t<\/div>[\/vc_column][\/vc_row]<\/p>","protected":false},"excerpt":{"rendered":"<p>[vc_row][vc_column][\/vc_column][\/vc_row] [&#8230;]<\/p>\n<p><a class=\"btn btn-secondary understrap-read-more-link\" href=\"https:\/\/us.edu.pl\/wydzial\/wsne\/2023\/05\/16\/wspolpraca-srodowisk-edukacyjnych-konferencja-metodyczno-naukowa\/\">Read More&#8230;<\/a><\/p>\n","protected":false},"author":110,"featured_media":0,"parent":0,"menu_order":0,"comment_status":"closed","ping_status":"closed","template":"","meta":{"_expiration-date-status":"","_expiration-date":0,"_expiration-date-type":"","_expiration-date-categories":[],"_expiration-date-options":[]},"acf":[],"_links":{"self":[{"href":"https:\/\/us.edu.pl\/wydzial\/wsne\/wp-json\/wp\/v2\/pages\/163334"}],"collection":[{"href":"https:\/\/us.edu.pl\/wydzial\/wsne\/wp-json\/wp\/v2\/pages"}],"about":[{"href":"https:\/\/us.edu.pl\/wydzial\/wsne\/wp-json\/wp\/v2\/types\/page"}],"author":[{"embeddable":true,"href":"https:\/\/us.edu.pl\/wydzial\/wsne\/wp-json\/wp\/v2\/users\/110"}],"replies":[{"embeddable":true,"href":"https:\/\/us.edu.pl\/wydzial\/wsne\/wp-json\/wp\/v2\/comments?post=163334"}],"version-history":[{"count":4,"href":"https:\/\/us.edu.pl\/wydzial\/wsne\/wp-json\/wp\/v2\/pages\/163334\/revisions"}],"predecessor-version":[{"id":163342,"href":"https:\/\/us.edu.pl\/wydzial\/wsne\/wp-json\/wp\/v2\/pages\/163334\/revisions\/163342"}],"wp:attachment":[{"href":"https:\/\/us.edu.pl\/wydzial\/wsne\/wp-json\/wp\/v2\/media?parent=163334"}],"curies":[{"name":"wp","href":"https:\/\/api.w.org\/{rel}","templated":true}]}}